Last updated on 2025-10-31 21:50:51 CET.
| Flavor | Version | Tinstall | Tcheck | Ttotal | Status | Flags | 
|---|---|---|---|---|---|---|
| r-devel-linux-x86_64-debian-clang | 2.6.30 | 105.04 | 50.67 | 155.71 | NOTE | |
| r-devel-linux-x86_64-debian-gcc | 2.6.30 | 80.56 | 38.38 | 118.94 | NOTE | |
| r-devel-linux-x86_64-fedora-clang | 2.6.30 | 235.00 | 79.72 | 314.72 | NOTE | |
| r-devel-linux-x86_64-fedora-gcc | 2.6.30 | 660.00 | -328.73 | 331.27 | NOTE | |
| r-patched-linux-x86_64 | 2.6.30 | 121.40 | 47.14 | 168.54 | NOTE | |
| r-release-linux-x86_64 | 2.6.30 | 118.20 | 46.83 | 165.03 | NOTE | |
| r-release-macos-arm64 | 2.6.30 | 46.00 | 52.00 | 98.00 | NOTE | |
| r-release-macos-x86_64 | 2.6.30 | 43.00 | 57.00 | 100.00 | OK | |
| r-oldrel-macos-arm64 | 2.6.30 | 40.00 | 31.00 | 71.00 | NOTE | |
| r-oldrel-macos-x86_64 | 2.6.30 | 34.00 | 48.00 | 82.00 | NOTE | 
Version: 2.6.30
Check: Rd files
Result: NOTE
  checkRd: (-1) emr_db.connect.Rd:99-103: Only 3 columns allowed in this table (row 1 has 2)
  checkRd: (-1) emr_db.connect.Rd:99-103: Only 3 columns allowed in this table (row 2 has 2)
  checkRd: (-1) emr_db.connect.Rd:99-103: Only 3 columns allowed in this table (row 3 has 2)
Flavors: r-devel-linux-x86_64-debian-clang, r-devel-linux-x86_64-debian-gcc, r-devel-linux-x86_64-fedora-clang, r-devel-linux-x86_64-fedora-gcc
Version: 2.6.30
Check: compiled code
Result: NOTE
  File ‘naryn/libs/naryn.so’:
    Found non-API call to R: ‘Rf_GetOption’
  
  Compiled code should not call non-API entry points in R.
  
  See ‘Writing portable packages’ in the ‘Writing R Extensions’ manual,
  and section ‘Moving into C API compliance’ for issues with the use of
  non-API entry points.
Flavors: r-devel-linux-x86_64-debian-clang, r-devel-linux-x86_64-debian-gcc, r-devel-linux-x86_64-fedora-clang, r-devel-linux-x86_64-fedora-gcc, r-patched-linux-x86_64, r-release-linux-x86_64, r-release-macos-arm64
Version: 2.6.30
Check: installed package size
Result: NOTE
    installed size is 11.1Mb
    sub-directories of 1Mb or more:
      libs  10.5Mb
Flavors: r-oldrel-macos-arm64, r-oldrel-macos-x86_64
These binaries (installable software) and packages are in development.
They may not be fully stable and should be used with caution. We make no claims about them.
Health stats visible at Monitor.