CRAN Package Check Results for Package nardl

Last updated on 2025-05-03 22:50:01 CEST.

Flavor Version Tinstall Tcheck Ttotal Status Flags
r-devel-linux-x86_64-debian-clang 0.1.6 5.46 35.58 41.04 NOTE
r-devel-linux-x86_64-debian-gcc 0.1.6 3.65 28.04 31.69 NOTE
r-devel-linux-x86_64-fedora-clang 0.1.6 64.92 NOTE
r-devel-linux-x86_64-fedora-gcc 0.1.6 66.35 NOTE
r-devel-windows-x86_64 0.1.6 8.00 54.00 62.00 NOTE
r-patched-linux-x86_64 0.1.6 5.89 34.25 40.14 NOTE
r-release-linux-x86_64 NOTE
r-release-macos-arm64 0.1.6 25.00 NOTE
r-release-macos-x86_64 0.1.6 43.00 NOTE
r-release-windows-x86_64 0.1.6 7.00 53.00 60.00 NOTE
r-oldrel-macos-arm64 0.1.6 23.00 NOTE
r-oldrel-macos-x86_64 0.1.6 31.00 NOTE
r-oldrel-windows-x86_64 0.1.6 9.00 61.00 70.00 NOTE

Check Details

Version: 0.1.6
Check: CRAN incoming feasibility
Result: NOTE Maintainer: ‘Taha Zaghdoudi <zedtaha@gmail.com>’ No Authors@R field in DESCRIPTION. Please add one, modifying Authors@R: person(given = "Taha", family = "Zaghdoudi", role = c("aut", "cre"), email = "zedtaha@gmail.com") as necessary. Flavors: r-devel-linux-x86_64-debian-clang, r-devel-linux-x86_64-debian-gcc

Version: 0.1.6
Check: Rd files
Result: NOTE checkRd: (-1) fod.Rd:12: Lost braces in \itemize; meant \describe ? checkRd: (-1) fod.Rd:13: Lost braces in \itemize; meant \describe ? checkRd: (-1) fod.Rd:14: Lost braces in \itemize; meant \describe ? Flavors: r-devel-linux-x86_64-debian-clang, r-devel-linux-x86_64-debian-gcc, r-devel-linux-x86_64-fedora-clang, r-devel-linux-x86_64-fedora-gcc, r-devel-windows-x86_64, r-patched-linux-x86_64, r-release-linux-x86_64, r-release-macos-arm64, r-release-macos-x86_64, r-release-windows-x86_64, r-oldrel-macos-arm64, r-oldrel-macos-x86_64, r-oldrel-windows-x86_64

These binaries (installable software) and packages are in development.
They may not be fully stable and should be used with caution. We make no claims about them.
Health stats visible at Monitor.