Last updated on 2025-02-23 19:51:13 CET.
Flavor | Version | Tinstall | Tcheck | Ttotal | Status | Flags |
---|---|---|---|---|---|---|
r-devel-linux-x86_64-debian-clang | 1.0.5 | 8.06 | 66.96 | 75.02 | NOTE | |
r-devel-linux-x86_64-debian-gcc | 1.0.5 | 6.06 | 51.33 | 57.39 | NOTE | |
r-devel-linux-x86_64-fedora-clang | 1.0.5 | 116.70 | NOTE | |||
r-devel-linux-x86_64-fedora-gcc | 1.0.5 | 114.36 | NOTE | |||
r-devel-macos-arm64 | 1.0.5 | 40.00 | NOTE | |||
r-devel-macos-x86_64 | 1.0.5 | 72.00 | NOTE | |||
r-devel-windows-x86_64 | 1.0.5 | 9.00 | 81.00 | 90.00 | NOTE | |
r-patched-linux-x86_64 | 1.0.5 | 6.01 | 64.30 | 70.31 | NOTE | |
r-release-linux-x86_64 | 1.0.5 | 6.38 | 64.18 | 70.56 | NOTE | |
r-release-macos-arm64 | 1.0.5 | 39.00 | NOTE | |||
r-release-macos-x86_64 | 1.0.5 | 54.00 | NOTE | |||
r-release-windows-x86_64 | 1.0.5 | 10.00 | 82.00 | 92.00 | NOTE | |
r-oldrel-macos-arm64 | 1.0.5 | 41.00 | OK | |||
r-oldrel-macos-x86_64 | 1.0.5 | 66.00 | OK | |||
r-oldrel-windows-x86_64 | 1.0.5 | 11.00 | 102.00 | 113.00 | OK |
Version: 1.0.5
Check: Rd files
Result: NOTE
checkRd: (-1) DSIVdata.Rd:15-23: Lost braces
15 | for(i in 1:50){
| ^
checkRd: (-1) DSIVdata.Rd:17-21: Lost braces
17 | for(j in 1:50){
| ^
checkRd: (-1) DSIVdata.Rd:31-39: Lost braces
31 | for(i in 1:20){
| ^
checkRd: (-1) DSIVdata.Rd:33-37: Lost braces
33 | for(j in 1:20){
| ^
checkRd: (-1) DSLIVEdata.Rd:10-18: Lost braces
10 | for(i in 1:200){
| ^
checkRd: (-1) DSLIVEdata.Rd:12-16: Lost braces
12 | for(j in 1:200){
| ^
checkRd: (-1) DSLIVEdata.Rd:26-34: Lost braces
26 | for(i in 1:20){
| ^
checkRd: (-1) DSLIVEdata.Rd:28-32: Lost braces
28 | for(j in 1:20){
| ^
checkRd: (-1) DSLIVEdata.Rd:50-54: Lost braces
50 | for(kk in 1:length(p)){
| ^
Flavors: r-devel-linux-x86_64-debian-clang, r-devel-linux-x86_64-debian-gcc, r-devel-linux-x86_64-fedora-clang, r-devel-linux-x86_64-fedora-gcc, r-devel-macos-arm64, r-devel-macos-x86_64, r-devel-windows-x86_64, r-patched-linux-x86_64, r-release-linux-x86_64, r-release-macos-arm64, r-release-macos-x86_64, r-release-windows-x86_64
These binaries (installable software) and packages are in development.
They may not be fully stable and should be used with caution. We make no claims about them.
Health stats visible at Monitor.