CRAN Package Check Results for Package mvbutils

Last updated on 2025-05-03 22:50:01 CEST.

Flavor Version Tinstall Tcheck Ttotal Status Flags
r-devel-linux-x86_64-debian-clang 2.8.232 3.58 87.32 90.90 NOTE
r-devel-linux-x86_64-debian-gcc 2.8.232 2.85 57.37 60.22 NOTE
r-devel-linux-x86_64-fedora-clang 2.8.232 147.26 OK
r-devel-linux-x86_64-fedora-gcc 2.8.232 152.76 OK
r-devel-windows-x86_64 2.8.232 5.00 109.00 114.00 OK
r-patched-linux-x86_64 2.8.232 5.02 84.62 89.64 OK
r-release-linux-x86_64 OK
r-release-macos-arm64 2.8.232 66.00 OK
r-release-macos-x86_64 2.8.232 157.00 OK
r-release-windows-x86_64 2.8.232 7.00 111.00 118.00 OK
r-oldrel-macos-arm64 2.8.232 55.00 OK
r-oldrel-macos-x86_64 2.8.232 115.00 OK
r-oldrel-windows-x86_64 2.8.232 5.00 101.00 106.00 OK

Check Details

Version: 2.8.232
Check: CRAN incoming feasibility
Result: NOTE Maintainer: ‘Mark V. Bravington <mark.bravington@csiro.au>’ No Authors@R field in DESCRIPTION. Please add one, modifying Authors@R: person(given = c("Mark", "V."), family = "Bravington", role = c("aut", "cre"), email = "mark.bravington@csiro.au") as necessary. Flavors: r-devel-linux-x86_64-debian-clang, r-devel-linux-x86_64-debian-gcc

These binaries (installable software) and packages are in development.
They may not be fully stable and should be used with caution. We make no claims about them.
Health stats visible at Monitor.