CRAN Package Check Results for Package musclesyneRgies

Last updated on 2025-05-17 15:50:49 CEST.

Flavor Version Tinstall Tcheck Ttotal Status Flags
r-devel-linux-x86_64-debian-clang 1.2.5 4.22 123.42 127.64 NOTE
r-devel-linux-x86_64-debian-gcc 1.2.5 2.94 84.74 87.68 NOTE
r-devel-linux-x86_64-fedora-clang 1.2.5 206.58 OK
r-devel-linux-x86_64-fedora-gcc 1.2.5 212.46 OK
r-devel-windows-x86_64 1.2.5 6.00 140.00 146.00 OK
r-patched-linux-x86_64 1.2.5 4.60 118.26 122.86 OK
r-release-linux-x86_64 1.2.5 4.17 118.36 122.53 OK
r-release-macos-arm64 1.2.5 127.00 OK
r-release-macos-x86_64 1.2.5 130.00 OK
r-release-windows-x86_64 1.2.5 7.00 137.00 144.00 OK
r-oldrel-macos-arm64 1.2.5 71.00 OK
r-oldrel-macos-x86_64 1.2.5 105.00 OK
r-oldrel-windows-x86_64 1.2.5 8.00 176.00 184.00 OK

Check Details

Version: 1.2.5
Check: CRAN incoming feasibility
Result: NOTE Maintainer: ‘Alessandro Santuz <alessandro.santuz@gmail.com>’ Package CITATION file contains call(s) to old-style citEntry(). Please use bibentry() instead. Flavors: r-devel-linux-x86_64-debian-clang, r-devel-linux-x86_64-debian-gcc

These binaries (installable software) and packages are in development.
They may not be fully stable and should be used with caution. We make no claims about them.
Health stats visible at Monitor.