Last updated on 2025-02-23 15:49:51 CET.
Flavor | Version | Tinstall | Tcheck | Ttotal | Status | Flags |
---|---|---|---|---|---|---|
r-devel-linux-x86_64-debian-clang | 2.1-1 | 12.29 | 153.52 | 165.81 | NOTE | |
r-devel-linux-x86_64-debian-gcc | 2.1-1 | 9.30 | 107.61 | 116.91 | NOTE | |
r-devel-linux-x86_64-fedora-clang | 2.1-1 | 262.67 | NOTE | |||
r-devel-linux-x86_64-fedora-gcc | 2.1-1 | 268.65 | NOTE | |||
r-devel-macos-arm64 | 2.1-1 | 78.00 | NOTE | |||
r-devel-macos-x86_64 | 2.1-1 | 153.00 | NOTE | |||
r-devel-windows-x86_64 | 2.1-1 | 14.00 | 167.00 | 181.00 | NOTE | |
r-patched-linux-x86_64 | 2.1-1 | 12.62 | 148.12 | 160.74 | NOTE | |
r-release-linux-x86_64 | 2.1-1 | 12.80 | 145.67 | 158.47 | NOTE | |
r-release-macos-arm64 | 2.1-1 | 85.00 | NOTE | |||
r-release-macos-x86_64 | 2.1-1 | 180.00 | NOTE | |||
r-release-windows-x86_64 | 2.1-1 | 15.00 | 163.00 | 178.00 | NOTE | |
r-oldrel-macos-arm64 | 2.1-1 | 82.00 | OK | |||
r-oldrel-macos-x86_64 | 2.1-1 | 146.00 | OK | |||
r-oldrel-windows-x86_64 | 2.1-1 | 20.00 | 198.00 | 218.00 | OK |
Version: 2.1-1
Check: Rd files
Result: NOTE
checkRd: (-1) biomasse.Rd:30: Lost braces
30 | Makowski, D., Jeuffroy, M.-H., Gu\'{e}rif, M., 2004 Bayesian methods for
| ^
checkRd: (-1) climat.Rd:20: Lost braces
20 | Makowski, D., Jeuffroy, M.-H., Gu\'{e}rif, M., 2004 Bayesian methods for
| ^
checkRd: (-1) simulmodel.Rd:15: Lost braces
15 | \item{\dots}{... }{possible fixed parameters of the R-function}
| ^
Flavors: r-devel-linux-x86_64-debian-clang, r-devel-linux-x86_64-debian-gcc, r-devel-linux-x86_64-fedora-clang, r-devel-linux-x86_64-fedora-gcc, r-devel-macos-arm64, r-devel-macos-x86_64, r-devel-windows-x86_64, r-patched-linux-x86_64, r-release-linux-x86_64, r-release-macos-arm64, r-release-macos-x86_64, r-release-windows-x86_64
These binaries (installable software) and packages are in development.
They may not be fully stable and should be used with caution. We make no claims about them.
Health stats visible at Monitor.