Last updated on 2025-02-23 15:49:51 CET.
Flavor | Version | Tinstall | Tcheck | Ttotal | Status | Flags |
---|---|---|---|---|---|---|
r-devel-linux-x86_64-debian-clang | 3.9 | 20.80 | 98.26 | 119.06 | OK | |
r-devel-linux-x86_64-debian-gcc | 3.9 | 13.71 | 59.99 | 73.70 | NOTE | |
r-devel-linux-x86_64-fedora-clang | 3.9 | 198.50 | OK | |||
r-devel-linux-x86_64-fedora-gcc | 3.9 | 198.45 | OK | |||
r-devel-macos-arm64 | 3.9 | 49.00 | OK | |||
r-devel-macos-x86_64 | 3.9 | 145.00 | OK | |||
r-devel-windows-x86_64 | 3.9 | 19.00 | 116.00 | 135.00 | OK | |
r-patched-linux-x86_64 | 3.9 | 22.50 | 91.34 | 113.84 | OK | |
r-release-linux-x86_64 | 3.9 | 19.55 | 92.56 | 112.11 | OK | |
r-release-macos-arm64 | 3.9 | 54.00 | OK | |||
r-release-macos-x86_64 | 3.9 | 129.00 | OK | |||
r-release-windows-x86_64 | 3.9 | 17.00 | 111.00 | 128.00 | OK | |
r-oldrel-macos-arm64 | 3.8-3 | 53.00 | OK | |||
r-oldrel-macos-x86_64 | 3.9 | 160.00 | OK | |||
r-oldrel-windows-x86_64 | 3.9 | 18.00 | 137.00 | 155.00 | OK |
Version: 3.9
Check: re-building of vignette outputs
Result: NOTE
Note: skipping ‘TwoModeNetworks.Rnw’ due to unavailable dependencies:
'Rgraphviz'
Flavor: r-devel-linux-x86_64-debian-gcc
These binaries (installable software) and packages are in development.
They may not be fully stable and should be used with caution. We make no claims about them.
Health stats visible at Monitor.