Last updated on 2024-05-02 11:51:28 CEST.
Flavor | Version | Tinstall | Tcheck | Ttotal | Status | Flags |
---|---|---|---|---|---|---|
r-devel-linux-x86_64-debian-clang | 0.6.1 | 2000.33 | 547.49 | 2547.82 | NOTE | |
r-devel-linux-x86_64-debian-gcc | 0.6.1 | 1763.11 | 499.00 | 2262.11 | NOTE | |
r-devel-linux-x86_64-fedora-clang | 0.6.1 | 2966.09 | NOTE | |||
r-devel-linux-x86_64-fedora-gcc | 0.6.1 | 4015.71 | NOTE | |||
r-devel-windows-x86_64 | 0.6.1 | 1354.00 | 513.00 | 1867.00 | NOTE | |
r-patched-linux-x86_64 | 0.6.1 | 0.01 | 3.63 | 3.64 | ERROR | |
r-release-linux-x86_64 | 0.6.1 | 1714.51 | 646.59 | 2361.10 | NOTE | |
r-release-macos-arm64 | 0.6.1 | 754.00 | NOTE | |||
r-release-macos-x86_64 | 0.6.1 | 779.00 | NOTE | |||
r-release-windows-x86_64 | 0.6.1 | 1365.00 | 509.00 | 1874.00 | NOTE | |
r-oldrel-macos-arm64 | 0.6.1 | 742.00 | NOTE | |||
r-oldrel-macos-x86_64 | 0.6.1 | 769.00 | NOTE | |||
r-oldrel-windows-x86_64 | 0.6.1 | 1829.00 | 682.00 | 2511.00 | NOTE |
Version: 0.6.1
Check: for GNU extensions in Makefiles
Result: NOTE
GNU make is a SystemRequirements.
Flavors: r-devel-linux-x86_64-debian-clang, r-devel-linux-x86_64-debian-gcc, r-devel-linux-x86_64-fedora-clang, r-devel-linux-x86_64-fedora-gcc, r-devel-windows-x86_64, r-release-linux-x86_64, r-release-macos-arm64, r-release-macos-x86_64, r-release-windows-x86_64, r-oldrel-macos-arm64, r-oldrel-macos-x86_64, r-oldrel-windows-x86_64
Version: 0.6.1
Check: package dependencies
Result: NOTE
Imports includes 23 non-default packages.
Importing from so many packages makes the package vulnerable to any of
them becoming unavailable. Move as many as possible to Suggests and
use conditionally.
Flavor: r-devel-linux-x86_64-fedora-clang
Version: 0.6.1
Check: installed package size
Result: NOTE
installed size is 24.8Mb
sub-directories of 1Mb or more:
R 1.2Mb
doc 4.4Mb
libs 18.5Mb
Flavors: r-devel-linux-x86_64-fedora-clang, r-devel-windows-x86_64, r-release-macos-arm64, r-release-macos-x86_64, r-release-windows-x86_64, r-oldrel-macos-arm64, r-oldrel-macos-x86_64, r-oldrel-windows-x86_64
Version: 0.6.1
Check: whether package can be installed
Result: ERROR
Installation failed.
Flavor: r-patched-linux-x86_64
These binaries (installable software) and packages are in development.
They may not be fully stable and should be used with caution. We make no claims about them.
Health stats visible at Monitor.