CRAN Package Check Results for Package multinet

Last updated on 2025-02-23 19:51:13 CET.

Flavor Version Tinstall Tcheck Ttotal Status Flags
r-devel-linux-x86_64-debian-clang 4.2.1 605.43 50.56 655.99 OK
r-devel-linux-x86_64-debian-gcc 4.2.1 571.10 38.23 609.33 OK
r-devel-linux-x86_64-fedora-clang 4.2.1 1447.80 WARN
r-devel-linux-x86_64-fedora-gcc 4.2.1 1577.43 OK
r-devel-macos-arm64 4.2.1 302.00 OK
r-devel-macos-x86_64 4.2.1 255.00 OK
r-devel-windows-x86_64 4.2.1 782.00 121.00 903.00 OK
r-patched-linux-x86_64 4.2.1 748.84 47.89 796.73 OK
r-release-linux-x86_64 4.2.1 771.08 47.83 818.91 OK
r-release-macos-arm64 4.2.1 331.00 NOTE
r-release-macos-x86_64 4.2.1 210.00 NOTE
r-release-windows-x86_64 4.2.1 800.00 128.00 928.00 OK
r-oldrel-macos-arm64 4.2.1 318.00 NOTE
r-oldrel-macos-x86_64 4.2.1 235.00 NOTE
r-oldrel-windows-x86_64 4.2.1 941.00 147.00 1088.00 OK

Check Details

Version: 4.2.1
Check: whether package can be installed
Result: WARN Found the following significant warnings: src/core/attributes/date.hpp:1189:13: warning: identifier '_d' preceded by whitespace in a literal operator declaration is deprecated [-Wdeprecated-literal-operator] src/core/attributes/date.hpp:1191:13: warning: identifier '_y' preceded by whitespace in a literal operator declaration is deprecated [-Wdeprecated-literal-operator] src/core/attributes/date.hpp:2195:13: warning: identifier '_d' preceded by whitespace in a literal operator declaration is deprecated [-Wdeprecated-literal-operator] src/core/attributes/date.hpp:2203:13: warning: identifier '_y' preceded by whitespace in a literal operator declaration is deprecated [-Wdeprecated-literal-operator] See ‘/data/gannet/ripley/R/packages/tests-clang/multinet.Rcheck/00install.out’ for details. * used C++ compiler: ‘clang version 20.1.0-rc2’ Flavor: r-devel-linux-x86_64-fedora-clang

Version: 4.2.1
Check: installed package size
Result: NOTE installed size is 98.0Mb sub-directories of 1Mb or more: libs 97.7Mb Flavors: r-release-macos-arm64, r-release-macos-x86_64, r-oldrel-macos-arm64, r-oldrel-macos-x86_64

These binaries (installable software) and packages are in development.
They may not be fully stable and should be used with caution. We make no claims about them.
Health stats visible at Monitor.