Last updated on 2024-05-02 06:11:55 CEST.
Flavor | Version | Tinstall | Tcheck | Ttotal | Status | Flags |
---|---|---|---|---|---|---|
r-devel-linux-x86_64-debian-clang | 4.1.2 | 741.32 | 57.89 | 799.21 | NOTE | |
r-devel-linux-x86_64-debian-gcc | 4.1.2 | 812.52 | 42.51 | 855.03 | NOTE | |
r-devel-linux-x86_64-fedora-clang | 4.1.2 | 1313.97 | NOTE | |||
r-devel-linux-x86_64-fedora-gcc | 4.1.2 | 1568.79 | NOTE | |||
r-devel-windows-x86_64 | 4.1.2 | 696.00 | 117.00 | 813.00 | NOTE | |
r-patched-linux-x86_64 | 4.1.2 | 965.82 | 54.23 | 1020.05 | NOTE | |
r-release-linux-x86_64 | 4.1.2 | 955.11 | 54.49 | 1009.60 | NOTE | |
r-release-macos-arm64 | 4.1.2 | 264.00 | NOTE | |||
r-release-windows-x86_64 | 4.1.2 | 703.00 | 122.00 | 825.00 | NOTE | |
r-oldrel-macos-arm64 | 4.1.2 | 355.00 | NOTE | |||
r-oldrel-macos-x86_64 | 4.1.2 | 595.00 | NOTE | |||
r-oldrel-windows-x86_64 | 4.1.2 | 854.00 | 140.00 | 994.00 | NOTE |
Version: 4.1.2
Check: C++ specification
Result: NOTE
Specified C++14: please drop specification unless essential
Flavors: r-devel-linux-x86_64-debian-clang, r-devel-linux-x86_64-debian-gcc, r-devel-linux-x86_64-fedora-clang, r-devel-linux-x86_64-fedora-gcc, r-devel-windows-x86_64, r-patched-linux-x86_64, r-release-linux-x86_64, r-release-macos-arm64, r-release-windows-x86_64, r-oldrel-macos-arm64, r-oldrel-macos-x86_64, r-oldrel-windows-x86_64
Version: 4.1.2
Check: Rd files
Result: NOTE
checkRd: (-1) LayerMeasures.Rd:24: Lost braces in \itemize; meant \describe ?
checkRd: (-1) LayerMeasures.Rd:25: Lost braces in \itemize; meant \describe ?
checkRd: (-1) LayerMeasures.Rd:26: Lost braces in \itemize; meant \describe ?
checkRd: (-1) Plot.Rd:38: Lost braces; missing escapes or markup?
38 | \item{vertex.shape}{Symbol to use for nodes, corresponding to the parameter {pch} of the R \code{points} function. This can either
| ^
Flavors: r-devel-linux-x86_64-debian-clang, r-devel-linux-x86_64-debian-gcc, r-devel-linux-x86_64-fedora-clang, r-devel-linux-x86_64-fedora-gcc, r-devel-windows-x86_64, r-patched-linux-x86_64, r-release-linux-x86_64, r-release-macos-arm64, r-release-windows-x86_64
Version: 4.1.2
Check: installed package size
Result: NOTE
installed size is 85.6Mb
sub-directories of 1Mb or more:
libs 85.4Mb
Flavors: r-release-macos-arm64, r-oldrel-macos-arm64, r-oldrel-macos-x86_64
These binaries (installable software) and packages are in development.
They may not be fully stable and should be used with caution. We make no claims about them.
Health stats visible at Monitor.