Last updated on 2025-05-15 07:49:45 CEST.
Flavor | Version | Tinstall | Tcheck | Ttotal | Status | Flags |
---|---|---|---|---|---|---|
r-devel-linux-x86_64-debian-clang | 1.5 | 10.64 | 78.04 | 88.68 | NOTE | |
r-devel-linux-x86_64-debian-gcc | 1.5 | 7.53 | 57.97 | 65.50 | NOTE | |
r-devel-linux-x86_64-fedora-clang | 1.5 | 150.39 | OK | |||
r-devel-linux-x86_64-fedora-gcc | 1.5 | 145.69 | OK | |||
r-devel-windows-x86_64 | 1.5 | 15.00 | 99.00 | 114.00 | OK | |
r-patched-linux-x86_64 | 1.5 | 11.05 | 76.14 | 87.19 | OK | |
r-release-linux-x86_64 | 1.5 | 11.43 | 76.13 | 87.56 | OK | |
r-release-macos-arm64 | 1.5 | OK | ||||
r-release-macos-x86_64 | 1.5 | 80.00 | OK | |||
r-release-windows-x86_64 | 1.5 | 15.00 | 101.00 | 116.00 | OK | |
r-oldrel-macos-arm64 | 1.5 | 43.00 | OK | |||
r-oldrel-macos-x86_64 | 1.5 | 64.00 | OK | |||
r-oldrel-windows-x86_64 | 1.5 | 18.00 | 122.00 | 140.00 | OK |
Version: 1.5
Check: CRAN incoming feasibility
Result: NOTE
Maintainer: ‘Jose Ameijeiras-Alonso <jose.ameijeiras@usc.es>’
No Authors@R field in DESCRIPTION.
Please add one, modifying
Authors@R: c(person(given = "Jose",
family = "Ameijeiras-Alonso",
role = c("aut", "cre"),
email = "jose.ameijeiras@usc.es"),
person(given = c("Rosa", "M."),
family = "Crujeiras",
role = "aut"),
person(given = "Alberto",
family = "Rodríguez-Casal",
role = "aut"),
person(given = c("The", "R", "Core", "Team"),
family = "1996-2012",
role = c("ctb", "cph"),
comment = "C function 'BinDist2' obtained from package 'stats'"),
person(given = c("The", "R", "Foundation"),
family = "2005",
role = c("ctb", "cph"),
comment = "C function 'BinDist2' obtained from package 'stats'"))
as necessary.
Flavors: r-devel-linux-x86_64-debian-clang, r-devel-linux-x86_64-debian-gcc
These binaries (installable software) and packages are in development.
They may not be fully stable and should be used with caution. We make no claims about them.
Health stats visible at Monitor.