Last updated on 2025-05-03 22:50:01 CEST.
Flavor | Version | Tinstall | Tcheck | Ttotal | Status | Flags |
---|---|---|---|---|---|---|
r-devel-linux-x86_64-debian-clang | 0.1.0 | 9.45 | 72.76 | 82.21 | NOTE | |
r-devel-linux-x86_64-debian-gcc | 0.1.0 | 6.10 | 55.81 | 61.91 | NOTE | |
r-devel-linux-x86_64-fedora-clang | 0.1.0 | 133.44 | OK | |||
r-devel-linux-x86_64-fedora-gcc | 0.1.0 | 121.66 | OK | |||
r-devel-windows-x86_64 | 0.1.0 | 10.00 | 92.00 | 102.00 | OK | |
r-patched-linux-x86_64 | 0.1.0 | 9.52 | 70.92 | 80.44 | OK | |
r-release-linux-x86_64 | OK | |||||
r-release-macos-arm64 | 0.1.0 | 40.00 | OK | |||
r-release-macos-x86_64 | 0.1.0 | 89.00 | OK | |||
r-release-windows-x86_64 | 0.1.0 | 10.00 | 83.00 | 93.00 | OK | |
r-oldrel-macos-arm64 | 0.1.0 | 49.00 | OK | |||
r-oldrel-macos-x86_64 | 0.1.0 | 64.00 | OK | |||
r-oldrel-windows-x86_64 | 0.1.0 | 12.00 | 100.00 | 112.00 | OK |
Version: 0.1.0
Check: CRAN incoming feasibility
Result: NOTE
Maintainer: ‘Lukasz Smaga <ls@amu.edu.pl>’
The Description field contains
data (Munko et al., 2023, <arXiv:2306.15259>). These procedures enable
Please refer to arXiv e-prints via their arXiv DOI <doi:10.48550/arXiv.YYMM.NNNNN>.
Flavors: r-devel-linux-x86_64-debian-clang, r-devel-linux-x86_64-debian-gcc
These binaries (installable software) and packages are in development.
They may not be fully stable and should be used with caution. We make no claims about them.
Health stats visible at Monitor.