Last updated on 2025-02-23 19:51:13 CET.
Flavor | Version | Tinstall | Tcheck | Ttotal | Status | Flags |
---|---|---|---|---|---|---|
r-devel-linux-x86_64-debian-clang | 1.4-28 | 9.86 | 141.18 | 151.04 | OK | |
r-devel-linux-x86_64-debian-gcc | 1.4-28 | 6.62 | 103.73 | 110.35 | OK | |
r-devel-linux-x86_64-fedora-clang | 1.4-28 | 249.58 | NOTE | |||
r-devel-linux-x86_64-fedora-gcc | 1.4-28 | 263.71 | NOTE | |||
r-devel-macos-arm64 | 1.4-28 | 70.00 | OK | |||
r-devel-macos-x86_64 | 1.4-28 | 195.00 | OK | |||
r-devel-windows-x86_64 | 1.4-28 | 11.00 | 221.00 | 232.00 | OK | |
r-patched-linux-x86_64 | 1.4-28 | 9.46 | 133.59 | 143.05 | OK | |
r-release-linux-x86_64 | 1.4-28 | 8.42 | 133.97 | 142.39 | OK | |
r-release-macos-arm64 | 1.4-28 | 98.00 | OK | |||
r-release-macos-x86_64 | 1.4-28 | 223.00 | OK | |||
r-release-windows-x86_64 | 1.4-28 | 10.00 | 221.00 | 231.00 | OK | |
r-oldrel-macos-arm64 | 1.4-26 | 121.00 | OK | |||
r-oldrel-macos-x86_64 | 1.4-28 | 162.00 | OK | |||
r-oldrel-windows-x86_64 | 1.4-28 | 13.00 | 252.00 | 265.00 | OK |
Version: 1.4-28
Check: differences from ‘multcomp-Ex.Rout’ to ‘multcomp-Ex.Rout.save’
Result: NOTE
1585,1588d1584
< Warning in optwrap(optimizer, devfun, getStart(start, rho$pp), lower = rho$lower, :
< convergence code -2 from nloptwrap: NLOPT_INVALID_ARGS: Invalid arguments (e.g. lower bounds are bigger than upper bounds, an unknown algorithm was specified, etcetera).
< Warning in checkConv(attr(opt, "derivs"), opt$par, ctrl = control$checkConv, :
< Model failed to converge with max|grad| = 1.60567 (tol = 0.002, component 1)
Flavors: r-devel-linux-x86_64-fedora-clang, r-devel-linux-x86_64-fedora-gcc
Version: 1.4-28
Check: tests
Result: NOTE
Running ‘bugfix.R’ [5s/10s]
Comparing ‘bugfix.Rout’ to ‘bugfix.Rout.save’ ... OK
Running ‘regtest-Tukey.R’
Comparing ‘regtest-Tukey.Rout’ to ‘regtest-Tukey.Rout.save’ ... OK
Running ‘regtest-anova.R’
Comparing ‘regtest-anova.Rout’ to ‘regtest-anova.Rout.save’ ... OK
Running ‘regtest-fixest.R’
Running ‘regtest-interface-extended.R’
Comparing ‘regtest-interface-extended.Rout’ to ‘regtest-interface-extended.Rout.save’ ... OK
Running ‘regtest-interface.R’
Comparing ‘regtest-interface.Rout’ to ‘regtest-interface.Rout.save’ ... OK
Running ‘regtest-lme.R’
Comparing ‘regtest-lme.Rout’ to ‘regtest-lme.Rout.save’ ...59c59
< 1 53.53 3 1.416e-11
---
> 1 67.07 3 1.812e-14
67,71d66
< Warning messages:
< 1: In optwrap(optimizer, devfun, getStart(start, rho$pp), lower = rho$lower, :
< convergence code -2 from nloptwrap: NLOPT_INVALID_ARGS: Invalid arguments (e.g. lower bounds are bigger than upper bounds, an unknown algorithm was specified, etcetera).
< 2: In checkConv(attr(opt, "derivs"), opt$par, ctrl = control$checkConv, :
< Model failed to converge with max|grad| = 1.60567 (tol = 0.002, component 1)
Running ‘regtest-mmm.R’
Comparing ‘regtest-mmm.Rout’ to ‘regtest-mmm.Rout.save’ ... OK
Running ‘regtest-survival.R’
Comparing ‘regtest-survival.Rout’ to ‘regtest-survival.Rout.save’ ... OK
Flavor: r-devel-linux-x86_64-fedora-clang
Version: 1.4-28
Check: tests
Result: NOTE
Running ‘bugfix.R’ [5s/12s]
Comparing ‘bugfix.Rout’ to ‘bugfix.Rout.save’ ... OK
Running ‘regtest-Tukey.R’
Comparing ‘regtest-Tukey.Rout’ to ‘regtest-Tukey.Rout.save’ ... OK
Running ‘regtest-anova.R’
Comparing ‘regtest-anova.Rout’ to ‘regtest-anova.Rout.save’ ... OK
Running ‘regtest-fixest.R’
Running ‘regtest-interface-extended.R’
Comparing ‘regtest-interface-extended.Rout’ to ‘regtest-interface-extended.Rout.save’ ... OK
Running ‘regtest-interface.R’
Comparing ‘regtest-interface.Rout’ to ‘regtest-interface.Rout.save’ ... OK
Running ‘regtest-lme.R’
Comparing ‘regtest-lme.Rout’ to ‘regtest-lme.Rout.save’ ...59c59
< 1 53.53 3 1.416e-11
---
> 1 67.07 3 1.812e-14
67,71d66
< Warning messages:
< 1: In optwrap(optimizer, devfun, getStart(start, rho$pp), lower = rho$lower, :
< convergence code -2 from nloptwrap: NLOPT_INVALID_ARGS: Invalid arguments (e.g. lower bounds are bigger than upper bounds, an unknown algorithm was specified, etcetera).
< 2: In checkConv(attr(opt, "derivs"), opt$par, ctrl = control$checkConv, :
< Model failed to converge with max|grad| = 1.60567 (tol = 0.002, component 1)
Running ‘regtest-mmm.R’
Comparing ‘regtest-mmm.Rout’ to ‘regtest-mmm.Rout.save’ ... OK
Running ‘regtest-survival.R’
Comparing ‘regtest-survival.Rout’ to ‘regtest-survival.Rout.save’ ... OK
Flavor: r-devel-linux-x86_64-fedora-gcc
These binaries (installable software) and packages are in development.
They may not be fully stable and should be used with caution. We make no claims about them.
Health stats visible at Monitor.