CRAN Package Check Results for Package mt

Last updated on 2025-02-23 19:51:13 CET.

Flavor Version Tinstall Tcheck Ttotal Status Flags
r-devel-linux-x86_64-debian-clang 2.0-1.20 8.94 159.64 168.58 NOTE
r-devel-linux-x86_64-debian-gcc 2.0-1.20 5.50 113.94 119.44 NOTE
r-devel-linux-x86_64-fedora-clang 2.0-1.20 274.11 OK
r-devel-linux-x86_64-fedora-gcc 2.0-1.20 257.89 OK
r-devel-macos-arm64 2.0-1.20 75.00 OK
r-devel-macos-x86_64 2.0-1.20 154.00 OK
r-devel-windows-x86_64 2.0-1.20 10.00 179.00 189.00 NOTE
r-patched-linux-x86_64 2.0-1.20 11.16 146.92 158.08 OK
r-release-linux-x86_64 2.0-1.20 8.95 154.56 163.51 OK
r-release-macos-arm64 2.0-1.20 74.00 OK
r-release-macos-x86_64 2.0-1.20 124.00 OK
r-release-windows-x86_64 2.0-1.20 10.00 179.00 189.00 OK
r-oldrel-macos-arm64 2.0-1.20 83.00 OK
r-oldrel-macos-x86_64 2.0-1.20 213.00 OK
r-oldrel-windows-x86_64 2.0-1.20 13.00 214.00 227.00 OK

Check Details

Version: 2.0-1.20
Check: Rd cross-references
Result: NOTE Found the following Rd file(s) with Rd \link{} targets missing package anchors: cor.util.Rd: xyplot data.visualisation.Rd: xyplot grpplot.Rd: xyplot mdsplot.Rd: xyplot panel.elli.Rd: xyplot, panel.ellipse panel.smooth.line.Rd: xyplot pcaplot.Rd: xyplot plot.pcalda.Rd: xyplot plot.plsc.Rd: xyplot Please provide package anchors for all Rd \link{} targets not in the package itself and the base packages. Flavors: r-devel-linux-x86_64-debian-clang, r-devel-linux-x86_64-debian-gcc, r-devel-windows-x86_64

These binaries (installable software) and packages are in development.
They may not be fully stable and should be used with caution. We make no claims about them.
Health stats visible at Monitor.