Last updated on 2025-05-11 21:50:14 CEST.
Flavor | Version | Tinstall | Tcheck | Ttotal | Status | Flags |
---|---|---|---|---|---|---|
r-devel-linux-x86_64-debian-clang | 0.0.1 | 1.90 | 19.82 | 21.72 | NOTE | |
r-devel-linux-x86_64-debian-gcc | 0.0.1 | 1.42 | 15.94 | 17.36 | NOTE | |
r-devel-linux-x86_64-fedora-clang | 0.0.1 | 33.51 | NOTE | |||
r-devel-linux-x86_64-fedora-gcc | 0.0.1 | 31.75 | NOTE | |||
r-devel-windows-x86_64 | 0.0.1 | 2.00 | 43.00 | 45.00 | NOTE | |
r-patched-linux-x86_64 | 0.0.1 | 2.05 | 19.07 | 21.12 | NOTE | |
r-release-linux-x86_64 | 0.0.1 | 1.80 | 19.12 | 20.92 | NOTE | |
r-release-macos-arm64 | 0.0.1 | 17.00 | NOTE | |||
r-release-macos-x86_64 | 0.0.1 | 31.00 | NOTE | |||
r-release-windows-x86_64 | 0.0.1 | 4.00 | 45.00 | 49.00 | NOTE | |
r-oldrel-macos-arm64 | 0.0.1 | 15.00 | NOTE | |||
r-oldrel-macos-x86_64 | 0.0.1 | 28.00 | NOTE | |||
r-oldrel-windows-x86_64 | 0.0.1 | 3.00 | 48.00 | 51.00 | NOTE |
Version: 0.0.1
Check: CRAN incoming feasibility
Result: NOTE
Maintainer: ‘Elias Maciel <eliasmacielr@gmail.com>’
The Description field contains
of Gustavo Sosa et al. (2016) <arXiv:1709.08730>, total correlation,
Please refer to arXiv e-prints via their arXiv DOI <doi:10.48550/arXiv.YYMM.NNNNN>.
Flavors: r-devel-linux-x86_64-debian-clang, r-devel-linux-x86_64-debian-gcc
Version: 0.0.1
Check: Rd files
Result: NOTE
checkRd: (-1) multivar_joint_shannon_entropy.Rd:20: Lost braces
20 | {\code{table.variables}, \code{table.class}}.
| ^
checkRd: (-1) total_correlation.Rd:20: Lost braces
20 | {\code{table.variables}, \code{table.class}}.
| ^
Flavors: r-devel-linux-x86_64-debian-clang, r-devel-linux-x86_64-debian-gcc, r-devel-linux-x86_64-fedora-clang, r-devel-linux-x86_64-fedora-gcc, r-devel-windows-x86_64, r-patched-linux-x86_64, r-release-linux-x86_64, r-release-macos-arm64, r-release-macos-x86_64, r-release-windows-x86_64, r-oldrel-macos-arm64, r-oldrel-macos-x86_64, r-oldrel-windows-x86_64
Version: 0.0.1
Check: LazyData
Result: NOTE
'LazyData' is specified without a 'data' directory
Flavors: r-oldrel-macos-arm64, r-oldrel-macos-x86_64, r-oldrel-windows-x86_64
These binaries (installable software) and packages are in development.
They may not be fully stable and should be used with caution. We make no claims about them.
Health stats visible at Monitor.