CRAN Package Check Results for Package mstrio

Last updated on 2025-02-23 15:49:51 CET.

Flavor Version Tinstall Tcheck Ttotal Status Flags
r-devel-linux-x86_64-debian-clang 11.3.5.101 12.00 45.23 57.23 OK
r-devel-linux-x86_64-debian-gcc 11.3.5.101 8.18 32.15 40.33 OK
r-devel-linux-x86_64-fedora-clang 11.3.5.101 97.49 NOTE
r-devel-linux-x86_64-fedora-gcc 11.3.5.101 98.64 NOTE
r-devel-macos-arm64 11.3.5.101 37.00 OK
r-devel-macos-x86_64 11.3.5.101 62.00 OK
r-devel-windows-x86_64 11.3.5.101 13.00 63.00 76.00 OK
r-patched-linux-x86_64 11.3.5.101 10.80 41.55 52.35 OK
r-release-linux-x86_64 11.3.5.101 9.67 41.62 51.29 OK
r-release-macos-arm64 11.3.5.101 34.00 OK
r-release-macos-x86_64 11.3.5.101 52.00 OK
r-release-windows-x86_64 11.3.5.101 14.00 60.00 74.00 OK
r-oldrel-macos-arm64 11.3.5.101 36.00 OK
r-oldrel-macos-x86_64 11.3.5.101 46.00 OK
r-oldrel-windows-x86_64 11.3.5.101 16.00 69.00 85.00 OK

Check Details

Version: 11.3.5.101
Check: dependencies in R code
Result: NOTE Namespaces in Imports field not imported from: ‘markdown’ ‘methods’ ‘vctrs’ All declared Imports should be used. Flavors: r-devel-linux-x86_64-fedora-clang, r-devel-linux-x86_64-fedora-gcc

These binaries (installable software) and packages are in development.
They may not be fully stable and should be used with caution. We make no claims about them.
Health stats visible at Monitor.