Last updated on 2025-10-30 19:53:30 CET.
| Flavor | Version | Tinstall | Tcheck | Ttotal | Status | Flags |
|---|---|---|---|---|---|---|
| r-devel-linux-x86_64-debian-clang | 1.8.2 | 25.56 | 255.47 | 281.03 | NOTE | |
| r-devel-linux-x86_64-debian-gcc | 1.8.2 | 17.47 | 164.24 | 181.71 | NOTE | |
| r-devel-linux-x86_64-fedora-clang | 1.8.2 | 59.00 | 375.86 | 434.86 | NOTE | |
| r-devel-linux-x86_64-fedora-gcc | 1.8.2 | 130.00 | 340.14 | 470.14 | NOTE | |
| r-devel-windows-x86_64 | 1.8.2 | 29.00 | 262.00 | 291.00 | OK | |
| r-patched-linux-x86_64 | 1.8.2 | 24.68 | 245.62 | 270.30 | OK | |
| r-release-linux-x86_64 | 1.8.2 | 24.51 | 245.90 | 270.41 | OK | |
| r-release-macos-arm64 | 1.8.2 | 12.00 | 119.00 | 131.00 | OK | |
| r-release-macos-x86_64 | 1.8.2 | 23.00 | 246.00 | 269.00 | OK | |
| r-release-windows-x86_64 | 1.8.2 | 31.00 | 272.00 | 303.00 | OK | |
| r-oldrel-macos-arm64 | 1.8.2 | 14.00 | 123.00 | 137.00 | OK | |
| r-oldrel-macos-x86_64 | 1.8.2 | 23.00 | 219.00 | 242.00 | OK | |
| r-oldrel-windows-x86_64 | 1.8.2 | 41.00 | 360.00 | 401.00 | OK |
Version: 1.8.2
Check: Rd files
Result: NOTE
checkRd: (-1) msm2Surv.Rd:77-88: Only 11 columns allowed in this table (row 1 has 10)
checkRd: (-1) msm2Surv.Rd:77-88: Only 11 columns allowed in this table (row 2 has 10)
checkRd: (-1) msm2Surv.Rd:77-88: Only 11 columns allowed in this table (row 3 has 10)
checkRd: (-1) msm2Surv.Rd:77-88: Only 11 columns allowed in this table (row 4 has 10)
checkRd: (-1) msm2Surv.Rd:77-88: Only 11 columns allowed in this table (row 5 has 10)
checkRd: (-1) msm2Surv.Rd:77-88: Only 11 columns allowed in this table (row 6 has 10)
checkRd: (-1) msm2Surv.Rd:77-88: Only 11 columns allowed in this table (row 7 has 10)
checkRd: (-1) msm2Surv.Rd:77-88: Only 11 columns allowed in this table (row 8 has 10)
checkRd: (-1) msm2Surv.Rd:77-88: Only 11 columns allowed in this table (row 9 has 10)
checkRd: (-1) msm2Surv.Rd:77-88: Only 11 columns allowed in this table (row 10 has 10)
Flavors: r-devel-linux-x86_64-debian-clang, r-devel-linux-x86_64-debian-gcc, r-devel-linux-x86_64-fedora-clang, r-devel-linux-x86_64-fedora-gcc
These binaries (installable software) and packages are in development.
They may not be fully stable and should be used with caution. We make no claims about them.
Health stats visible at Monitor.