Last updated on 2025-05-17 15:50:49 CEST.
Flavor | Version | Tinstall | Tcheck | Ttotal | Status | Flags |
---|---|---|---|---|---|---|
r-devel-linux-x86_64-debian-clang | 1.1.2 | 4.50 | 40.13 | 44.63 | ERROR | |
r-devel-linux-x86_64-debian-gcc | 1.1.2 | 2.45 | 35.04 | 37.49 | OK | |
r-devel-linux-x86_64-fedora-clang | 1.1.2 | 77.45 | OK | |||
r-devel-linux-x86_64-fedora-gcc | 1.1.2 | 94.11 | OK | |||
r-devel-windows-x86_64 | 1.1.2 | 8.00 | 380.00 | 388.00 | OK | |
r-patched-linux-x86_64 | 1.1.2 | 5.01 | 42.94 | 47.95 | OK | |
r-release-linux-x86_64 | 1.1.2 | 4.58 | 42.10 | 46.68 | OK | |
r-release-macos-arm64 | 1.1.2 | 383.00 | OK | |||
r-release-macos-x86_64 | 1.1.2 | 254.00 | OK | |||
r-release-windows-x86_64 | 1.1.2 | 6.00 | 61.00 | 67.00 | ERROR | |
r-oldrel-macos-arm64 | 1.1.2 | 357.00 | OK | |||
r-oldrel-macos-x86_64 | 1.1.2 | 304.00 | OK | |||
r-oldrel-windows-x86_64 | 1.1.2 | 9.00 | 182.00 | 191.00 | OK |
Version: 1.1.2
Check: re-building of vignette outputs
Result: ERROR
Error(s) in re-building vignettes:
...
--- re-building ‘mregions2.Rmd’ using rmarkdown
Quitting from mregions2.Rmd:145-151 [unnamed-chunk-10]
~~~~~~~~~~~~~~~~~~~~~~~~~~~~~~~~~~~~~~~~~~~~~~~~~~~~~~~~~~~~~~~~~~~~~~~~~~~~~~~~
NULL
~~~~~~~~~~~~~~~~~~~~~~~~~~~~~~~~~~~~~~~~~~~~~~~~~~~~~~~~~~~~~~~~~~~~~~~~~~~~~~~~
Error: processing vignette 'mregions2.Rmd' failed with diagnostics:
HTTP 503 Service Unavailable.
--- failed re-building ‘mregions2.Rmd’
SUMMARY: processing the following file failed:
‘mregions2.Rmd’
Error: Vignette re-building failed.
Execution halted
Flavor: r-devel-linux-x86_64-debian-clang
Version: 1.1.2
Check: examples
Result: ERROR
Running examples in 'mregions2-Ex.R' failed
The error most likely occurred in:
> ### Name: gaz_rest_names_by_mrgid
> ### Title: Get the names for a given MRGID
> ### Aliases: gaz_rest_names_by_mrgid
>
> ### ** Examples
>
> gaz_rest_names_by_mrgid(3293)
Error in `gaz_rest_names_by_mrgid()`:
! HTTP 503 Service Unavailable.
Backtrace:
▆
1. └─mregions2::gaz_rest_names_by_mrgid(3293)
2. └─httr2::resp_check_status(resp)
3. └─httr2:::resp_failure_cnd(resp$request, resp, error_call = error_call)
4. ├─rlang::catch_cnd(...)
5. │ ├─rlang::eval_bare(...)
6. │ ├─base::tryCatch(...)
7. │ │ └─base (local) tryCatchList(expr, classes, parentenv, handlers)
8. │ │ └─base (local) tryCatchOne(expr, names, parentenv, handlers[[1L]])
9. │ │ └─base (local) doTryCatch(return(expr), name, parentenv, handler)
10. │ └─base::force(expr)
11. └─rlang::abort(...)
Execution halted
Flavor: r-release-windows-x86_64
Version: 1.1.2
Check: re-building of vignette outputs
Result: ERROR
Error(s) in re-building vignettes:
--- re-building 'mregions2.Rmd' using rmarkdown
Quitting from mregions2.Rmd:84-86 [unnamed-chunk-2]
~~~~~~~~~~~~~~~~~~~~~~~~~~~~~~~~~~~~~~~~~~~~~~~~~~~~~~~~~~~~~~~~~~~~~~~~~~~~~~~~
NULL
~~~~~~~~~~~~~~~~~~~~~~~~~~~~~~~~~~~~~~~~~~~~~~~~~~~~~~~~~~~~~~~~~~~~~~~~~~~~~~~~
Error: processing vignette 'mregions2.Rmd' failed with diagnostics:
HTTP 503 Service Unavailable.
--- failed re-building 'mregions2.Rmd'
SUMMARY: processing the following file failed:
'mregions2.Rmd'
Error: Vignette re-building failed.
Execution halted
Flavor: r-release-windows-x86_64
These binaries (installable software) and packages are in development.
They may not be fully stable and should be used with caution. We make no claims about them.
Health stats visible at Monitor.