CRAN Package Check Results for Package mrct

Last updated on 2025-05-17 15:50:49 CEST.

Flavor Version Tinstall Tcheck Ttotal Status Flags
r-devel-linux-x86_64-debian-clang 0.0.1.0 11.29 111.46 122.75 NOTE
r-devel-linux-x86_64-debian-gcc 0.0.1.0 8.43 80.25 88.68 NOTE
r-devel-linux-x86_64-fedora-clang 0.0.1.0 196.87 OK
r-devel-linux-x86_64-fedora-gcc 0.0.1.0 183.89 OK
r-devel-windows-x86_64 0.0.1.0 13.00 124.00 137.00 OK
r-patched-linux-x86_64 0.0.1.0 10.73 105.35 116.08 OK
r-release-linux-x86_64 0.0.1.0 10.63 106.48 117.11 OK
r-release-macos-arm64 0.0.1.0 66.00 OK
r-release-macos-x86_64 0.0.1.0 129.00 OK
r-release-windows-x86_64 0.0.1.0 13.00 121.00 134.00 OK
r-oldrel-macos-arm64 0.0.1.0 65.00 OK
r-oldrel-macos-x86_64 0.0.1.0 93.00 OK
r-oldrel-windows-x86_64 0.0.1.0 16.00 152.00 168.00 OK

Check Details

Version: 0.0.1.0
Check: CRAN incoming feasibility
Result: NOTE Maintainer: ‘Jeremy Oguamalam <jeremy.oguamalam@tuwien.ac.at>’ The Description field contains implementation of Oguamalam et al. (2023) <arXiv:2307.13509>. Please refer to arXiv e-prints via their arXiv DOI <doi:10.48550/arXiv.YYMM.NNNNN>. Flavors: r-devel-linux-x86_64-debian-clang, r-devel-linux-x86_64-debian-gcc

These binaries (installable software) and packages are in development.
They may not be fully stable and should be used with caution. We make no claims about them.
Health stats visible at Monitor.