CRAN Package Check Results for Package mplot

Last updated on 2025-05-03 22:50:00 CEST.

Flavor Version Tinstall Tcheck Ttotal Status Flags
r-devel-linux-x86_64-debian-clang 1.0.6 6.30 63.78 70.08 NOTE
r-devel-linux-x86_64-debian-gcc 1.0.6 4.70 47.28 51.98 NOTE
r-devel-linux-x86_64-fedora-clang 1.0.6 110.51 NOTE
r-devel-linux-x86_64-fedora-gcc 1.0.6 104.94 NOTE
r-devel-windows-x86_64 1.0.6 9.00 83.00 92.00 NOTE
r-patched-linux-x86_64 1.0.6 6.27 59.08 65.35 NOTE
r-release-linux-x86_64 NOTE
r-release-macos-arm64 1.0.6 35.00 NOTE
r-release-macos-x86_64 1.0.6 64.00 NOTE
r-release-windows-x86_64 1.0.6 10.00 81.00 91.00 NOTE
r-oldrel-macos-arm64 1.0.6 44.00 NOTE
r-oldrel-macos-x86_64 1.0.6 55.00 NOTE
r-oldrel-windows-x86_64 1.0.6 11.00 106.00 117.00 NOTE

Check Details

Version: 1.0.6
Check: Rd files
Result: NOTE checkRd: (-1) glmfence.Rd:21: Lost braces; missing escapes or markup? 21 | is performed where the boundary is cstar*hat(sigma)_{M,tildeM}.} | ^ checkRd: (-1) lmfence.Rd:21: Lost braces; missing escapes or markup? 21 | is performed where the boundary is cstar*hat(sigma)_{M,tildeM}.} | ^ Flavors: r-devel-linux-x86_64-debian-clang, r-devel-linux-x86_64-debian-gcc, r-devel-linux-x86_64-fedora-clang, r-devel-linux-x86_64-fedora-gcc, r-devel-windows-x86_64, r-patched-linux-x86_64, r-release-linux-x86_64, r-release-macos-arm64, r-release-macos-x86_64, r-release-windows-x86_64, r-oldrel-macos-arm64, r-oldrel-macos-x86_64, r-oldrel-windows-x86_64

These binaries (installable software) and packages are in development.
They may not be fully stable and should be used with caution. We make no claims about them.
Health stats visible at Monitor.