Last updated on 2025-02-02 07:50:19 CET.
Flavor | Version | Tinstall | Tcheck | Ttotal | Status | Flags |
---|---|---|---|---|---|---|
r-devel-linux-x86_64-debian-clang | 1.0.6 | 7.70 | 62.21 | 69.91 | NOTE | |
r-devel-linux-x86_64-debian-gcc | 1.0.6 | 4.97 | 43.23 | 48.20 | NOTE | |
r-devel-linux-x86_64-fedora-clang | 1.0.6 | 108.31 | NOTE | |||
r-devel-linux-x86_64-fedora-gcc | 1.0.6 | 101.69 | NOTE | |||
r-devel-windows-x86_64 | 1.0.6 | 10.00 | 82.00 | 92.00 | NOTE | |
r-patched-linux-x86_64 | 1.0.6 | 7.12 | 57.29 | 64.41 | NOTE | |
r-release-linux-x86_64 | 1.0.6 | 7.01 | 58.08 | 65.09 | NOTE | |
r-release-macos-arm64 | 1.0.6 | 44.00 | NOTE | |||
r-release-macos-x86_64 | 1.0.6 | 55.00 | NOTE | |||
r-release-windows-x86_64 | 1.0.6 | 10.00 | 83.00 | 93.00 | NOTE | |
r-oldrel-macos-arm64 | 1.0.6 | 39.00 | OK | |||
r-oldrel-macos-x86_64 | 1.0.6 | 55.00 | NOTE | |||
r-oldrel-windows-x86_64 | 1.0.6 | 11.00 | 103.00 | 114.00 | OK |
Version: 1.0.6
Check: Rd files
Result: NOTE
checkRd: (-1) glmfence.Rd:21: Lost braces; missing escapes or markup?
21 | is performed where the boundary is cstar*hat(sigma)_{M,tildeM}.}
| ^
checkRd: (-1) lmfence.Rd:21: Lost braces; missing escapes or markup?
21 | is performed where the boundary is cstar*hat(sigma)_{M,tildeM}.}
| ^
Flavors: r-devel-linux-x86_64-debian-clang, r-devel-linux-x86_64-debian-gcc, r-devel-linux-x86_64-fedora-clang, r-devel-linux-x86_64-fedora-gcc, r-devel-windows-x86_64, r-patched-linux-x86_64, r-release-linux-x86_64, r-release-macos-arm64, r-release-macos-x86_64, r-release-windows-x86_64
Version: 1.0.6
Check: package dependencies
Result: NOTE
Packages suggested but not available for checking: 'mvoutlier', 'glmulti'
Flavor: r-oldrel-macos-x86_64
These binaries (installable software) and packages are in development.
They may not be fully stable and should be used with caution. We make no claims about them.
Health stats visible at Monitor.