Last updated on 2025-02-23 15:49:51 CET.
Flavor | Version | Tinstall | Tcheck | Ttotal | Status | Flags |
---|---|---|---|---|---|---|
r-devel-linux-x86_64-debian-clang | 0.1.2 | 15.48 | 129.20 | 144.68 | OK | |
r-devel-linux-x86_64-debian-gcc | 0.1.2 | 12.13 | 89.03 | 101.16 | OK | |
r-devel-linux-x86_64-fedora-clang | 0.1.2 | 226.12 | OK | |||
r-devel-linux-x86_64-fedora-gcc | 0.1.2 | 226.28 | OK | |||
r-devel-macos-arm64 | 0.1.2 | 68.00 | OK | |||
r-devel-macos-x86_64 | 0.1.2 | 147.00 | OK | |||
r-devel-windows-x86_64 | 0.1.2 | 18.00 | 129.00 | 147.00 | OK | |
r-patched-linux-x86_64 | 0.1.2 | 16.86 | 118.00 | 134.86 | OK | |
r-release-linux-x86_64 | 0.1.2 | 15.59 | 117.52 | 133.11 | OK | |
r-release-macos-arm64 | 0.1.2 | 72.00 | OK | |||
r-release-macos-x86_64 | 0.1.2 | 106.00 | OK | |||
r-release-windows-x86_64 | 0.1.2 | 16.00 | 126.00 | 142.00 | OK | |
r-oldrel-macos-arm64 | 0.1.2 | 65.00 | WARN | |||
r-oldrel-macos-x86_64 | 0.1.2 | 94.00 | WARN | |||
r-oldrel-windows-x86_64 | 0.1.2 | 22.00 | 155.00 | 177.00 | OK |
Version: 0.1.2
Check: for missing documentation entries
Result: WARN
Error: package or namespace load failed for ‘movieROC’ in loadNamespace(j <- i[[1L]], c(lib.loc, .libPaths()), versionCheck = vI[[j]]):
there is no package called ‘knitr’
Call sequence:
6: stop(msg, call. = FALSE, domain = NA)
5: value[[3L]](cond)
4: tryCatchOne(expr, names, parentenv, handlers[[1L]])
3: tryCatchList(expr, classes, parentenv, handlers)
2: tryCatch({
attr(package, "LibPath") <- which.lib.loc
ns <- loadNamespace(package, lib.loc)
env <- attachNamespace(ns, pos = pos, deps, exclude, include.only)
}, error = function(e) {
P <- if (!is.null(cc <- conditionCall(e)))
paste(" in", deparse(cc)[1L])
else ""
msg <- gettextf("package or namespace load failed for %s%s:\n %s",
sQuote(package), P, conditionMessage(e))
if (logical.return && !quietly)
message(paste("Error:", msg), domain = NA)
else stop(msg, call. = FALSE, domain = NA)
})
1: library(package, lib.loc = lib.loc, cha
Execution halted
All user-level objects in a package should have documentation entries.
See chapter ‘Writing R documentation files’ in the ‘Writing R
Extensions’ manual.
Flavors: r-oldrel-macos-arm64, r-oldrel-macos-x86_64
Version: 0.1.2
Check: for code/documentation mismatches
Result: WARN
Error: package or namespace load failed for ‘movieROC’ in loadNamespace(j <- i[[1L]], c(lib.loc, .libPaths()), versionCheck = vI[[j]]):
there is no package called ‘knitr’
Call sequence:
6: stop(msg, call. = FALSE, domain = NA)
5: value[[3L]](cond)
4: tryCatchOne(expr, names, parentenv, handlers[[1L]])
3: tryCatchList(expr, classes, parentenv, handlers)
2: tryCatch({
attr(package, "LibPath") <- which.lib.loc
ns <- loadNamespace(package, lib.loc)
env <- attachNamespace(ns, pos = pos, deps, exclude, include.only)
}, error = function(e) {
P <- if (!is.null(cc <- conditionCall(e)))
paste(" in", deparse(cc)[1L])
else ""
msg <- gettextf("package or namespace load failed for %s%s:\n %s",
sQuote(package), P, conditionMessage(e))
if (logical.return && !quietly)
message(paste("Error:", msg), domain = NA)
else stop(msg, call. = FALSE, domain = NA)
})
1: library(package, lib.loc = lib.loc, cha
Execution halted
Error: package or namespace load failed for ‘movieROC’ in loadNamespace(j <- i[[1L]], c(lib.loc, .libPaths()), versionCheck = vI[[j]]):
there is no package called ‘knitr’
Call sequence:
6: stop(msg, call. = FALSE, domain = NA)
5: value[[3L]](cond)
4: tryCatchOne(expr, names, parentenv, handlers[[1L]])
3: tryCatchList(expr, classes, parentenv, handlers)
2: tryCatch({
attr(package, "LibPath") <- which.lib.loc
ns <- loadNamespace(package, lib.loc)
env <- attachNamespace(ns, pos = pos, deps, exclude, include.only)
}, error = function(e) {
P <- if (!is.null(cc <- conditionCall(e)))
paste(" in", deparse(cc)[1L])
else ""
msg <- gettextf("package or namespace load failed for %s%s:\n %s",
sQuote(package), P, conditionMessage(e))
if (logical.return && !quietly)
message(paste("Error:", msg), domain = NA)
else stop(msg, call. = FALSE, domain = NA)
})
1: library(package, lib.loc = lib.loc, cha
Execution halted
Error: package or namespace load failed for ‘movieROC’ in loadNamespace(j <- i[[1L]], c(lib.loc, .libPaths()), versionCheck = vI[[j]]):
there is no package called ‘knitr’
Call sequence:
6: stop(msg, call. = FALSE, domain = NA)
5: value[[3L]](cond)
4: tryCatchOne(expr, names, parentenv, handlers[[1L]])
3: tryCatchList(expr, classes, parentenv, handlers)
2: tryCatch({
attr(package, "LibPath") <- which.lib.loc
ns <- loadNamespace(package, lib.loc)
env <- attachNamespace(ns, pos = pos, deps, exclude, include.only)
}, error = function(e) {
P <- if (!is.null(cc <- conditionCall(e)))
paste(" in", deparse(cc)[1L])
else ""
msg <- gettextf("package or namespace load failed for %s%s:\n %s",
sQuote(package), P, conditionMessage(e))
if (logical.return && !quietly)
message(paste("Error:", msg), domain = NA)
else stop(msg, call. = FALSE, domain = NA)
})
1: library(package, lib.loc = lib.loc, cha
Execution halted
Flavor: r-oldrel-macos-arm64
Version: 0.1.2
Check: Rd \usage sections
Result: NOTE
Error: there is no package called ‘knitr’
Call sequence:
14: doWithOneRestart(return(expr), restart)
13: withOneRestart(expr, restarts[[1L]])
12: withRestarts(stop(cond), retry_loadNamespace = function() NULL)
11: loadNamespace(j <- i[[1L]], c(lib.loc, .libPaths()), versionCheck = vI[[j]])
10: asNamespace(ns)
9: namespaceImportFrom(ns, loadNamespace(j <- i[[1L]], c(lib.loc,
.libPaths()), versionCheck = vI[[j]]), i[[2L]], from = package)
8: loadNamespace(j <- i[[1L]], c(lib.loc, .libPaths()), versionCheck = vI[[j]])
7: asNamespace(ns)
6: namespaceImportFrom(ns, loadNamespace(j <- i[[1L]], c(lib.loc,
.libPaths()), versionCheck = vI[[j]]), i[[2L]], from = package)
5: loadNamespace(i, c(lib.loc, .libPaths()), versionCheck = vI[[i]])
4: namespaceImport(ns, loadNamespace(i, c(lib.loc, .libPaths()),
versionCheck = vI[[i]]), from = package)
3: loadNamespace(i, c(lib.loc, .libPaths()), versionCheck = vI[[i]])
2: namespaceImport(ns, loadNamespace(i, c(lib.loc, .libPat
Execution halted
The \usage entries for S3 methods should use the \method markup and not
their full name.
See chapter ‘Writing R documentation files’ in the ‘Writing R
Extensions’ manual.
Flavor: r-oldrel-macos-arm64
Version: 0.1.2
Check: foreign function calls
Result: NOTE
Error: there is no package called ‘knitr’
Call sequence:
14: doWithOneRestart(return(expr), restart)
13: withOneRestart(expr, restarts[[1L]])
12: withRestarts(stop(cond), retry_loadNamespace = function() NULL)
11: loadNamespace(j <- i[[1L]], c(lib.loc, .libPaths()), versionCheck = vI[[j]])
10: asNamespace(ns)
9: namespaceImportFrom(ns, loadNamespace(j <- i[[1L]], c(lib.loc,
.libPaths()), versionCheck = vI[[j]]), i[[2L]], from = package)
8: loadNamespace(j <- i[[1L]], c(lib.loc, .libPaths()), versionCheck = vI[[j]])
7: asNamespace(ns)
6: namespaceImportFrom(ns, loadNamespace(j <- i[[1L]], c(lib.loc,
.libPaths()), versionCheck = vI[[j]]), i[[2L]], from = package)
5: loadNamespace(i, c(lib.loc, .libPaths()), versionCheck = vI[[i]])
4: namespaceImport(ns, loadNamespace(i, c(lib.loc, .libPaths()),
versionCheck = vI[[i]]), from = package)
3: loadNamespace(i, c(lib.loc, .libPaths()), versionCheck = vI[[i]])
2: namespaceImport(ns, loadNamespace(i, c(lib.loc, .libPat
Execution halted
See chapter ‘System and foreign language interfaces’ in the ‘Writing R
Extensions’ manual.
Flavor: r-oldrel-macos-x86_64
Version: 0.1.2
Check: R code for possible problems
Result: NOTE
Error in loadNamespace(j <- i[[1L]], c(lib.loc, .libPaths()), versionCheck = vI[[j]]) :
there is no package called ‘knitr’
Calls: <Anonymous>
Execution halted
Flavor: r-oldrel-macos-x86_64
These binaries (installable software) and packages are in development.
They may not be fully stable and should be used with caution. We make no claims about them.
Health stats visible at Monitor.