Last updated on 2025-10-10 11:51:10 CEST.
Flavor | Version | Tinstall | Tcheck | Ttotal | Status | Flags |
---|---|---|---|---|---|---|
r-devel-linux-x86_64-debian-clang | 1.12 | 44.14 | 211.18 | 255.32 | OK | |
r-devel-linux-x86_64-debian-gcc | 1.12 | 26.78 | 146.61 | 173.39 | OK | |
r-devel-linux-x86_64-fedora-clang | 1.12 | 419.50 | OK | |||
r-devel-linux-x86_64-fedora-gcc | 1.12 | 403.54 | OK | |||
r-devel-windows-x86_64 | 1.12 | 47.00 | 357.00 | 404.00 | OK | |
r-patched-linux-x86_64 | 1.12 | 36.98 | 200.07 | 237.05 | OK | |
r-release-linux-x86_64 | 1.11 | 41.18 | 201.47 | 242.65 | WARN | |
r-release-macos-arm64 | 1.12 | 134.00 | OK | |||
r-release-macos-x86_64 | 1.12 | 281.00 | OK | |||
r-release-windows-x86_64 | 1.11 | 51.00 | 353.00 | 404.00 | WARN | |
r-oldrel-macos-arm64 | 1.12 | 124.00 | OK | |||
r-oldrel-macos-x86_64 | 1.12 | 255.00 | OK | |||
r-oldrel-windows-x86_64 | 1.12 | 50.00 | 314.00 | 364.00 | OK |
Version: 1.11
Check: whether package can be installed
Result: WARN
Found the following significant warnings:
densities.h:29:28: warning: ‘bool arma::is_finite(eT, const typename arma_scalar_only<eT>::result*) [with eT = double; typename arma_scalar_only<eT>::result = double]’ is deprecated: change arma::is_finite(val) to std::isfinite(val) [-Wdeprecated-declarations]
densities.h:53:28: warning: ‘bool arma::is_finite(eT, const typename arma_scalar_only<eT>::result*) [with eT = double; typename arma_scalar_only<eT>::result = double]’ is deprecated: change arma::is_finite(val) to std::isfinite(val) [-Wdeprecated-declarations]
densities.h:77:28: warning: ‘bool arma::is_finite(eT, const typename arma_scalar_only<eT>::result*) [with eT = double; typename arma_scalar_only<eT>::result = double]’ is deprecated: change arma::is_finite(val) to std::isfinite(val) [-Wdeprecated-declarations]
densities.h:101:28: warning: ‘bool arma::is_finite(eT, const typename arma_scalar_only<eT>::result*) [with eT = double; typename arma_scalar_only<eT>::result = double]’ is deprecated: change arma::is_finite(val) to std::isfinite(val) [-Wdeprecated-declarations]
densities.h:132:28: warning: ‘bool arma::is_finite(eT, const typename arma_scalar_only<eT>::result*) [with eT = double; typename arma_scalar_only<eT>::result = double]’ is deprecated: change arma::is_finite(val) to std::isfinite(val) [-Wdeprecated-declarations]
densities.h:158:28: warning: ‘bool arma::is_finite(eT, const typename arma_scalar_only<eT>::result*) [with eT = double; typename arma_scalar_only<eT>::result = double]’ is deprecated: change arma::is_finite(val) to std::isfinite(val) [-Wdeprecated-declarations]
nLogLike.cpp:143:36: warning: ‘bool arma::is_finite(eT, const typename arma_scalar_only<eT>::result*) [with eT = double; typename arma_scalar_only<eT>::result = double]’ is deprecated: change arma::is_finite(val) to std::isfinite(val) [-Wdeprecated-declarations]
See ‘/home/hornik/tmp/R.check/r-release-gcc/Work/PKGS/moveHMM.Rcheck/00install.out’ for details.
* used C compiler: ‘gcc-14 (Debian 14.3.0-8) 14.3.0’
* used C++ compiler: ‘g++-14 (Debian 14.3.0-8) 14.3.0’
Flavor: r-release-linux-x86_64
Version: 1.11
Check: whether package can be installed
Result: WARN
Found the following significant warnings:
densities.h:29:28: warning: 'bool arma::is_finite(eT, const typename arma_scalar_only<eT>::result*) [with eT = double; typename arma_scalar_only<eT>::result = double]' is deprecated: change arma::is_finite(val) to std::isfinite(val) [-Wdeprecated-declarations]
densities.h:53:28: warning: 'bool arma::is_finite(eT, const typename arma_scalar_only<eT>::result*) [with eT = double; typename arma_scalar_only<eT>::result = double]' is deprecated: change arma::is_finite(val) to std::isfinite(val) [-Wdeprecated-declarations]
densities.h:77:28: warning: 'bool arma::is_finite(eT, const typename arma_scalar_only<eT>::result*) [with eT = double; typename arma_scalar_only<eT>::result = double]' is deprecated: change arma::is_finite(val) to std::isfinite(val) [-Wdeprecated-declarations]
densities.h:101:28: warning: 'bool arma::is_finite(eT, const typename arma_scalar_only<eT>::result*) [with eT = double; typename arma_scalar_only<eT>::result = double]' is deprecated: change arma::is_finite(val) to std::isfinite(val) [-Wdeprecated-declarations]
densities.h:132:28: warning: 'bool arma::is_finite(eT, const typename arma_scalar_only<eT>::result*) [with eT = double; typename arma_scalar_only<eT>::result = double]' is deprecated: change arma::is_finite(val) to std::isfinite(val) [-Wdeprecated-declarations]
densities.h:158:28: warning: 'bool arma::is_finite(eT, const typename arma_scalar_only<eT>::result*) [with eT = double; typename arma_scalar_only<eT>::result = double]' is deprecated: change arma::is_finite(val) to std::isfinite(val) [-Wdeprecated-declarations]
nLogLike.cpp:143:36: warning: 'bool arma::is_finite(eT, const typename arma_scalar_only<eT>::result*) [with eT = double; typename arma_scalar_only<eT>::result = double]' is deprecated: change arma::is_finite(val) to std::isfinite(val) [-Wdeprecated-declarations]
See 'd:/Rcompile/CRANpkg/local/4.5/moveHMM.Rcheck/00install.out' for details.
* used C compiler: 'gcc.exe (GCC) 14.2.0'
* used C++ compiler: 'g++.exe (GCC) 14.2.0'
Flavor: r-release-windows-x86_64
These binaries (installable software) and packages are in development.
They may not be fully stable and should be used with caution. We make no claims about them.
Health stats visible at Monitor.