CRAN Package Check Results for Package motifcluster

Last updated on 2025-05-17 17:49:26 CEST.

Flavor Version Tinstall Tcheck Ttotal Status Flags
r-devel-linux-x86_64-debian-clang 0.2.3 10.43 141.43 151.86 NOTE
r-devel-linux-x86_64-debian-gcc 0.2.3 7.54 98.79 106.33 NOTE
r-devel-linux-x86_64-fedora-clang 0.2.3 241.88 OK
r-devel-linux-x86_64-fedora-gcc 0.2.3 246.09 OK
r-devel-windows-x86_64 0.2.3 12.00 158.00 170.00 OK
r-patched-linux-x86_64 0.2.3 10.58 135.91 146.49 OK
r-release-linux-x86_64 0.2.3 9.36 136.53 145.89 OK
r-release-macos-arm64 0.2.3 85.00 OK
r-release-macos-x86_64 0.2.3 150.00 OK
r-release-windows-x86_64 0.2.3 12.00 158.00 170.00 OK
r-oldrel-macos-arm64 0.2.3 71.00 OK
r-oldrel-macos-x86_64 0.2.3 114.00 OK
r-oldrel-windows-x86_64 0.2.3 14.00 204.00 218.00 OK

Check Details

Version: 0.2.3
Check: CRAN incoming feasibility
Result: NOTE Maintainer: ‘William George Underwood <wgu2@princeton.edu>’ The Description field contains and Cucuringu (2020) <arXiv:2004.01293>. Please refer to arXiv e-prints via their arXiv DOI <doi:10.48550/arXiv.YYMM.NNNNN>. Flavors: r-devel-linux-x86_64-debian-clang, r-devel-linux-x86_64-debian-gcc

These binaries (installable software) and packages are in development.
They may not be fully stable and should be used with caution. We make no claims about them.
Health stats visible at Monitor.