Last updated on 2025-05-17 17:49:26 CEST.
Flavor | Version | Tinstall | Tcheck | Ttotal | Status | Flags |
---|---|---|---|---|---|---|
r-devel-linux-x86_64-debian-clang | 0.4 | 13.64 | 214.20 | 227.84 | NOTE | |
r-devel-linux-x86_64-debian-gcc | 0.4 | 8.60 | 162.40 | 171.00 | NOTE | |
r-devel-linux-x86_64-fedora-clang | 0.4 | 345.53 | OK | |||
r-devel-linux-x86_64-fedora-gcc | 0.4 | 379.69 | OK | |||
r-devel-windows-x86_64 | 0.4 | 14.00 | 215.00 | 229.00 | NOTE | |
r-patched-linux-x86_64 | 0.4 | 13.52 | 207.62 | 221.14 | NOTE | |
r-release-linux-x86_64 | 0.4 | 12.73 | 208.40 | 221.13 | NOTE | |
r-release-macos-arm64 | 0.4 | 129.00 | OK | |||
r-release-macos-x86_64 | 0.4 | 281.00 | OK | |||
r-release-windows-x86_64 | 0.4 | 16.00 | 216.00 | 232.00 | NOTE | |
r-oldrel-macos-arm64 | 0.4 | 116.00 | OK | |||
r-oldrel-macos-x86_64 | 0.4 | 158.00 | OK | |||
r-oldrel-windows-x86_64 | 0.4 | 18.00 | 258.00 | 276.00 | OK |
Version: 0.4
Check: CRAN incoming feasibility
Result: NOTE
Maintainer: ‘Nicolas Robette <nicolas.robette@uvsq.fr>’
No Authors@R field in DESCRIPTION.
Please add one, modifying
Authors@R: person(given = "Nicolas",
family = "Robette",
role = c("aut", "cre"),
email = "nicolas.robette@uvsq.fr")
as necessary.
The Description field contains
selection (see Gregorutti et al (2017) <arXiv:1310.5726>, Hapfelmeier
Please refer to arXiv e-prints via their arXiv DOI <doi:10.48550/arXiv.YYMM.NNNNN>.
Flavors: r-devel-linux-x86_64-debian-clang, r-devel-linux-x86_64-debian-gcc
Version: 0.4
Check: Rd cross-references
Result: NOTE
Found the following Rd file(s) with Rd \link{} targets missing package
anchors:
GetAleData.Rd: cforest, foreach, FeatureEffect, iml
GetInteractionStrength.Rd: cforest, vip
GetPartialData.Rd: cforest, partial, foreach, pdp
fastcforest.Rd: ForestControl-class, cforest_control, ptrafo,
cforest, RandomForest-class
fastvarImp.Rd: varImp, cforest
ggVarImp.Rd: varImp, varImpAUC
Please provide package anchors for all Rd \link{} targets not in the
package itself and the base packages.
Flavors: r-devel-linux-x86_64-debian-clang, r-devel-linux-x86_64-debian-gcc, r-devel-windows-x86_64, r-patched-linux-x86_64, r-release-linux-x86_64, r-release-windows-x86_64
These binaries (installable software) and packages are in development.
They may not be fully stable and should be used with caution. We make no claims about them.
Health stats visible at Monitor.