Last updated on 2025-02-02 05:48:30 CET.
Flavor | Version | Tinstall | Tcheck | Ttotal | Status | Flags |
---|---|---|---|---|---|---|
r-devel-linux-x86_64-debian-clang | 1.0.7 | 11.51 | 99.48 | 110.99 | NOTE | |
r-devel-linux-x86_64-debian-gcc | 1.0.7 | 6.68 | 71.01 | 77.69 | NOTE | |
r-devel-linux-x86_64-fedora-clang | 1.0.7 | 176.55 | NOTE | |||
r-devel-linux-x86_64-fedora-gcc | 1.0.7 | 185.84 | NOTE | |||
r-devel-windows-x86_64 | 1.0.7 | 11.00 | 138.00 | 149.00 | NOTE | |
r-patched-linux-x86_64 | 1.0.7 | 13.98 | 93.80 | 107.78 | NOTE | |
r-release-linux-x86_64 | 1.0.7 | 10.75 | 95.09 | 105.84 | NOTE | |
r-release-macos-arm64 | 1.0.7 | 58.00 | NOTE | |||
r-release-macos-x86_64 | 1.0.7 | 141.00 | NOTE | |||
r-release-windows-x86_64 | 1.0.7 | 12.00 | 130.00 | 142.00 | NOTE | |
r-oldrel-macos-arm64 | 1.0.7 | 61.00 | OK | |||
r-oldrel-macos-x86_64 | 1.0.7 | 102.00 | NOTE | |||
r-oldrel-windows-x86_64 | 1.0.7 | 13.00 | 152.00 | 165.00 | OK |
Version: 1.0.7
Check: Rd files
Result: NOTE
checkRd: (-1) TemplateList-class.Rd:29: Lost braces in \itemize; meant \describe ?
checkRd: (-1) TemplateList-class.Rd:30: Lost braces in \itemize; meant \describe ?
checkRd: (-1) TemplateList-class.Rd:31: Lost braces in \itemize; meant \describe ?
checkRd: (-1) TemplateList-class.Rd:32: Lost braces in \itemize; meant \describe ?
checkRd: (-1) TemplateList-class.Rd:33: Lost braces in \itemize; meant \describe ?
checkRd: (-1) bindEvents.Rd:26: Lost braces in \itemize; meant \describe ?
checkRd: (-1) bindEvents.Rd:27: Lost braces in \itemize; meant \describe ?
checkRd: (-1) bindEvents.Rd:28: Lost braces in \itemize; meant \describe ?
Flavors: r-devel-linux-x86_64-debian-clang, r-devel-linux-x86_64-debian-gcc, r-devel-linux-x86_64-fedora-clang, r-devel-linux-x86_64-fedora-gcc, r-devel-windows-x86_64, r-patched-linux-x86_64, r-release-linux-x86_64, r-release-macos-arm64, r-release-macos-x86_64, r-release-windows-x86_64
Version: 1.0.7
Check: Rd cross-references
Result: NOTE
Found the following Rd file(s) with Rd \link{} targets missing package
anchors:
readMP3.Rd: tuneR
viewSpec.Rd: tuneR
Please provide package anchors for all Rd \link{} targets not in the
package itself and the base packages.
Flavors: r-devel-linux-x86_64-debian-clang, r-devel-linux-x86_64-debian-gcc, r-devel-windows-x86_64
Version: 1.0.7
Check: package dependencies
Result: NOTE
Packages suggested but not available for checking: 'fftw', 'RODBC'
Flavor: r-oldrel-macos-x86_64
Version: 1.0.7
Check: Rd cross-references
Result: NOTE
Packages unavailable to check Rd xrefs: ‘seewave’, ‘RODBC’
Flavor: r-oldrel-macos-x86_64
These binaries (installable software) and packages are in development.
They may not be fully stable and should be used with caution. We make no claims about them.
Health stats visible at Monitor.