CRAN Package Check Results for Package momentuHMM

Last updated on 2025-05-17 17:49:26 CEST.

Flavor Version Tinstall Tcheck Ttotal Status Flags
r-devel-linux-x86_64-debian-clang 1.5.5 126.48 459.32 585.80 NOTE
r-devel-linux-x86_64-debian-gcc 1.5.5 85.47 281.44 366.91 NOTE
r-devel-linux-x86_64-fedora-clang 1.5.5 966.07 OK
r-devel-linux-x86_64-fedora-gcc 1.5.5 948.42 OK
r-devel-windows-x86_64 1.5.5 136.00 395.00 531.00 NOTE
r-patched-linux-x86_64 1.5.5 127.89 427.00 554.89 NOTE
r-release-linux-x86_64 1.5.5 122.32 425.17 547.49 NOTE
r-release-macos-arm64 1.5.5 243.00 OK
r-release-macos-x86_64 1.5.5 445.00 OK
r-release-windows-x86_64 1.5.5 134.00 394.00 528.00 NOTE
r-oldrel-macos-arm64 1.5.5 212.00 NOTE
r-oldrel-macos-x86_64 1.5.5 348.00 NOTE
r-oldrel-windows-x86_64 1.5.5 167.00 545.00 712.00 OK

Check Details

Version: 1.5.5
Check: CRAN incoming feasibility
Result: NOTE Maintainer: ‘Brett McClintock <brett.mcclintock@noaa.gov>’ No Authors@R field in DESCRIPTION. Please add one, modifying Authors@R: c(person(given = "Brett", family = "McClintock", role = c("aut", "cre"), email = "brett.mcclintock@noaa.gov"), person(given = "Theo", family = "Michelot", role = "aut")) as necessary. Package CITATION file contains call(s) to old-style personList() or as.personList(). Please use c() on person objects instead. Package CITATION file contains call(s) to old-style citEntry(). Please use bibentry() instead. Flavors: r-devel-linux-x86_64-debian-clang, r-devel-linux-x86_64-debian-gcc

Version: 1.5.5
Check: Rd cross-references
Result: NOTE Found the following Rd file(s) with Rd \link{} targets missing package anchors: AIC.momentuHMM.Rd: quasiquotation AICweights.Rd: quasiquotation MIfitHMM.Rd: crwPostIS plotSat.Rd: CRS-class Please provide package anchors for all Rd \link{} targets not in the package itself and the base packages. Flavors: r-devel-linux-x86_64-debian-clang, r-devel-linux-x86_64-debian-gcc, r-devel-windows-x86_64, r-patched-linux-x86_64, r-release-linux-x86_64, r-release-windows-x86_64

Version: 1.5.5
Check: installed package size
Result: NOTE installed size is 8.8Mb sub-directories of 1Mb or more: R 2.0Mb doc 1.7Mb libs 4.4Mb Flavors: r-oldrel-macos-arm64, r-oldrel-macos-x86_64

These binaries (installable software) and packages are in development.
They may not be fully stable and should be used with caution. We make no claims about them.
Health stats visible at Monitor.