Last updated on 2025-02-23 15:49:50 CET.
Flavor | Version | Tinstall | Tcheck | Ttotal | Status | Flags |
---|---|---|---|---|---|---|
r-devel-linux-x86_64-debian-clang | 0.5 | 15.72 | 175.15 | 190.87 | NOTE | |
r-devel-linux-x86_64-debian-gcc | 0.5 | 8.02 | 119.17 | 127.19 | NOTE | |
r-devel-linux-x86_64-fedora-clang | 0.5 | 294.92 | OK | |||
r-devel-linux-x86_64-fedora-gcc | 0.5 | 300.51 | OK | |||
r-devel-macos-arm64 | 0.5 | 85.00 | OK | |||
r-devel-macos-x86_64 | 0.5 | 181.00 | OK | |||
r-devel-windows-x86_64 | 0.5 | 18.00 | 224.00 | 242.00 | NOTE | |
r-patched-linux-x86_64 | 0.5 | 17.02 | 164.03 | 181.05 | OK | |
r-release-linux-x86_64 | 0.5 | 12.60 | 163.96 | 176.56 | OK | |
r-release-macos-arm64 | 0.5 | 77.00 | OK | |||
r-release-macos-x86_64 | 0.5 | 256.00 | OK | |||
r-release-windows-x86_64 | 0.5 | 17.00 | 225.00 | 242.00 | OK | |
r-oldrel-macos-arm64 | 0.5 | 96.00 | OK | |||
r-oldrel-macos-x86_64 | 0.5 | 244.00 | OK | |||
r-oldrel-windows-x86_64 | 0.5 | 16.00 | 286.00 | 302.00 | OK |
Version: 0.5
Check: Rd cross-references
Result: NOTE
Found the following Rd file(s) with Rd \link{} targets missing package
anchors:
gel4.Rd: vcovHAC
gmm4.Rd: meatCL, vcovHAC
momentModel.Rd: meatCL, vcovHAC
momentStrength-methods.Rd: vcovHC, vcovHAC, meatCL
sysMomentModel.Rd: meatCL, vcovHAC
Please provide package anchors for all Rd \link{} targets not in the
package itself and the base packages.
Flavors: r-devel-linux-x86_64-debian-clang, r-devel-linux-x86_64-debian-gcc, r-devel-windows-x86_64
These binaries (installable software) and packages are in development.
They may not be fully stable and should be used with caution. We make no claims about them.
Health stats visible at Monitor.