Last updated on 2024-05-02 08:01:48 CEST.
Flavor | Version | Tinstall | Tcheck | Ttotal | Status | Flags |
---|---|---|---|---|---|---|
r-devel-linux-x86_64-debian-clang | 0.5.5 | 11.73 | 119.33 | 131.06 | NOTE | |
r-devel-linux-x86_64-debian-gcc | 0.5.5 | 8.42 | 92.32 | 100.74 | NOTE | |
r-devel-linux-x86_64-fedora-clang | 0.5.5 | 165.85 | NOTE | |||
r-devel-linux-x86_64-fedora-gcc | 0.5.5 | 168.73 | NOTE | |||
r-devel-windows-x86_64 | 0.5.5 | 12.00 | 112.00 | 124.00 | NOTE | |
r-patched-linux-x86_64 | 0.5.5 | 7.79 | 114.88 | 122.67 | NOTE | |
r-release-linux-x86_64 | 0.5.5 | 6.87 | 115.97 | 122.84 | NOTE | |
r-release-macos-arm64 | 0.5.5 | 57.00 | NOTE | |||
r-release-windows-x86_64 | 0.5.5 | 11.00 | 110.00 | 121.00 | NOTE | |
r-oldrel-macos-arm64 | 0.5.5 | 58.00 | OK | |||
r-oldrel-macos-x86_64 | 0.5.5 | 96.00 | OK | |||
r-oldrel-windows-x86_64 | 0.5.5 | 14.00 | 134.00 | 148.00 | OK |
Version: 0.5.5
Check: Rd files
Result: NOTE
checkRd: (-1) geom_categorical_model.Rd:75: Lost braces; missing escapes or markup?
75 | the {ggplot2} package, but provides functionality that \code{geom_smooth()}
| ^
checkRd: (-1) geom_parallel_slopes.Rd:85: Lost braces; missing escapes or markup?
85 | {ggplot2} grouping aesthetics: \code{group}, \code{color}, \code{fill},
| ^
checkRd: (-1) geom_parallel_slopes.Rd:87: Lost braces; missing escapes or markup?
87 | {ggplot2} package, but provides functionality that \code{geom_smooth()}
| ^
Flavors: r-devel-linux-x86_64-debian-clang, r-devel-linux-x86_64-debian-gcc, r-devel-linux-x86_64-fedora-clang, r-devel-linux-x86_64-fedora-gcc, r-devel-windows-x86_64, r-patched-linux-x86_64, r-release-linux-x86_64, r-release-macos-arm64, r-release-windows-x86_64
Version: 0.5.5
Check: data for non-ASCII characters
Result: NOTE
Note: found 5238 marked UTF-8 strings
Flavors: r-devel-linux-x86_64-fedora-clang, r-devel-linux-x86_64-fedora-gcc
These binaries (installable software) and packages are in development.
They may not be fully stable and should be used with caution. We make no claims about them.
Health stats visible at Monitor.