Last updated on 2024-05-02 13:50:04 CEST.
Flavor | Version | Tinstall | Tcheck | Ttotal | Status | Flags |
---|---|---|---|---|---|---|
r-devel-linux-x86_64-debian-clang | 1.2.8 | 24.50 | 292.84 | 317.34 | OK | |
r-devel-linux-x86_64-debian-gcc | 1.2.8 | 18.95 | 212.28 | 231.23 | OK | |
r-devel-linux-x86_64-fedora-clang | 1.2.8 | 410.53 | NOTE | |||
r-devel-linux-x86_64-fedora-gcc | 1.2.8 | 410.87 | NOTE | |||
r-devel-windows-x86_64 | 1.2.8 | 21.00 | 232.00 | 253.00 | OK | |
r-patched-linux-x86_64 | 1.2.8 | 1.24 | 2.26 | 3.50 | ERROR | |
r-release-linux-x86_64 | 1.2.8 | 0.79 | 2.42 | 3.21 | ERROR | |
r-release-macos-arm64 | 1.2.8 | 102.00 | OK | |||
r-release-windows-x86_64 | 1.2.8 | 22.00 | 235.00 | 257.00 | OK | |
r-oldrel-macos-arm64 | 1.2.8 | 112.00 | OK | |||
r-oldrel-macos-x86_64 | 1.2.8 | 214.00 | OK | |||
r-oldrel-windows-x86_64 | 1.2.8 | 30.00 | 303.00 | 333.00 | OK |
Version: 1.2.8
Check: package dependencies
Result: NOTE
Imports includes 31 non-default packages.
Importing from so many packages makes the package vulnerable to any of
them becoming unavailable. Move as many as possible to Suggests and
use conditionally.
Flavor: r-devel-linux-x86_64-fedora-clang
Version: 1.2.8
Check: dependencies in R code
Result: NOTE
Namespaces in Imports field not imported from:
‘tidymodels’ ‘tidyverse’
All declared Imports should be used.
Flavors: r-devel-linux-x86_64-fedora-clang, r-devel-linux-x86_64-fedora-gcc
Version: 1.2.8
Check: package dependencies
Result: ERROR
Package required but not available: ‘prophet’
See section ‘The DESCRIPTION file’ in the ‘Writing R Extensions’
manual.
Flavors: r-patched-linux-x86_64, r-release-linux-x86_64
These binaries (installable software) and packages are in development.
They may not be fully stable and should be used with caution. We make no claims about them.
Health stats visible at Monitor.