CRAN Package Check Results for Package modelfree

Last updated on 2025-05-15 11:50:07 CEST.

Flavor Version Tinstall Tcheck Ttotal Status Flags
r-devel-linux-x86_64-debian-clang 1.2 5.73 42.31 48.04 NOTE
r-devel-linux-x86_64-debian-gcc 1.2 3.63 30.55 34.18 NOTE
r-devel-linux-x86_64-fedora-clang 1.2 76.07 OK
r-devel-linux-x86_64-fedora-gcc 1.2 72.91 OK
r-devel-windows-x86_64 1.2 8.00 60.00 68.00 OK
r-patched-linux-x86_64 1.2 6.20 41.02 47.22 OK
r-release-linux-x86_64 1.2 5.95 40.63 46.58 OK
r-release-macos-arm64 1.2 24.00 OK
r-release-macos-x86_64 1.2 56.00 OK
r-release-windows-x86_64 1.2 6.00 61.00 67.00 OK
r-oldrel-macos-arm64 1.2 22.00 OK
r-oldrel-macos-x86_64 1.2 34.00 OK
r-oldrel-windows-x86_64 1.2 7.00 70.00 77.00 OK

Check Details

Version: 1.2
Check: CRAN incoming feasibility
Result: NOTE Maintainer: ‘Kamila Zychaluk <Kamila.Zychaluk@liverpool.ac.uk>’ The URL field contains the following bad parts: www.R-project.org The URL field should be a list of URLs separated by commas or whitespace. Flavors: r-devel-linux-x86_64-debian-clang, r-devel-linux-x86_64-debian-gcc

These binaries (installable software) and packages are in development.
They may not be fully stable and should be used with caution. We make no claims about them.
Health stats visible at Monitor.