Last updated on 2025-02-23 19:51:13 CET.
Flavor | Version | Tinstall | Tcheck | Ttotal | Status | Flags |
---|---|---|---|---|---|---|
r-devel-linux-x86_64-debian-clang | 2.1.1 | 6.27 | 26.69 | 32.96 | NOTE | |
r-devel-linux-x86_64-debian-gcc | 2.1.1 | 4.26 | 19.47 | 23.73 | NOTE | |
r-devel-linux-x86_64-fedora-clang | 2.1.1 | 53.71 | NOTE | |||
r-devel-linux-x86_64-fedora-gcc | 2.1.1 | 49.40 | NOTE | |||
r-devel-macos-arm64 | 2.1.1 | 19.00 | NOTE | |||
r-devel-macos-x86_64 | 2.1.1 | 33.00 | NOTE | |||
r-devel-windows-x86_64 | 2.1.1 | 10.00 | 49.00 | 59.00 | NOTE | |
r-patched-linux-x86_64 | 2.1.1 | 7.95 | 25.71 | 33.66 | NOTE | |
r-release-linux-x86_64 | 2.1.1 | 4.80 | 25.42 | 30.22 | NOTE | |
r-release-macos-arm64 | 2.1.1 | 23.00 | NOTE | |||
r-release-macos-x86_64 | 2.1.1 | 28.00 | NOTE | |||
r-release-windows-x86_64 | 2.1.1 | 9.00 | 47.00 | 56.00 | NOTE | |
r-oldrel-macos-arm64 | 2.1.1 | 26.00 | OK | |||
r-oldrel-macos-x86_64 | 2.1.1 | 30.00 | OK | |||
r-oldrel-windows-x86_64 | 2.1.1 | 12.00 | 52.00 | 64.00 | OK |
Version: 2.1.1
Check: Rd files
Result: NOTE
checkRd: (-1) mom.mtruncnorm.Rd:35: Lost braces
35 | \item{cum}{a logical value; if code{TRUE} (default value), cumulants
| ^
checkRd: (-1) mom.mtruncnorm.Rd:43: Lost braces; missing escapes or markup?
43 | The maximal value of {d} is \code{20}. If this threshold is exceeded, \code{NA}s
| ^
checkRd: (-1) mt.Rd:110: Lost braces
110 | and code{tvpack}, downloaded in 2005 and again in 2007 from his webpage,
| ^
Flavors: r-devel-linux-x86_64-debian-clang, r-devel-linux-x86_64-debian-gcc, r-devel-linux-x86_64-fedora-clang, r-devel-linux-x86_64-fedora-gcc, r-devel-macos-arm64, r-devel-macos-x86_64, r-devel-windows-x86_64, r-patched-linux-x86_64, r-release-linux-x86_64, r-release-macos-arm64, r-release-macos-x86_64, r-release-windows-x86_64
These binaries (installable software) and packages are in development.
They may not be fully stable and should be used with caution. We make no claims about them.
Health stats visible at Monitor.