Last updated on 2025-02-23 19:51:13 CET.
Flavor | Version | Tinstall | Tcheck | Ttotal | Status | Flags |
---|---|---|---|---|---|---|
r-devel-linux-x86_64-debian-clang | 0.6.0 | 5.06 | 247.99 | 253.05 | OK | |
r-devel-linux-x86_64-debian-gcc | 0.6.0 | 3.47 | 155.93 | 159.40 | OK | |
r-devel-linux-x86_64-fedora-clang | 0.6.0 | 369.76 | OK | |||
r-devel-linux-x86_64-fedora-gcc | 0.6.0 | 347.62 | OK | |||
r-devel-macos-arm64 | 0.6.0 | 74.00 | OK | |||
r-devel-macos-x86_64 | 0.6.0 | 146.00 | OK | |||
r-devel-windows-x86_64 | 0.6.0 | 7.00 | 154.00 | 161.00 | OK | |
r-patched-linux-x86_64 | 0.6.0 | 5.03 | 205.89 | 210.92 | OK | |
r-release-linux-x86_64 | 0.6.0 | 4.39 | 205.82 | 210.21 | OK | |
r-release-macos-arm64 | 0.6.0 | 106.00 | OK | |||
r-release-macos-x86_64 | 0.6.0 | 199.00 | OK | |||
r-release-windows-x86_64 | 0.6.0 | 7.00 | 137.00 | 144.00 | OK | |
r-oldrel-macos-arm64 | 0.6.0 | 75.00 | OK | |||
r-oldrel-macos-x86_64 | 0.6.0 | 151.00 | OK | |||
r-oldrel-windows-x86_64 | 0.6.0 | 7.00 | 200.00 | 207.00 | WARN |
Version: 0.6.0
Check: examples
Result: WARN
Found the following significant warnings:
Warning: 'maximization_to_minimization' is deprecated.
Deprecated functions may be defunct as soon as of the next release of
R.
See ?Deprecated.
Flavor: r-oldrel-windows-x86_64
These binaries (installable software) and packages are in development.
They may not be fully stable and should be used with caution. We make no claims about them.
Health stats visible at Monitor.