Last updated on 2025-02-02 07:50:18 CET.
Flavor | Version | Tinstall | Tcheck | Ttotal | Status | Flags |
---|---|---|---|---|---|---|
r-devel-linux-x86_64-debian-clang | 2.19.2 | 35.70 | 242.29 | 277.99 | NOTE | |
r-devel-linux-x86_64-debian-gcc | 2.19.2 | 23.74 | 158.38 | 182.12 | NOTE | |
r-devel-linux-x86_64-fedora-clang | 2.19.2 | 464.66 | OK | |||
r-devel-linux-x86_64-fedora-gcc | 2.19.2 | 441.71 | OK | |||
r-devel-windows-x86_64 | 2.19.2 | 43.00 | 285.00 | 328.00 | NOTE | |
r-patched-linux-x86_64 | 2.19.2 | 50.04 | 221.44 | 271.48 | OK | |
r-release-linux-x86_64 | 2.19.2 | 32.61 | 219.76 | 252.37 | OK | |
r-release-macos-arm64 | 2.19.2 | 116.00 | NOTE | |||
r-release-macos-x86_64 | 2.19.2 | 365.00 | NOTE | |||
r-release-windows-x86_64 | 2.19.2 | 41.00 | 277.00 | 318.00 | OK | |
r-oldrel-macos-arm64 | 2.19.2 | 117.00 | NOTE | |||
r-oldrel-macos-x86_64 | 2.19.2 | 247.00 | NOTE | |||
r-oldrel-windows-x86_64 | 2.19.2 | 49.00 | 367.00 | 416.00 | OK |
Version: 2.19.2
Check: Rd cross-references
Result: NOTE
Found the following Rd file(s) with Rd \link{} targets missing package
anchors:
TuneMultiCritControl.Rd: OptPath
batchmark.Rd: data.table
getClassWeightParam.Rd: LearnerParam
getLearnerParamSet.Rd: ParamSet
getParamSet.Rd: ParamSet
makeBaseWrapper.Rd: ParamSet
makeExtractFDAFeatMethod.Rd: ParamSet
makeModelMultiplexerParamSet.Rd: ParamSet
makeTuneControlMBO.Rd: OptPath
Please provide package anchors for all Rd \link{} targets not in the
package itself and the base packages.
Flavors: r-devel-linux-x86_64-debian-clang, r-devel-linux-x86_64-debian-gcc, r-devel-windows-x86_64
Version: 2.19.2
Check: package dependencies
Result: NOTE
Package suggested but not available for checking: ‘Rmpi’
Flavors: r-release-macos-arm64, r-release-macos-x86_64, r-oldrel-macos-arm64, r-oldrel-macos-x86_64
Version: 2.19.2
Check: installed package size
Result: NOTE
installed size is 5.6Mb
sub-directories of 1Mb or more:
R 2.0Mb
data 2.3Mb
Flavors: r-release-macos-arm64, r-release-macos-x86_64, r-oldrel-macos-arm64, r-oldrel-macos-x86_64
These binaries (installable software) and packages are in development.
They may not be fully stable and should be used with caution. We make no claims about them.
Health stats visible at Monitor.