Last updated on 2025-02-02 05:48:30 CET.
Flavor | Version | Tinstall | Tcheck | Ttotal | Status | Flags |
---|---|---|---|---|---|---|
r-devel-linux-x86_64-debian-clang | 1.1-1 | 10.82 | 339.98 | 350.80 | NOTE | |
r-devel-linux-x86_64-debian-gcc | 1.1-1 | 7.03 | 211.68 | 218.71 | NOTE | |
r-devel-linux-x86_64-fedora-clang | 1.1-1 | 550.21 | NOTE | |||
r-devel-linux-x86_64-fedora-gcc | 1.1-1 | 565.92 | NOTE | |||
r-devel-windows-x86_64 | 1.1-1 | 11.00 | 367.00 | 378.00 | NOTE | |
r-patched-linux-x86_64 | 1.1-1 | 14.31 | 323.17 | 337.48 | OK | |
r-release-linux-x86_64 | 1.1-1 | 9.62 | 324.56 | 334.18 | OK | |
r-release-macos-arm64 | 1.1-1 | 154.00 | OK | |||
r-release-macos-x86_64 | 1.1-1 | 303.00 | OK | |||
r-release-windows-x86_64 | 1.1-1 | 11.00 | 352.00 | 363.00 | OK | |
r-oldrel-macos-arm64 | 1.1-1 | 168.00 | OK | |||
r-oldrel-macos-x86_64 | 1.1-1 | 290.00 | OK | |||
r-oldrel-windows-x86_64 | 1.1-1 | 14.00 | 478.00 | 492.00 | OK |
Version: 1.1-1
Check: Rd cross-references
Result: NOTE
Found the following Rd file(s) with Rd \link{} targets missing package
anchors:
mlogit.Rd: Formula
Please provide package anchors for all Rd \link{} targets not in the
package itself and the base packages.
Flavors: r-devel-linux-x86_64-debian-clang, r-devel-linux-x86_64-debian-gcc, r-devel-windows-x86_64
Version: 1.1-1
Check: differences from ‘mlogit-Ex.Rout’ to ‘mlogit-Ex.Rout.save’
Result: NOTE
199c199
< 4 iterations, 0h:0m:1s
---
> 4 iterations, 0h:0m:0s
Flavor: r-devel-linux-x86_64-fedora-clang
Version: 1.1-1
Check: differences from ‘mlogit-Ex.Rout’ to ‘mlogit-Ex.Rout.save’
Result: NOTE
170c170
< 7 iterations, 0h:0m:1s
---
> 7 iterations, 0h:0m:0s
199c199
< 4 iterations, 0h:0m:1s
---
> 4 iterations, 0h:0m:0s
256c256
< 7 iterations, 0h:0m:1s
---
> 7 iterations, 0h:0m:0s
Flavor: r-devel-linux-x86_64-fedora-gcc
These binaries (installable software) and packages are in development.
They may not be fully stable and should be used with caution. We make no claims about them.
Health stats visible at Monitor.