Last updated on 2024-05-02 11:51:27 CEST.
Flavor | Version | Tinstall | Tcheck | Ttotal | Status | Flags |
---|---|---|---|---|---|---|
r-devel-linux-x86_64-debian-clang | 1.1.1 | 14.49 | 170.56 | 185.05 | NOTE | |
r-devel-linux-x86_64-debian-gcc | 1.1.1 | 11.41 | 124.78 | 136.19 | NOTE | |
r-devel-linux-x86_64-fedora-clang | 1.1.1 | 235.72 | NOTE | |||
r-devel-linux-x86_64-fedora-gcc | 1.1.1 | 224.69 | NOTE | |||
r-devel-windows-x86_64 | 1.1.1 | 16.00 | 146.00 | 162.00 | NOTE | |
r-patched-linux-x86_64 | 1.1.1 | 12.66 | 165.32 | 177.98 | NOTE | |
r-release-linux-x86_64 | 1.1.1 | 13.46 | 157.42 | 170.88 | NOTE | |
r-release-macos-arm64 | 1.1.1 | 93.00 | NOTE | |||
r-release-windows-x86_64 | 1.1.1 | 15.00 | 141.00 | 156.00 | NOTE | |
r-oldrel-macos-arm64 | 1.1.1 | 68.00 | NOTE | |||
r-oldrel-macos-x86_64 | 1.1.1 | 107.00 | NOTE | |||
r-oldrel-windows-x86_64 | 1.1.1 | 20.00 | 174.00 | 194.00 | NOTE |
Version: 1.1.1
Check: package dependencies
Result: NOTE
Packages suggested but not available for checking:
'ueadata1', 'ueadata2', 'ueadata3', 'ueadata4', 'ueadata5',
'ueadata6', 'ueadata7', 'ueadata8'
Flavors: r-devel-linux-x86_64-debian-clang, r-devel-linux-x86_64-debian-gcc, r-devel-linux-x86_64-fedora-gcc, r-devel-windows-x86_64, r-patched-linux-x86_64, r-release-linux-x86_64, r-release-macos-arm64, r-release-windows-x86_64, r-oldrel-macos-arm64, r-oldrel-macos-x86_64, r-oldrel-windows-x86_64
Version: 1.1.1
Check: package dependencies
Result: NOTE
Packages suggested but not available for checking:
'ueadata1', 'ueadata2', 'ueadata3', 'ueadata4', 'ueadata5',
'ueadata6', 'ueadata7', 'ueadata8'
Imports includes 32 non-default packages.
Importing from so many packages makes the package vulnerable to any of
them becoming unavailable. Move as many as possible to Suggests and
use conditionally.
Flavor: r-devel-linux-x86_64-fedora-clang
Version: 1.1.1
Check: dependencies in R code
Result: NOTE
Namespaces in Imports field not imported from:
‘ClusterR’ ‘MASS’ ‘Rdpack’ ‘multiwave’ ‘randomForest’ ‘ranger’
All declared Imports should be used.
Flavors: r-devel-linux-x86_64-fedora-clang, r-devel-linux-x86_64-fedora-gcc
These binaries (installable software) and packages are in development.
They may not be fully stable and should be used with caution. We make no claims about them.
Health stats visible at Monitor.