Last updated on 2025-02-02 07:50:18 CET.
Flavor | Version | Tinstall | Tcheck | Ttotal | Status | Flags |
---|---|---|---|---|---|---|
r-devel-linux-x86_64-debian-clang | 1.1.2 | 2.93 | 60.51 | 63.44 | NOTE | |
r-devel-linux-x86_64-debian-gcc | 1.1.2 | 1.96 | 44.30 | 46.26 | NOTE | |
r-devel-linux-x86_64-fedora-clang | 1.1.2 | 100.95 | NOTE | |||
r-devel-linux-x86_64-fedora-gcc | 1.1.2 | 105.12 | NOTE | |||
r-devel-windows-x86_64 | 1.1.2 | 4.00 | 94.00 | 98.00 | NOTE | |
r-patched-linux-x86_64 | 1.1.2 | 3.09 | 60.41 | 63.50 | NOTE | |
r-release-linux-x86_64 | 1.1.2 | 2.95 | 60.07 | 63.02 | NOTE | |
r-release-macos-arm64 | 1.1.2 | 33.00 | NOTE | |||
r-release-macos-x86_64 | 1.1.2 | 48.00 | NOTE | |||
r-release-windows-x86_64 | 1.1.2 | 4.00 | 92.00 | 96.00 | NOTE | |
r-oldrel-macos-arm64 | 1.1.2 | 34.00 | OK | |||
r-oldrel-macos-x86_64 | 1.1.2 | 75.00 | OK | |||
r-oldrel-windows-x86_64 | 1.1.2 | 3.00 | 106.00 | 109.00 | OK |
Version: 1.1.2
Check: Rd files
Result: NOTE
checkRd: (-1) refBasedCts.Rd:44: Lost braces
44 | using reference based imputation as proposed by \doi{10.1080/10543406.2013.834911}{Carpenter et al (2013)}. This approach
| ^
Flavors: r-devel-linux-x86_64-debian-clang, r-devel-linux-x86_64-debian-gcc, r-devel-linux-x86_64-fedora-clang, r-devel-linux-x86_64-fedora-gcc, r-devel-windows-x86_64, r-patched-linux-x86_64, r-release-linux-x86_64, r-release-macos-arm64, r-release-macos-x86_64, r-release-windows-x86_64
These binaries (installable software) and packages are in development.
They may not be fully stable and should be used with caution. We make no claims about them.
Health stats visible at Monitor.