Last updated on 2025-05-15 11:50:07 CEST.
Flavor | Version | Tinstall | Tcheck | Ttotal | Status | Flags |
---|---|---|---|---|---|---|
r-devel-linux-x86_64-debian-clang | 1.1.2 | 2.26 | 61.19 | 63.45 | NOTE | |
r-devel-linux-x86_64-debian-gcc | 1.1.2 | 2.26 | 44.71 | 46.97 | NOTE | |
r-devel-linux-x86_64-fedora-clang | 1.1.2 | 101.51 | NOTE | |||
r-devel-linux-x86_64-fedora-gcc | 1.1.2 | 101.99 | NOTE | |||
r-devel-windows-x86_64 | 1.1.2 | 4.00 | 94.00 | 98.00 | NOTE | |
r-patched-linux-x86_64 | 1.1.2 | 2.66 | 60.49 | 63.15 | NOTE | |
r-release-linux-x86_64 | 1.1.2 | 2.93 | 60.23 | 63.16 | NOTE | |
r-release-macos-arm64 | 1.1.2 | 37.00 | NOTE | |||
r-release-macos-x86_64 | 1.1.2 | 64.00 | NOTE | |||
r-release-windows-x86_64 | 1.1.2 | 4.00 | 92.00 | 96.00 | NOTE | |
r-oldrel-macos-arm64 | 1.1.2 | 33.00 | NOTE | |||
r-oldrel-macos-x86_64 | 1.1.2 | 48.00 | NOTE | |||
r-oldrel-windows-x86_64 | 1.1.2 | 5.00 | 115.00 | 120.00 | NOTE |
Version: 1.1.2
Check: CRAN incoming feasibility
Result: NOTE
Maintainer: ‘Jonathan Bartlett <jonathan.bartlett1@lshtm.ac.uk>’
No Authors@R field in DESCRIPTION.
Please add one, modifying
Authors@R: person(given = "Jonathan",
family = "Bartlett",
role = c("aut", "cre"),
email = "jonathan.bartlett1@lshtm.ac.uk")
as necessary.
Flavors: r-devel-linux-x86_64-debian-clang, r-devel-linux-x86_64-debian-gcc
Version: 1.1.2
Check: Rd files
Result: NOTE
checkRd: (-1) refBasedCts.Rd:44: Lost braces
44 | using reference based imputation as proposed by \doi{10.1080/10543406.2013.834911}{Carpenter et al (2013)}. This approach
| ^
Flavors: r-devel-linux-x86_64-debian-clang, r-devel-linux-x86_64-debian-gcc, r-devel-linux-x86_64-fedora-clang, r-devel-linux-x86_64-fedora-gcc, r-devel-windows-x86_64, r-patched-linux-x86_64, r-release-linux-x86_64, r-release-macos-arm64, r-release-macos-x86_64, r-release-windows-x86_64, r-oldrel-macos-arm64, r-oldrel-macos-x86_64, r-oldrel-windows-x86_64
These binaries (installable software) and packages are in development.
They may not be fully stable and should be used with caution. We make no claims about them.
Health stats visible at Monitor.