CRAN Package Check Results for Package mixedLSR

Last updated on 2025-05-10 23:50:03 CEST.

Flavor Version Tinstall Tcheck Ttotal Status Flags
r-devel-linux-x86_64-debian-clang 0.1.0 9.86 209.45 219.31 NOTE
r-devel-linux-x86_64-debian-gcc 0.1.0 7.28 154.84 162.12 NOTE
r-devel-linux-x86_64-fedora-clang 0.1.0 327.36 OK
r-devel-linux-x86_64-fedora-gcc 0.1.0 373.07 OK
r-devel-windows-x86_64 0.1.0 12.00 220.00 232.00 OK
r-patched-linux-x86_64 0.1.0 8.96 218.78 227.74 OK
r-release-linux-x86_64 0.1.0 8.49 218.65 227.14 OK
r-release-macos-arm64 0.1.0 111.00 OK
r-release-macos-x86_64 0.1.0 215.00 OK
r-release-windows-x86_64 0.1.0 11.00 212.00 223.00 OK
r-oldrel-macos-arm64 0.1.0 125.00 OK
r-oldrel-macos-x86_64 0.1.0 189.00 OK
r-oldrel-windows-x86_64 0.1.0 14.00 305.00 319.00 OK

Check Details

Version: 0.1.0
Check: CRAN incoming feasibility
Result: NOTE Maintainer: ‘Alexander White <whitealj@iu.edu>’ The BugReports field in DESCRIPTION has https://github.com/alexanderjwhite/mixedLSR which should likely be https://github.com/alexanderjwhite/mixedLSR/issues instead. Flavors: r-devel-linux-x86_64-debian-clang, r-devel-linux-x86_64-debian-gcc

These binaries (installable software) and packages are in development.
They may not be fully stable and should be used with caution. We make no claims about them.
Health stats visible at Monitor.