Last updated on 2025-05-17 15:50:48 CEST.
Flavor | Version | Tinstall | Tcheck | Ttotal | Status | Flags |
---|---|---|---|---|---|---|
r-devel-linux-x86_64-debian-clang | 2.1.1 | 3.59 | 26.59 | 30.18 | NOTE | |
r-devel-linux-x86_64-debian-gcc | 2.1.1 | 2.98 | 20.72 | 23.70 | NOTE | |
r-devel-linux-x86_64-fedora-clang | 2.1.1 | 46.91 | OK | |||
r-devel-linux-x86_64-fedora-gcc | 2.1.1 | 45.76 | OK | |||
r-devel-windows-x86_64 | 2.1.1 | 5.00 | 47.00 | 52.00 | OK | |
r-patched-linux-x86_64 | 2.1.1 | 3.37 | 25.51 | 28.88 | OK | |
r-release-linux-x86_64 | 2.1.1 | 3.69 | 25.68 | 29.37 | OK | |
r-release-macos-arm64 | 2.1.1 | 19.00 | OK | |||
r-release-macos-x86_64 | 2.1.1 | 33.00 | OK | |||
r-release-windows-x86_64 | 2.1.1 | 5.00 | 47.00 | 52.00 | OK | |
r-oldrel-macos-arm64 | 2.1.1 | 18.00 | OK | |||
r-oldrel-macos-x86_64 | 2.1.1 | 25.00 | OK | |||
r-oldrel-windows-x86_64 | 2.1.1 | 5.00 | 52.00 | 57.00 | OK |
Version: 2.1.1
Check: CRAN incoming feasibility
Result: NOTE
Maintainer: ‘Mahdi Teimouri <teimouri@aut.ac.ir>’
The Description field contains
<arXiv:2205.14067> and estimating parameters of the symmetric stable
Please refer to arXiv e-prints via their arXiv DOI <doi:10.48550/arXiv.YYMM.NNNNN>.
Flavors: r-devel-linux-x86_64-debian-clang, r-devel-linux-x86_64-debian-gcc
These binaries (installable software) and packages are in development.
They may not be fully stable and should be used with caution. We make no claims about them.
Health stats visible at Monitor.