Last updated on 2025-02-08 19:49:25 CET.
Flavor | Version | Tinstall | Tcheck | Ttotal | Status | Flags |
---|---|---|---|---|---|---|
r-devel-linux-x86_64-debian-clang | 1.0.0 | 2.94 | 265.13 | 268.07 | NOTE | |
r-devel-linux-x86_64-debian-gcc | 1.0.0 | 2.25 | 158.29 | 160.54 | NOTE | |
r-devel-linux-x86_64-fedora-clang | 1.0.0 | 414.23 | NOTE | |||
r-devel-linux-x86_64-fedora-gcc | 1.0.0 | 411.32 | NOTE | |||
r-devel-windows-x86_64 | 1.0.0 | 5.00 | 269.00 | 274.00 | NOTE | |
r-patched-linux-x86_64 | 1.0.0 | 2.81 | 230.61 | 233.42 | NOTE | |
r-release-linux-x86_64 | 1.0.0 | 2.82 | 241.12 | 243.94 | NOTE | |
r-release-macos-arm64 | 1.0.0 | 115.00 | NOTE | |||
r-release-macos-x86_64 | 1.0.0 | 226.00 | NOTE | |||
r-release-windows-x86_64 | 1.0.0 | 4.00 | 269.00 | 273.00 | NOTE | |
r-oldrel-macos-arm64 | 1.0.0 | 130.00 | NOTE | |||
r-oldrel-macos-x86_64 | 1.0.0 | 217.00 | NOTE | |||
r-oldrel-windows-x86_64 | 1.0.0 | 4.00 | 322.00 | 326.00 | NOTE |
Version: 1.0.0
Check: package subdirectories
Result: NOTE
Problems with news in ‘NEWS.md’:
Cannot extract version info from the following section titles:
Bug Fix
Update Vignettes
Function Optimizing
New Functions
Vignette
Optimization
Fix Bugs
Add New Function
Update Description Files
Fix bugs
New .R files
Update Old .R files
Flavors: r-devel-linux-x86_64-debian-clang, r-devel-linux-x86_64-debian-gcc, r-devel-linux-x86_64-fedora-clang, r-devel-linux-x86_64-fedora-gcc, r-devel-windows-x86_64, r-patched-linux-x86_64, r-release-linux-x86_64, r-release-macos-arm64, r-release-macos-x86_64, r-release-windows-x86_64, r-oldrel-macos-arm64, r-oldrel-macos-x86_64, r-oldrel-windows-x86_64
These binaries (installable software) and packages are in development.
They may not be fully stable and should be used with caution. We make no claims about them.
Health stats visible at Monitor.