CRAN Package Check Results for Package mixIndependR

Last updated on 2025-05-15 09:52:34 CEST.

Flavor Version Tinstall Tcheck Ttotal Status Flags
r-devel-linux-x86_64-debian-clang 1.0.0 2.69 232.73 235.42 NOTE
r-devel-linux-x86_64-debian-gcc 1.0.0 2.17 138.78 140.95 NOTE
r-devel-linux-x86_64-fedora-clang 1.0.0 360.41 NOTE
r-devel-linux-x86_64-fedora-gcc 1.0.0 368.76 NOTE
r-devel-windows-x86_64 1.0.0 4.00 234.00 238.00 NOTE
r-patched-linux-x86_64 1.0.0 2.74 212.29 215.03 NOTE
r-release-linux-x86_64 1.0.0 2.91 211.63 214.54 NOTE
r-release-macos-arm64 1.0.0 134.00 NOTE
r-release-macos-x86_64 1.0.0 288.00 NOTE
r-release-windows-x86_64 1.0.0 3.00 238.00 241.00 NOTE
r-oldrel-macos-arm64 1.0.0 115.00 NOTE
r-oldrel-macos-x86_64 1.0.0 226.00 NOTE
r-oldrel-windows-x86_64 1.0.0 3.00 347.00 350.00 NOTE

Check Details

Version: 1.0.0
Check: CRAN incoming feasibility
Result: NOTE Maintainer: ‘Bing Song <bing.song@utsouthwestern.edu>’ No Authors@R field in DESCRIPTION. Please add one, modifying Authors@R: person(given = "Bing", family = "Song", role = c("aut", "cre"), email = "bing.song@utsouthwestern.edu") as necessary. Package CITATION file contains call(s) to old-style citEntry(). Please use bibentry() instead. Flavors: r-devel-linux-x86_64-debian-clang, r-devel-linux-x86_64-debian-gcc

Version: 1.0.0
Check: package subdirectories
Result: NOTE Problems with news in ‘NEWS.md’: Cannot extract version info from the following section titles: Bug Fix Update Vignettes Function Optimizing New Functions Vignette Optimization Fix Bugs Add New Function Update Description Files Fix bugs New .R files Update Old .R files Flavors: r-devel-linux-x86_64-debian-clang, r-devel-linux-x86_64-debian-gcc, r-devel-linux-x86_64-fedora-clang, r-devel-linux-x86_64-fedora-gcc, r-devel-windows-x86_64, r-patched-linux-x86_64, r-release-linux-x86_64, r-release-macos-arm64, r-release-macos-x86_64, r-release-windows-x86_64, r-oldrel-macos-arm64, r-oldrel-macos-x86_64, r-oldrel-windows-x86_64

These binaries (installable software) and packages are in development.
They may not be fully stable and should be used with caution. We make no claims about them.
Health stats visible at Monitor.