CRAN Package Check Results for Package missForest

Last updated on 2025-05-03 22:50:00 CEST.

Flavor Version Tinstall Tcheck Ttotal Status Flags
r-devel-linux-x86_64-debian-clang 1.5 2.39 35.21 37.60 NOTE
r-devel-linux-x86_64-debian-gcc 1.5 1.67 28.07 29.74 NOTE
r-devel-linux-x86_64-fedora-clang 1.5 58.85 OK
r-devel-linux-x86_64-fedora-gcc 1.5 72.54 OK
r-devel-windows-x86_64 1.5 4.00 88.00 92.00 NOTE
r-patched-linux-x86_64 1.5 2.49 34.13 36.62 NOTE
r-release-linux-x86_64 NOTE
r-release-macos-arm64 1.5 63.00 OK
r-release-macos-x86_64 1.5 66.00 OK
r-release-windows-x86_64 1.5 4.00 80.00 84.00 NOTE
r-oldrel-macos-arm64 1.5 37.00 OK
r-oldrel-macos-x86_64 1.5 52.00 OK
r-oldrel-windows-x86_64 1.5 4.00 80.00 84.00 OK

Check Details

Version: 1.5
Check: CRAN incoming feasibility
Result: NOTE Maintainer: ‘Daniel J. Stekhoven <stekhoven@stat.math.ethz.ch>’ No Authors@R field in DESCRIPTION. Please add one, modifying Authors@R: person(given = c("Daniel", "J."), family = "Stekhoven", role = c("aut", "cre"), email = "stekhoven@stat.math.ethz.ch") as necessary. Package CITATION file contains call(s) to old-style personList() or as.personList(). Please use c() on person objects instead. Package CITATION file contains call(s) to old-style citEntry(). Please use bibentry() instead. Flavors: r-devel-linux-x86_64-debian-clang, r-devel-linux-x86_64-debian-gcc

Version: 1.5
Check: Rd cross-references
Result: NOTE Found the following Rd file(s) with Rd \link{} targets missing package anchors: missForest.Rd: randomForest Please provide package anchors for all Rd \link{} targets not in the package itself and the base packages. Flavors: r-devel-linux-x86_64-debian-clang, r-devel-linux-x86_64-debian-gcc, r-devel-windows-x86_64, r-patched-linux-x86_64, r-release-linux-x86_64, r-release-windows-x86_64

These binaries (installable software) and packages are in development.
They may not be fully stable and should be used with caution. We make no claims about them.
Health stats visible at Monitor.