CRAN Package Check Results for Package miscTools

Last updated on 2025-05-03 22:50:00 CEST.

Flavor Version Tinstall Tcheck Ttotal Status Flags
r-devel-linux-x86_64-debian-clang 0.6-28 2.09 25.23 27.32 NOTE
r-devel-linux-x86_64-debian-gcc 0.6-28 1.81 20.06 21.87 NOTE
r-devel-linux-x86_64-fedora-clang 0.6-28 43.02 NOTE
r-devel-linux-x86_64-fedora-gcc 0.6-28 41.19 NOTE
r-devel-windows-x86_64 0.6-28 3.00 63.00 66.00 NOTE
r-patched-linux-x86_64 0.6-28 2.82 24.31 27.13 NOTE
r-release-linux-x86_64 NOTE
r-release-macos-arm64 0.6-28 23.00 NOTE
r-release-macos-x86_64 0.6-28 32.00 NOTE
r-release-windows-x86_64 0.6-28 5.00 53.00 58.00 NOTE
r-oldrel-macos-arm64 0.6-28 32.00 NOTE
r-oldrel-macos-x86_64 0.6-28 28.00 NOTE
r-oldrel-windows-x86_64 0.6-28 4.00 58.00 62.00 NOTE

Check Details

Version: 0.6-28
Check: CRAN incoming feasibility
Result: NOTE Maintainer: ‘Arne Henningsen <arne.henningsen@gmail.com>’ No Authors@R field in DESCRIPTION. Please add one, modifying Authors@R: c(person(given = "Arne", family = "Henningsen", role = c("aut", "cre"), email = "arne.henningsen@gmail.com"), person(given = "Ott", family = "Toomet", role = "aut")) as necessary. Flavors: r-devel-linux-x86_64-debian-clang, r-devel-linux-x86_64-debian-gcc

Version: 0.6-28
Check: Rd files
Result: NOTE checkRd: (-1) sumKeepAttr.Rd:19: Lost braces 19 | (only relevant if code{x} has only one element).} | ^ Flavors: r-devel-linux-x86_64-debian-clang, r-devel-linux-x86_64-debian-gcc, r-devel-linux-x86_64-fedora-clang, r-devel-linux-x86_64-fedora-gcc, r-devel-windows-x86_64, r-patched-linux-x86_64, r-release-linux-x86_64, r-release-macos-arm64, r-release-macos-x86_64, r-release-windows-x86_64, r-oldrel-macos-arm64, r-oldrel-macos-x86_64, r-oldrel-windows-x86_64

These binaries (installable software) and packages are in development.
They may not be fully stable and should be used with caution. We make no claims about them.
Health stats visible at Monitor.