Last updated on 2025-02-23 15:49:50 CET.
Flavor | Version | Tinstall | Tcheck | Ttotal | Status | Flags |
---|---|---|---|---|---|---|
r-devel-linux-x86_64-debian-clang | 0.9-1 | 5.54 | 41.42 | 46.96 | NOTE | |
r-devel-linux-x86_64-debian-gcc | 0.9-1 | 4.25 | 31.88 | 36.13 | NOTE | |
r-devel-linux-x86_64-fedora-clang | 0.9-1 | 74.75 | OK | |||
r-devel-linux-x86_64-fedora-gcc | 0.9-1 | 73.24 | OK | |||
r-devel-macos-arm64 | 0.9-1 | 36.00 | OK | |||
r-devel-macos-x86_64 | 0.9-1 | 63.00 | OK | |||
r-devel-windows-x86_64 | 0.9-1 | 6.00 | 74.00 | 80.00 | ERROR | |
r-patched-linux-x86_64 | 0.9-1 | 5.33 | 38.46 | 43.79 | OK | |
r-release-linux-x86_64 | 0.9-1 | 5.36 | 38.57 | 43.93 | OK | |
r-release-macos-arm64 | 0.9-1 | 44.00 | OK | |||
r-release-macos-x86_64 | 0.9-1 | 46.00 | OK | |||
r-release-windows-x86_64 | 0.9-1 | 7.00 | 85.00 | 92.00 | OK | |
r-oldrel-macos-arm64 | 0.9-1 | 29.00 | OK | |||
r-oldrel-macos-x86_64 | 0.9-1 | 41.00 | OK | |||
r-oldrel-windows-x86_64 | 0.9-1 | 6.00 | 91.00 | 97.00 | OK |
Version: 0.9-1
Check: for unstated dependencies in ‘demo’
Result: NOTE
'library' or 'require' call not declared from: ‘maps’
Flavors: r-devel-linux-x86_64-debian-clang, r-devel-linux-x86_64-debian-gcc
Version: 0.9-1
Check: examples
Result: ERROR
Running examples in 'misc3d-Ex.R' failed
The error most likely occurred in:
> ### Name: slices3d
> ### Title: Interactive Image Slices of 3D or 4D Volume Data
> ### Aliases: slices3d
> ### Keywords: hplot
>
> ### ** Examples
>
> #Example 1: View of a mixture of three tri-variate normal densities
> nmix3 <- function(x, y, z, m, s) {
+ 0.4 * dnorm(x, m, s) * dnorm(y, m, s) * dnorm(z, m, s) +
+ 0.3 * dnorm(x, -m, s) * dnorm(y, -m, s) * dnorm(z, -m, s) +
+ 0.3 * dnorm(x, m, s) * dnorm(y, -1.5 * m, s) * dnorm(z, m, s)
+ }
> x<-seq(-2, 2, len=40)
> g<-expand.grid(x = x, y = x, z = x)
> v<-array(nmix3(g$x,g$y,g$z, .5,.5), c(40,40,40))
> slices3d(vol1=v, main="View of a mixture of three tri-variate normals", col1=heat.colors(256))
Loading required namespace: tkrplot
Unable to save metafile to the clipboard
Error in structure(.External(.C_dotTcl, ...), class = "tclObj") :
[tcl] can't get device image.
Calls: slices3d -> lapply -> FUN -> <Anonymous> -> .Tcl -> structure
Execution halted
Flavor: r-devel-windows-x86_64
These binaries (installable software) and packages are in development.
They may not be fully stable and should be used with caution. We make no claims about them.
Health stats visible at Monitor.