CRAN Package Check Results for Package miniGUI

Last updated on 2025-05-15 07:49:44 CEST.

Flavor Version Tinstall Tcheck Ttotal Status Flags
r-devel-linux-x86_64-debian-clang 0.8-1 1.98 20.12 22.10 NOTE
r-devel-linux-x86_64-debian-gcc 0.8-1 1.75 16.39 18.14 NOTE
r-devel-linux-x86_64-fedora-clang 0.8-1 35.21 OK
r-devel-linux-x86_64-fedora-gcc 0.8-1 35.15 OK
r-devel-windows-x86_64 0.8-1 4.00 49.00 53.00 OK
r-patched-linux-x86_64 0.8-1 2.24 19.42 21.66 OK
r-release-linux-x86_64 0.8-1 1.75 19.29 21.04 OK
r-release-macos-arm64 0.8-1 OK
r-release-macos-x86_64 0.8-1 42.00 OK
r-release-windows-x86_64 0.8-1 3.00 47.00 50.00 OK
r-oldrel-macos-arm64 0.8-1 23.00 OK
r-oldrel-macos-x86_64 0.8-1 25.00 OK
r-oldrel-windows-x86_64 0.8-1 3.00 41.00 44.00 OK

Check Details

Version: 0.8-1
Check: CRAN incoming feasibility
Result: NOTE Maintainer: ‘Jorge Luis Ojeda Cabrera <jojeda@unizar.es>’ No Authors@R field in DESCRIPTION. Please add one, modifying Authors@R: person(given = c("Jorge", "Luis", "Ojeda"), family = "Cabrera", role = c("aut", "cre"), email = "jojeda@unizar.es") as necessary. Found the following \keyword or \concept entries which likely give several index terms: File ‘makeWidgetCmd.Rd’: \keyword{ utilities misc } File ‘mapFuncToWidget.Rd’: \keyword{ utilities misc } File ‘miniGUI.Rd’: \keyword{ utilities misc } File ‘miniGUIhelpers.Rd’: \keyword{ utilities misc } File ‘miniGUIinputWidget.Rd’: \keyword{ utilities misc } Flavors: r-devel-linux-x86_64-debian-clang, r-devel-linux-x86_64-debian-gcc

These binaries (installable software) and packages are in development.
They may not be fully stable and should be used with caution. We make no claims about them.
Health stats visible at Monitor.