Last updated on 2025-05-15 11:50:06 CEST.
Flavor | Version | Tinstall | Tcheck | Ttotal | Status | Flags |
---|---|---|---|---|---|---|
r-devel-linux-x86_64-debian-clang | 0.4.0 | 8.35 | 133.05 | 141.40 | NOTE | |
r-devel-linux-x86_64-debian-gcc | 0.4.0 | 4.83 | 85.58 | 90.41 | NOTE | |
r-devel-linux-x86_64-fedora-clang | 0.4.0 | 230.78 | OK | |||
r-devel-linux-x86_64-fedora-gcc | 0.4.0 | 226.66 | OK | |||
r-devel-windows-x86_64 | 0.4.0 | 11.00 | 138.00 | 149.00 | NOTE | |
r-patched-linux-x86_64 | 0.4.0 | 9.20 | 123.05 | 132.25 | NOTE | |
r-release-linux-x86_64 | 0.4.0 | 6.16 | 123.80 | 129.96 | NOTE | |
r-release-macos-arm64 | 0.4.0 | 54.00 | OK | |||
r-release-macos-x86_64 | 0.4.0 | 118.00 | OK | |||
r-release-windows-x86_64 | 0.4.0 | 10.00 | 142.00 | 152.00 | NOTE | |
r-oldrel-macos-arm64 | 0.4.0 | 57.00 | NOTE | |||
r-oldrel-macos-x86_64 | 0.4.0 | 114.00 | NOTE | |||
r-oldrel-windows-x86_64 | 0.4.0 | 13.00 | 179.00 | 192.00 | NOTE |
Version: 0.4.0
Check: CRAN incoming feasibility
Result: NOTE
Maintainer: ‘Sean Kent <skent259@gmail.com>’
The Description field contains
<arXiv:2206.14704>; Xiao, Liu, and Hao (2018)
Please refer to arXiv e-prints via their arXiv DOI <doi:10.48550/arXiv.YYMM.NNNNN>.
Flavors: r-devel-linux-x86_64-debian-clang, r-devel-linux-x86_64-debian-gcc
Version: 0.4.0
Check: Rd cross-references
Result: NOTE
Found the following Rd file(s) with Rd \link{} targets missing package
anchors:
formatting.Rd: print.tbl
Please provide package anchors for all Rd \link{} targets not in the
package itself and the base packages.
Flavors: r-devel-linux-x86_64-debian-clang, r-devel-linux-x86_64-debian-gcc, r-devel-windows-x86_64, r-patched-linux-x86_64, r-release-linux-x86_64, r-release-windows-x86_64
Version: 0.4.0
Check: package dependencies
Result: NOTE
Package suggested but not available for checking: ‘gurobi’
Flavors: r-oldrel-macos-arm64, r-oldrel-macos-x86_64, r-oldrel-windows-x86_64
These binaries (installable software) and packages are in development.
They may not be fully stable and should be used with caution. We make no claims about them.
Health stats visible at Monitor.