Last updated on 2025-10-09 20:04:13 CEST.
Flavor | Version | Tinstall | Tcheck | Ttotal | Status | Flags |
---|---|---|---|---|---|---|
r-devel-linux-x86_64-debian-clang | 0.1-3 | 27.00 | 366.62 | 393.62 | WARN | |
r-devel-linux-x86_64-debian-gcc | 0.1-3 | 18.42 | 261.75 | 280.17 | WARN | |
r-devel-linux-x86_64-fedora-clang | 0.1-3 | 552.33 | WARN | |||
r-devel-linux-x86_64-fedora-gcc | 0.1-3 | 555.11 | WARN | |||
r-devel-windows-x86_64 | 0.1-3 | 33.00 | 432.00 | 465.00 | WARN | |
r-patched-linux-x86_64 | 0.1-3 | 30.72 | 355.45 | 386.17 | WARN | |
r-release-linux-x86_64 | 0.1-3 | 26.88 | 365.64 | 392.52 | WARN | |
r-release-macos-arm64 | 0.1-3 | 82.00 | OK | |||
r-release-macos-x86_64 | 0.1-3 | 174.00 | OK | |||
r-release-windows-x86_64 | 0.1-3 | 32.00 | 430.00 | 462.00 | WARN | |
r-oldrel-macos-arm64 | 0.1-3 | 86.00 | OK | |||
r-oldrel-macos-x86_64 | 0.1-3 | 182.00 | OK | |||
r-oldrel-windows-x86_64 | 0.1-3 | 42.00 | 511.00 | 553.00 | WARN |
Version: 0.1-3
Check: re-building of vignette outputs
Result: WARN
Error(s) in re-building vignettes:
...
--- re-building ‘charitable.qmd’ using pdf
<1b>[31m
processing file: charitable.qmd
<1b>[39m<1b>[31moutput file: charitable.knit.md
<1b>[39m<1b>[1mpandoc <1b>[22m
to: latex
output-file: charitable.tex
standalone: true
pdf-engine: lualatex
variables:
graphics: true
tables: true
default-image-extension: pdf
<1b>[1mmetadata<1b>[22m
documentclass: scrartcl
classoption:
- DIV=11
- numbers=noendperiod
papersize: letter
header-includes:
- \KOMAoption{captions}{tableheading}
block-headings: true
title: Estimating the Tobit-1 model with the charitable data set
date: today
date-format: long
bibliography:
- ../inst/REFERENCES.bib
vignette: |
%\VignetteIndexEntry{Estimating the Tobit-1 model with the charitable data set} %\VignetteEngine{quarto::pdf} %\VignetteEncoding{UTF-8}
<1b>[1m<1b>[34m
Rendering PDF<1b>[39m<1b>[22m
<1b>[1m<1b>[34mrunning lualatex - 1<1b>[39m<1b>[22m
This is LuaHBTeX, Version 1.22.0 (TeX Live 2025/Debian)
restricted system commands enabled.
<1b>[91mERROR:
compilation failed- missing packages (automatic installed disabled)<1b>[39m
LaTeX Error: Environment tblr undefined.
See the LaTeX manual or LaTeX Companion for explanation.
Type H <return> for immediate help.
...
l.335 \begin{tblr}
[ %% tabularray outer open
see charitable.log for more information.
<1b>[33mWARN: Error encountered when rendering files<1b>[39m
Error: processing vignette 'charitable.qmd' failed with diagnostics:
! Error running quarto CLI from R.
Caused by error:
! Could not evaluate cli `{}` expression: `captions`.
Caused by error:
! object 'captions' not found
--- failed re-building ‘charitable.qmd’
--- re-building ‘escount.qmd’ using pdf
<1b>[31m
processing file: escount.qmd
<1b>[39m<1b>[31moutput file: escount.knit.md
<1b>[39m<1b>[1mpandoc <1b>[22m
to: latex
output-file: escount.tex
standalone: true
pdf-engine: lualatex
variables:
graphics: true
tables: true
default-image-extension: pdf
<1b>[1mmetadata<1b>[22m
documentclass: scrartcl
classoption:
- DIV=11
- numbers=noendperiod
papersize: letter
header-includes:
- \KOMAoption{captions}{tableheading}
block-headings: true
title: Endogenous switching or sample selection models for count data
date: today
date-format: long
bibliography:
- ../inst/REFERENCES.bib
vignette: |
%\VignetteIndexEntry{Endogenous switching or sample selection models for count data} %\VignetteEngine{quarto::pdf} %\VignetteEncoding{UTF-8}
<1b>[1m<1b>[34m
Rendering PDF<1b>[39m<1b>[22m
<1b>[1m<1b>[34mrunning lualatex - 1<1b>[39m<1b>[22m
This is LuaHBTeX, Version 1.22.0 (TeX Live 2025/Debian)
restricted system commands enabled.
<1b>[1m<1b>[34mrunning lualatex - 2<1b>[39m<1b>[22m
This is LuaHBTeX, Version 1.22.0 (TeX Live 2025/Debian)
restricted system commands enabled.
Output created: escount.pdf
--- finished re-building ‘escount.qmd’
--- re-building ‘expreg.qmd’ using pdf
<1b>[31m
processing file: expreg.qmd
<1b>[39m<1b>[31moutput file: expreg.knit.md
<1b>[39m<1b>[1mpandoc <1b>[22m
to: latex
output-file: expreg.tex
standalone: true
pdf-engine: lualatex
variables:
graphics: true
tables: true
default-image-extension: pdf
<1b>[1mmetadata<1b>[22m
documentclass: scrartcl
classoption:
- DIV=11
- numbers=noendperiod
papersize: letter
header-includes:
- \KOMAoption{captions}{tableheading}
block-headings: true
title: Exponentional conditional mean models with endogeneity
date: today
date-format: long
bibliography:
- ../inst/REFERENCES.bib
vignette: |
%\VignetteIndexEntry{Exponentional conditional mean models with endogeneity} %\VignetteEngine{quarto::pdf} %\VignetteEncoding{UTF-8}
<1b>[1m<1b>[34m
Rendering PDF<1b>[39m<1b>[22m
<1b>[1m<1b>[34mrunning lualatex - 1<1b>[39m<1b>[22m
This is LuaHBTeX, Version 1.22.0 (TeX Live 2025/Debian)
restricted system commands enabled.
<1b>[1m<1b>[34mrunning lualatex - 2<1b>[39m<1b>[22m
This is LuaHBTeX, Version 1.22.0 (TeX Live 2025/Debian)
restricted system commands enabled.
Output created: expreg.pdf
--- finished re-building ‘expreg.qmd’
--- re-building ‘lm_function.qmd’ using pdf
<1b>[31m
processing file: lm_function.qmd
<1b>[39m<1b>[31moutput file: lm_function.knit.md
<1b>[39m<1b>[1mpandoc <1b>[22m
to: latex
output-file: lm_function.tex
standalone: true
pdf-engine: lualatex
variables:
graphics: true
tables: true
default-image-extension: pdf
<1b>[1mmetadata<1b>[22m
documentclass: scrartcl
classoption:
- DIV=11
- numbers=noendperiod
papersize: letter
header-includes:
- \KOMAoption{captions}{tableheading}
block-headings: true
title: lm function
date: today
date-format: long
bibliography:
- ../inst/REFERENCES.bib
vignette: |
%\VignetteIndexEntry{lm function} %\VignetteEngine{quarto::pdf} %\VignetteEncoding{UTF-8}
<1b>[1m<1b>[34m
Rendering PDF<1b>[39m<1b>[22m
<1b>[1m<1b>[34mrunning lualatex - 1<1b>[39m<1b>[22m
This is LuaHBTeX, Version 1.22.0 (TeX Live 2025/Debian)
restricted system commands enabled.
<1b>[1m<1b>[34mrunning lualatex - 2<1b>[39m<1b>[22m
This is LuaHBTeX, Version 1.22.0 (TeX Live 2025/Debian)
restricted system commands enabled.
Output created: lm_function.pdf
--- finished re-building ‘lm_function.qmd’
--- re-building ‘micsr_objects.qmd’ using pdf
<1b>[31m
processing file: micsr_objects.qmd
<1b>[39m<1b>[31moutput file: micsr_objects.knit.md
<1b>[39m<1b>[1mpandoc <1b>[22m
to: latex
output-file: micsr_objects.tex
standalone: true
pdf-engine: lualatex
variables:
graphics: true
tables: true
default-image-extension: pdf
<1b>[1mmetadata<1b>[22m
documentclass: scrartcl
classoption:
- DIV=11
- numbers=noendperiod
papersize: letter
header-includes:
- \KOMAoption{captions}{tableheading}
block-headings: true
title: micsr objects
date: today
date-format: long
bibliography:
- ../inst/REFERENCES.bib
vignette: |
%\VignetteIndexEntry{micsr objects} %\VignetteEngine{quarto::pdf} %\VignetteEncoding{UTF-8}
<1b>[1m<1b>[34m
Rendering PDF<1b>[39m<1b>[22m
<1b>[1m<1b>[34mrunning lualatex - 1<1b>[39m<1b>[22m
This is LuaHBTeX, Version 1.22.0 (TeX Live 2025/Debian)
restricted system commands enabled.
<1b>[1m<1b>[34mrunning lualatex - 2<1b>[39m<1b>[22m
This is LuaHBTeX, Version 1.22.0 (TeX Live 2025/Debian)
restricted system commands enabled.
Output created: micsr_objects.pdf
--- finished re-building ‘micsr_objects.qmd’
--- re-building ‘ndvuong.qmd’ using pdf
<1b>[31m
processing file: ndvuong.qmd
<1b>[39m<1b>[31moutput file: ndvuong.knit.md
<1b>[39m<1b>[1mpandoc <1b>[22m
to: latex
output-file: ndvuong.tex
standalone: true
pdf-engine: lualatex
variables:
graphics: true
tables: true
default-image-extension: pdf
<1b>[1mmetadata<1b>[22m
documentclass: scrartcl
classoption:
- DIV=11
- numbers=noendperiod
papersize: letter
header-includes:
- \KOMAoption{captions}{tableheading}
block-headings: true
title: Implementation of Shi's non-degeranate Vuong test
date: today
date-format: long
bibliography:
- ../inst/REFERENCES.bib
vignette: |
%\VignetteIndexEntry{Implementation of Shi's non-degeranate Vuong test} %\VignetteEngine{quarto::pdf} %\VignetteEncoding{UTF-8}
<1b>[1m<1b>[34m
Rendering PDF<1b>[39m<1b>[22m
<1b>[1m<1b>[34mrunning lualatex - 1<1b>[39m<1b>[22m
This is LuaHBTeX, Version 1.22.0 (TeX Live 2025/Debian)
restricted system commands enabled.
<1b>[1m<1b>[34mrunning lualatex - 2<1b>[39m<1b>[22m
This is LuaHBTeX, Version 1.22.0 (TeX Live 2025/Debian)
restricted system commands enabled.
Output created: ndvuong.pdf
--- finished re-building ‘ndvuong.qmd’
SUMMARY: processing the following file failed:
‘charitable.qmd’
Error: Vignette re-building failed.
Execution halted
Flavors: r-devel-linux-x86_64-debian-clang, r-devel-linux-x86_64-debian-gcc, r-patched-linux-x86_64, r-release-linux-x86_64
Version: 0.1-3
Check: re-building of vignette outputs
Result: WARN
Error(s) in re-building vignettes:
--- re-building ‘charitable.qmd’ using pdf
<1b>[31m
processing file: charitable.qmd
<1b>[39m<1b>[31moutput file: charitable.knit.md
<1b>[39m<1b>[1mpandoc <1b>[22m
to: latex
output-file: charitable.tex
standalone: true
pdf-engine: xelatex
variables:
graphics: true
tables: true
default-image-extension: pdf
<1b>[1mmetadata<1b>[22m
documentclass: scrartcl
classoption:
- DIV=11
- numbers=noendperiod
papersize: letter
header-includes:
- \KOMAoption{captions}{tableheading}
block-headings: true
title: Estimating the Tobit-1 model with the charitable data set
date: today
date-format: long
bibliography:
- ../inst/REFERENCES.bib
vignette: |
%\VignetteIndexEntry{Estimating the Tobit-1 model with the charitable data set} %\VignetteEngine{quarto::pdf} %\VignetteEncoding{UTF-8}
<1b>[1m<1b>[34m
Rendering PDF<1b>[39m<1b>[22m
<1b>[1m<1b>[34mrunning xelatex - 1<1b>[39m<1b>[22m
This is XeTeX, Version 3.141592653-2.6-0.999997 (TeX Live 2025) (preloaded format=xelatex)
restricted \write18 enabled.
entering extended mode
<1b>[91mERROR:
compilation failed- missing packages (automatic installed disabled)<1b>[39m
LaTeX Error: Environment tblr undefined.
See the LaTeX manual or LaTeX Companion for explanation.
Type H <return> for immediate help.
...
l.335 \begin{tblr}
[ %% tabularray outer open
Your command was ignored.
Type I <command> <return> to replace it with another command,
or <return> to continue without it.
see charitable.log for more information.
Error: processing vignette 'charitable.qmd' failed with diagnostics:
! Error running quarto CLI from R.
Caused by error:
! Could not evaluate cli `{}` expression: `captions`.
Caused by error:
! object 'captions' not found
--- failed re-building ‘charitable.qmd’
--- re-building ‘escount.qmd’ using pdf
<1b>[31m
processing file: escount.qmd
<1b>[39m<1b>[31moutput file: escount.knit.md
<1b>[39m<1b>[1mpandoc <1b>[22m
to: latex
output-file: escount.tex
standalone: true
pdf-engine: xelatex
variables:
graphics: true
tables: true
default-image-extension: pdf
<1b>[1mmetadata<1b>[22m
documentclass: scrartcl
classoption:
- DIV=11
- numbers=noendperiod
papersize: letter
header-includes:
- \KOMAoption{captions}{tableheading}
block-headings: true
title: Endogenous switching or sample selection models for count data
date: today
date-format: long
bibliography:
- ../inst/REFERENCES.bib
vignette: |
%\VignetteIndexEntry{Endogenous switching or sample selection models for count data} %\VignetteEngine{quarto::pdf} %\VignetteEncoding{UTF-8}
<1b>[1m<1b>[34m
Rendering PDF<1b>[39m<1b>[22m
<1b>[1m<1b>[34mrunning xelatex - 1<1b>[39m<1b>[22m
This is XeTeX, Version 3.141592653-2.6-0.999997 (TeX Live 2025) (preloaded format=xelatex)
restricted \write18 enabled.
entering extended mode
<1b>[1m<1b>[34mrunning xelatex - 2<1b>[39m<1b>[22m
This is XeTeX, Version 3.141592653-2.6-0.999997 (TeX Live 2025) (preloaded format=xelatex)
restricted \write18 enabled.
entering extended mode
Output created: escount.pdf
--- finished re-building ‘escount.qmd’
--- re-building ‘expreg.qmd’ using pdf
<1b>[31m
processing file: expreg.qmd
<1b>[39m<1b>[31moutput file: expreg.knit.md
<1b>[39m<1b>[1mpandoc <1b>[22m
to: latex
output-file: expreg.tex
standalone: true
pdf-engine: xelatex
variables:
graphics: true
tables: true
default-image-extension: pdf
<1b>[1mmetadata<1b>[22m
documentclass: scrartcl
classoption:
- DIV=11
- numbers=noendperiod
papersize: letter
header-includes:
- \KOMAoption{captions}{tableheading}
block-headings: true
title: Exponentional conditional mean models with endogeneity
date: today
date-format: long
bibliography:
- ../inst/REFERENCES.bib
vignette: |
%\VignetteIndexEntry{Exponentional conditional mean models with endogeneity} %\VignetteEngine{quarto::pdf} %\VignetteEncoding{UTF-8}
<1b>[1m<1b>[34m
Rendering PDF<1b>[39m<1b>[22m
<1b>[1m<1b>[34mrunning xelatex - 1<1b>[39m<1b>[22m
This is XeTeX, Version 3.141592653-2.6-0.999997 (TeX Live 2025) (preloaded format=xelatex)
restricted \write18 enabled.
entering extended mode
<1b>[1m<1b>[34mrunning xelatex - 2<1b>[39m<1b>[22m
This is XeTeX, Version 3.141592653-2.6-0.999997 (TeX Live 2025) (preloaded format=xelatex)
restricted \write18 enabled.
entering extended mode
Output created: expreg.pdf
--- finished re-building ‘expreg.qmd’
--- re-building ‘lm_function.qmd’ using pdf
<1b>[31m
processing file: lm_function.qmd
<1b>[39m<1b>[31moutput file: lm_function.knit.md
<1b>[39m<1b>[1mpandoc <1b>[22m
to: latex
output-file: lm_function.tex
standalone: true
pdf-engine: xelatex
variables:
graphics: true
tables: true
default-image-extension: pdf
<1b>[1mmetadata<1b>[22m
documentclass: scrartcl
classoption:
- DIV=11
- numbers=noendperiod
papersize: letter
header-includes:
- \KOMAoption{captions}{tableheading}
block-headings: true
title: lm function
date: today
date-format: long
bibliography:
- ../inst/REFERENCES.bib
vignette: |
%\VignetteIndexEntry{lm function} %\VignetteEngine{quarto::pdf} %\VignetteEncoding{UTF-8}
<1b>[1m<1b>[34m
Rendering PDF<1b>[39m<1b>[22m
<1b>[1m<1b>[34mrunning xelatex - 1<1b>[39m<1b>[22m
This is XeTeX, Version 3.141592653-2.6-0.999997 (TeX Live 2025) (preloaded format=xelatex)
restricted \write18 enabled.
entering extended mode
<1b>[1m<1b>[34mrunning xelatex - 2<1b>[39m<1b>[22m
This is XeTeX, Version 3.141592653-2.6-0.999997 (TeX Live 2025) (preloaded format=xelatex)
restricted \write18 enabled.
entering extended mode
Output created: lm_function.pdf
--- finished re-building ‘lm_function.qmd’
--- re-building ‘micsr_objects.qmd’ using pdf
<1b>[31m
processing file: micsr_objects.qmd
<1b>[39m<1b>[31moutput file: micsr_objects.knit.md
<1b>[39m<1b>[1mpandoc <1b>[22m
to: latex
output-file: micsr_objects.tex
standalone: true
pdf-engine: xelatex
variables:
graphics: true
tables: true
default-image-extension: pdf
<1b>[1mmetadata<1b>[22m
documentclass: scrartcl
classoption:
- DIV=11
- numbers=noendperiod
papersize: letter
header-includes:
- \KOMAoption{captions}{tableheading}
block-headings: true
title: micsr objects
date: today
date-format: long
bibliography:
- ../inst/REFERENCES.bib
vignette: |
%\VignetteIndexEntry{micsr objects} %\VignetteEngine{quarto::pdf} %\VignetteEncoding{UTF-8}
<1b>[1m<1b>[34m
Rendering PDF<1b>[39m<1b>[22m
<1b>[1m<1b>[34mrunning xelatex - 1<1b>[39m<1b>[22m
This is XeTeX, Version 3.141592653-2.6-0.999997 (TeX Live 2025) (preloaded format=xelatex)
restricted \write18 enabled.
entering extended mode
<1b>[1m<1b>[34mrunning xelatex - 2<1b>[39m<1b>[22m
This is XeTeX, Version 3.141592653-2.6-0.999997 (TeX Live 2025) (preloaded format=xelatex)
restricted \write18 enabled.
entering extended mode
Output created: micsr_objects.pdf
--- finished re-building ‘micsr_objects.qmd’
--- re-building ‘ndvuong.qmd’ using pdf
<1b>[31m
processing file: ndvuong.qmd
<1b>[39m<1b>[31moutput file: ndvuong.knit.md
<1b>[39m<1b>[1mpandoc <1b>[22m
to: latex
output-file: ndvuong.tex
standalone: true
pdf-engine: xelatex
variables:
graphics: true
tables: true
default-image-extension: pdf
<1b>[1mmetadata<1b>[22m
documentclass: scrartcl
classoption:
- DIV=11
- numbers=noendperiod
papersize: letter
header-includes:
- \KOMAoption{captions}{tableheading}
block-headings: true
title: Implementation of Shi's non-degeranate Vuong test
date: today
date-format: long
bibliography:
- ../inst/REFERENCES.bib
vignette: |
%\VignetteIndexEntry{Implementation of Shi's non-degeranate Vuong test} %\VignetteEngine{quarto::pdf} %\VignetteEncoding{UTF-8}
<1b>[1m<1b>[34m
Rendering PDF<1b>[39m<1b>[22m
<1b>[1m<1b>[34mrunning xelatex - 1<1b>[39m<1b>[22m
This is XeTeX, Version 3.141592653-2.6-0.999997 (TeX Live 2025) (preloaded format=xelatex)
restricted \write18 enabled.
entering extended mode
<1b>[1m<1b>[34mrunning xelatex - 2<1b>[39m<1b>[22m
This is XeTeX, Version 3.141592653-2.6-0.999997 (TeX Live 2025) (preloaded format=xelatex)
restricted \write18 enabled.
entering extended mode
Output created: ndvuong.pdf
--- finished re-building ‘ndvuong.qmd’
SUMMARY: processing the following file failed:
‘charitable.qmd’
Error: Vignette re-building failed.
Execution halted
Flavors: r-devel-linux-x86_64-fedora-clang, r-devel-linux-x86_64-fedora-gcc
Version: 0.1-3
Check: re-building of vignette outputs
Result: WARN
Error(s) in re-building vignettes:
--- re-building 'charitable.qmd' using pdf
processing file: charitable.qmd
output file: charitable.knit.md
pandoc
to: latex
output-file: charitable.tex
standalone: true
pdf-engine: xelatex
variables:
graphics: true
tables: true
default-image-extension: pdf
metadata
documentclass: scrartcl
classoption:
- DIV=11
- numbers=noendperiod
papersize: letter
header-includes:
- \KOMAoption{captions}{tableheading}
block-headings: true
title: Estimating the Tobit-1 model with the charitable data set
date: today
date-format: long
bibliography:
- ../inst/REFERENCES.bib
vignette: |
%\VignetteIndexEntry{Estimating the Tobit-1 model with the charitable data set} %\VignetteEngine{quarto::pdf} %\VignetteEncoding{UTF-8}
Rendering PDF
running xelatex - 1
This is XeTeX, Version 3.141592653-2.6-0.999994 (MiKTeX 23.1) (preloaded format=xelatex.fmt)
restricted \write18 enabled.
entering extended mode
ERROR:
compilation failed- missing packages (automatic installed disabled)
LaTeX Error: Environment tblr undefined.
See the LaTeX manual or LaTeX Companion for explanation.
Type H <return> for immediate help.
...
l.326 \begin{tblr}
[ %% tabularray outer open
see charitable.log for more information.
Error: processing vignette 'charitable.qmd' failed with diagnostics:
! Error running quarto CLI from R.
Caused by error:
! Could not evaluate cli `{}` expression: `captions`.
Caused by error:
! object 'captions' not found
--- failed re-building 'charitable.qmd'
--- re-building 'escount.qmd' using pdf
processing file: escount.qmd
output file: escount.knit.md
pandoc
to: latex
output-file: escount.tex
standalone: true
pdf-engine: xelatex
variables:
graphics: true
tables: true
default-image-extension: pdf
metadata
documentclass: scrartcl
classoption:
- DIV=11
- numbers=noendperiod
papersize: letter
header-includes:
- \KOMAoption{captions}{tableheading}
block-headings: true
title: Endogenous switching or sample selection models for count data
date: today
date-format: long
bibliography:
- ../inst/REFERENCES.bib
vignette: |
%\VignetteIndexEntry{Endogenous switching or sample selection models for count data} %\VignetteEngine{quarto::pdf} %\VignetteEncoding{UTF-8}
Rendering PDF
running xelatex - 1
This is XeTeX, Version 3.141592653-2.6-0.999994 (MiKTeX 23.1) (preloaded format=xelatex.fmt)
restricted \write18 enabled.
entering extended mode
running xelatex - 2
This is XeTeX, Version 3.141592653-2.6-0.999994 (MiKTeX 23.1) (preloaded format=xelatex.fmt)
restricted \write18 enabled.
entering extended mode
Output created: escount.pdf
--- finished re-building 'escount.qmd'
--- re-building 'expreg.qmd' using pdf
processing file: expreg.qmd
output file: expreg.knit.md
pandoc
to: latex
output-file: expreg.tex
standalone: true
pdf-engine: xelatex
variables:
graphics: true
tables: true
default-image-extension: pdf
metadata
documentclass: scrartcl
classoption:
- DIV=11
- numbers=noendperiod
papersize: letter
header-includes:
- \KOMAoption{captions}{tableheading}
block-headings: true
title: Exponentional conditional mean models with endogeneity
date: today
date-format: long
bibliography:
- ../inst/REFERENCES.bib
vignette: |
%\VignetteIndexEntry{Exponentional conditional mean models with endogeneity} %\VignetteEngine{quarto::pdf} %\VignetteEncoding{UTF-8}
Rendering PDF
running xelatex - 1
This is XeTeX, Version 3.141592653-2.6-0.999994 (MiKTeX 23.1) (preloaded format=xelatex.fmt)
restricted \write18 enabled.
entering extended mode
running xelatex - 2
This is XeTeX, Version 3.141592653-2.6-0.999994 (MiKTeX 23.1) (preloaded format=xelatex.fmt)
restricted \write18 enabled.
entering extended mode
Output created: expreg.pdf
--- finished re-building 'expreg.qmd'
--- re-building 'lm_function.qmd' using pdf
processing file: lm_function.qmd
output file: lm_function.knit.md
pandoc
to: latex
output-file: lm_function.tex
standalone: true
pdf-engine: xelatex
variables:
graphics: true
tables: true
default-image-extension: pdf
metadata
documentclass: scrartcl
classoption:
- DIV=11
- numbers=noendperiod
papersize: letter
header-includes:
- \KOMAoption{captions}{tableheading}
block-headings: true
title: lm function
date: today
date-format: long
bibliography:
- ../inst/REFERENCES.bib
vignette: |
%\VignetteIndexEntry{lm function} %\VignetteEngine{quarto::pdf} %\VignetteEncoding{UTF-8}
Rendering PDF
running xelatex - 1
This is XeTeX, Version 3.141592653-2.6-0.999994 (MiKTeX 23.1) (preloaded format=xelatex.fmt)
restricted \write18 enabled.
entering extended mode
running xelatex - 2
This is XeTeX, Version 3.141592653-2.6-0.999994 (MiKTeX 23.1) (preloaded format=xelatex.fmt)
restricted \write18 enabled.
entering extended mode
Output created: lm_function.pdf
--- finished re-building 'lm_function.qmd'
--- re-building 'micsr_objects.qmd' using pdf
processing file: micsr_objects.qmd
output file: micsr_objects.knit.md
pandoc
to: latex
output-file: micsr_objects.tex
standalone: true
pdf-engine: xelatex
variables:
graphics: true
tables: true
default-image-extension: pdf
metadata
documentclass: scrartcl
classoption:
- DIV=11
- numbers=noendperiod
papersize: letter
header-includes:
- \KOMAoption{captions}{tableheading}
block-headings: true
title: micsr objects
date: today
date-format: long
bibliography:
- ../inst/REFERENCES.bib
vignette: |
%\VignetteIndexEntry{micsr objects} %\VignetteEngine{quarto::pdf} %\VignetteEncoding{UTF-8}
Rendering PDF
running xelatex - 1
This is XeTeX, Version 3.141592653-2.6-0.999994 (MiKTeX 23.1) (preloaded format=xelatex.fmt)
restricted \write18 enabled.
entering extended mode
running xelatex - 2
This is XeTeX, Version 3.141592653-2.6-0.999994 (MiKTeX 23.1) (preloaded format=xelatex.fmt)
restricted \write18 enabled.
entering extended mode
Output created: micsr_objects.pdf
--- finished re-building 'micsr_objects.qmd'
--- re-building 'ndvuong.qmd' using pdf
processing file: ndvuong.qmd
output file: ndvuong.knit.md
pandoc
to: latex
output-file: ndvuong.tex
standalone: true
pdf-engine: xelatex
variables:
graphics: true
tables: true
default-image-extension: pdf
metadata
documentclass: scrartcl
classoption:
- DIV=11
- numbers=noendperiod
papersize: letter
header-includes:
- \KOMAoption{captions}{tableheading}
block-headings: true
title: Implementation of Shi's non-degeranate Vuong test
date: today
date-format: long
bibliography:
- ../inst/REFERENCES.bib
vignette: |
%\VignetteIndexEntry{Implementation of Shi's non-degeranate Vuong test} %\VignetteEngine{quarto::pdf} %\VignetteEncoding{UTF-8}
Rendering PDF
running xelatex - 1
This is XeTeX, Version 3.141592653-2.6-0.999994 (MiKTeX 23.1) (preloaded format=xelatex.fmt)
restricted \write18 enabled.
entering extended mode
running xelatex - 2
This is XeTeX, Version 3.141592653-2.6-0.999994 (MiKTeX 23.1) (preloaded format=xelatex.fmt)
restricted \write18 enabled.
entering extended mode
Output created: ndvuong.pdf
--- finished re-building 'ndvuong.qmd'
SUMMARY: processing the following file failed:
'charitable.qmd'
Error: Vignette re-building failed.
Execution halted
Flavors: r-devel-windows-x86_64, r-release-windows-x86_64
Version: 0.1-3
Check: re-building of vignette outputs
Result: WARN
Error(s) in re-building vignettes:
--- re-building 'charitable.qmd' using pdf
processing file: charitable.qmd
output file: charitable.knit.md
pandoc
to: latex
output-file: charitable.tex
standalone: true
pdf-engine: xelatex
variables:
graphics: true
tables: true
default-image-extension: pdf
metadata
documentclass: scrartcl
classoption:
- DIV=11
- numbers=noendperiod
papersize: letter
header-includes:
- \KOMAoption{captions}{tableheading}
block-headings: true
title: Estimating the Tobit-1 model with the charitable data set
date: today
date-format: long
bibliography:
- ../inst/REFERENCES.bib
vignette: |
%\VignetteIndexEntry{Estimating the Tobit-1 model with the charitable data set} %\VignetteEngine{quarto::pdf} %\VignetteEncoding{UTF-8}
Rendering PDF
running xelatex - 1
This is XeTeX, Version 3.141592653-2.6-0.999995 (MiKTeX 23.4) (preloaded format=xelatex.fmt)
restricted \write18 enabled.
entering extended mode
ERROR:
compilation failed- missing packages (automatic installed disabled)
LaTeX Error: Environment tblr undefined.
See the LaTeX manual or LaTeX Companion for explanation.
Type H <return> for immediate help.
...
l.326 \begin{tblr}
[ %% tabularray outer open
see charitable.log for more information.
Error: processing vignette 'charitable.qmd' failed with diagnostics:
! Error running quarto CLI from R.
Caused by error:
! Could not evaluate cli `{}` expression: `captions`.
Caused by error:
! object 'captions' not found
--- failed re-building 'charitable.qmd'
--- re-building 'escount.qmd' using pdf
processing file: escount.qmd
output file: escount.knit.md
pandoc
to: latex
output-file: escount.tex
standalone: true
pdf-engine: xelatex
variables:
graphics: true
tables: true
default-image-extension: pdf
metadata
documentclass: scrartcl
classoption:
- DIV=11
- numbers=noendperiod
papersize: letter
header-includes:
- \KOMAoption{captions}{tableheading}
block-headings: true
title: Endogenous switching or sample selection models for count data
date: today
date-format: long
bibliography:
- ../inst/REFERENCES.bib
vignette: |
%\VignetteIndexEntry{Endogenous switching or sample selection models for count data} %\VignetteEngine{quarto::pdf} %\VignetteEncoding{UTF-8}
Rendering PDF
running xelatex - 1
This is XeTeX, Version 3.141592653-2.6-0.999995 (MiKTeX 23.4) (preloaded format=xelatex.fmt)
restricted \write18 enabled.
entering extended mode
running xelatex - 2
This is XeTeX, Version 3.141592653-2.6-0.999995 (MiKTeX 23.4) (preloaded format=xelatex.fmt)
restricted \write18 enabled.
entering extended mode
Output created: escount.pdf
--- finished re-building 'escount.qmd'
--- re-building 'expreg.qmd' using pdf
processing file: expreg.qmd
output file: expreg.knit.md
pandoc
to: latex
output-file: expreg.tex
standalone: true
pdf-engine: xelatex
variables:
graphics: true
tables: true
default-image-extension: pdf
metadata
documentclass: scrartcl
classoption:
- DIV=11
- numbers=noendperiod
papersize: letter
header-includes:
- \KOMAoption{captions}{tableheading}
block-headings: true
title: Exponentional conditional mean models with endogeneity
date: today
date-format: long
bibliography:
- ../inst/REFERENCES.bib
vignette: |
%\VignetteIndexEntry{Exponentional conditional mean models with endogeneity} %\VignetteEngine{quarto::pdf} %\VignetteEncoding{UTF-8}
Rendering PDF
running xelatex - 1
This is XeTeX, Version 3.141592653-2.6-0.999995 (MiKTeX 23.4) (preloaded format=xelatex.fmt)
restricted \write18 enabled.
entering extended mode
running xelatex - 2
This is XeTeX, Version 3.141592653-2.6-0.999995 (MiKTeX 23.4) (preloaded format=xelatex.fmt)
restricted \write18 enabled.
entering extended mode
Output created: expreg.pdf
--- finished re-building 'expreg.qmd'
--- re-building 'lm_function.qmd' using pdf
processing file: lm_function.qmd
output file: lm_function.knit.md
pandoc
to: latex
output-file: lm_function.tex
standalone: true
pdf-engine: xelatex
variables:
graphics: true
tables: true
default-image-extension: pdf
metadata
documentclass: scrartcl
classoption:
- DIV=11
- numbers=noendperiod
papersize: letter
header-includes:
- \KOMAoption{captions}{tableheading}
block-headings: true
title: lm function
date: today
date-format: long
bibliography:
- ../inst/REFERENCES.bib
vignette: |
%\VignetteIndexEntry{lm function} %\VignetteEngine{quarto::pdf} %\VignetteEncoding{UTF-8}
Rendering PDF
running xelatex - 1
This is XeTeX, Version 3.141592653-2.6-0.999995 (MiKTeX 23.4) (preloaded format=xelatex.fmt)
restricted \write18 enabled.
entering extended mode
running xelatex - 2
This is XeTeX, Version 3.141592653-2.6-0.999995 (MiKTeX 23.4) (preloaded format=xelatex.fmt)
restricted \write18 enabled.
entering extended mode
Output created: lm_function.pdf
--- finished re-building 'lm_function.qmd'
--- re-building 'micsr_objects.qmd' using pdf
processing file: micsr_objects.qmd
output file: micsr_objects.knit.md
pandoc
to: latex
output-file: micsr_objects.tex
standalone: true
pdf-engine: xelatex
variables:
graphics: true
tables: true
default-image-extension: pdf
metadata
documentclass: scrartcl
classoption:
- DIV=11
- numbers=noendperiod
papersize: letter
header-includes:
- \KOMAoption{captions}{tableheading}
block-headings: true
title: micsr objects
date: today
date-format: long
bibliography:
- ../inst/REFERENCES.bib
vignette: |
%\VignetteIndexEntry{micsr objects} %\VignetteEngine{quarto::pdf} %\VignetteEncoding{UTF-8}
Rendering PDF
running xelatex - 1
This is XeTeX, Version 3.141592653-2.6-0.999995 (MiKTeX 23.4) (preloaded format=xelatex.fmt)
restricted \write18 enabled.
entering extended mode
running xelatex - 2
This is XeTeX, Version 3.141592653-2.6-0.999995 (MiKTeX 23.4) (preloaded format=xelatex.fmt)
restricted \write18 enabled.
entering extended mode
Output created: micsr_objects.pdf
--- finished re-building 'micsr_objects.qmd'
--- re-building 'ndvuong.qmd' using pdf
processing file: ndvuong.qmd
output file: ndvuong.knit.md
pandoc
to: latex
output-file: ndvuong.tex
standalone: true
pdf-engine: xelatex
variables:
graphics: true
tables: true
default-image-extension: pdf
metadata
documentclass: scrartcl
classoption:
- DIV=11
- numbers=noendperiod
papersize: letter
header-includes:
- \KOMAoption{captions}{tableheading}
block-headings: true
title: Implementation of Shi's non-degeranate Vuong test
date: today
date-format: long
bibliography:
- ../inst/REFERENCES.bib
vignette: |
%\VignetteIndexEntry{Implementation of Shi's non-degeranate Vuong test} %\VignetteEngine{quarto::pdf} %\VignetteEncoding{UTF-8}
Rendering PDF
running xelatex - 1
This is XeTeX, Version 3.141592653-2.6-0.999995 (MiKTeX 23.4) (preloaded format=xelatex.fmt)
restricted \write18 enabled.
entering extended mode
running xelatex - 2
This is XeTeX, Version 3.141592653-2.6-0.999995 (MiKTeX 23.4) (preloaded format=xelatex.fmt)
restricted \write18 enabled.
entering extended mode
Output created: ndvuong.pdf
--- finished re-building 'ndvuong.qmd'
SUMMARY: processing the following file failed:
'charitable.qmd'
Error: Vignette re-building failed.
Execution halted
Flavor: r-oldrel-windows-x86_64
These binaries (installable software) and packages are in development.
They may not be fully stable and should be used with caution. We make no claims about them.
Health stats visible at Monitor.