Last updated on 2025-02-02 05:48:29 CET.
Flavor | Version | Tinstall | Tcheck | Ttotal | Status | Flags |
---|---|---|---|---|---|---|
r-devel-linux-x86_64-debian-clang | 2.1.6 | 27.18 | 47.48 | 74.66 | NOTE | |
r-devel-linux-x86_64-debian-gcc | 2.1.6 | 18.38 | 35.20 | 53.58 | NOTE | |
r-devel-linux-x86_64-fedora-clang | 2.1.6 | 131.94 | NOTE | |||
r-devel-linux-x86_64-fedora-gcc | 2.1.6 | 142.35 | NOTE | |||
r-devel-windows-x86_64 | 2.1.6 | 31.00 | 101.00 | 132.00 | NOTE | |
r-patched-linux-x86_64 | 2.1.6 | 32.07 | 43.87 | 75.94 | NOTE | |
r-release-linux-x86_64 | 2.1.6 | 27.88 | 44.23 | 72.11 | NOTE | |
r-release-macos-arm64 | 2.1.6 | 44.00 | NOTE | |||
r-release-macos-x86_64 | 2.1.6 | 57.00 | NOTE | |||
r-release-windows-x86_64 | 2.1.6 | 33.00 | 99.00 | 132.00 | NOTE | |
r-oldrel-macos-arm64 | 2.1.6 | 48.00 | OK | |||
r-oldrel-macos-x86_64 | 2.1.6 | 86.00 | OK | |||
r-oldrel-windows-x86_64 | 2.1.6 | 36.00 | 110.00 | 146.00 | OK |
Version: 2.1.6
Check: Rd files
Result: NOTE
checkRd: (-1) readFastq.Rd:62: Lost braces
62 | code{\link{readFasta}}.
| ^
Flavors: r-devel-linux-x86_64-debian-clang, r-devel-linux-x86_64-debian-gcc, r-devel-linux-x86_64-fedora-clang, r-devel-linux-x86_64-fedora-gcc, r-devel-windows-x86_64, r-patched-linux-x86_64, r-release-linux-x86_64, r-release-macos-arm64, r-release-macos-x86_64, r-release-windows-x86_64
Version: 2.1.6
Check: Rd cross-references
Result: NOTE
Found the following Rd file(s) with Rd \link{} targets missing package
anchors:
findOrfs.Rd: tibble
gff2fasta.Rd: tibble
lorfs.Rd: tibble
msalign.Rd: tibble
readFasta.Rd: tibble
readFastq.Rd: tibble
readGFF.Rd: tibble
Please provide package anchors for all Rd \link{} targets not in the
package itself and the base packages.
Flavors: r-devel-linux-x86_64-debian-clang, r-devel-linux-x86_64-debian-gcc, r-devel-windows-x86_64
These binaries (installable software) and packages are in development.
They may not be fully stable and should be used with caution. We make no claims about them.
Health stats visible at Monitor.