Last updated on 2025-02-02 07:50:18 CET.
Flavor | Version | Tinstall | Tcheck | Ttotal | Status | Flags |
---|---|---|---|---|---|---|
r-devel-linux-x86_64-debian-clang | 1.2 | 42.09 | 69.00 | 111.09 | NOTE | |
r-devel-linux-x86_64-debian-gcc | 1.2 | 29.72 | 43.11 | 72.83 | NOTE | |
r-devel-linux-x86_64-fedora-clang | 1.2 | 192.37 | NOTE | |||
r-devel-linux-x86_64-fedora-gcc | 1.2 | 207.58 | NOTE | |||
r-devel-windows-x86_64 | 1.2 | 47.00 | 96.00 | 143.00 | NOTE | |
r-patched-linux-x86_64 | 1.2 | 49.04 | 65.25 | 114.29 | NOTE | |
r-release-linux-x86_64 | 1.2 | 40.83 | 65.49 | 106.32 | NOTE | |
r-release-macos-arm64 | 1.2 | 37.00 | NOTE | |||
r-release-macos-x86_64 | 1.2 | 54.00 | NOTE | |||
r-release-windows-x86_64 | 1.2 | 49.00 | 97.00 | 146.00 | NOTE | |
r-oldrel-macos-arm64 | 1.2 | 70.00 | NOTE | |||
r-oldrel-macos-x86_64 | 1.2 | 105.00 | NOTE | |||
r-oldrel-windows-x86_64 | 1.2 | 58.00 | 122.00 | 180.00 | NOTE |
Version: 1.2
Check: C++ specification
Result: NOTE
Specified C++11: please drop specification unless essential
Flavors: r-devel-linux-x86_64-debian-clang, r-devel-linux-x86_64-debian-gcc, r-devel-linux-x86_64-fedora-clang, r-devel-linux-x86_64-fedora-gcc, r-devel-windows-x86_64, r-patched-linux-x86_64, r-release-linux-x86_64, r-release-macos-arm64, r-release-macos-x86_64, r-release-windows-x86_64, r-oldrel-macos-arm64, r-oldrel-macos-x86_64, r-oldrel-windows-x86_64
Version: 1.2
Check: Rd cross-references
Result: NOTE
Found the following Rd file(s) with Rd \link{} targets missing package
anchors:
small.16S.Rd: microcontax
Please provide package anchors for all Rd \link{} targets not in the
package itself and the base packages.
Flavors: r-devel-linux-x86_64-debian-clang, r-devel-linux-x86_64-debian-gcc, r-devel-windows-x86_64
Version: 1.2
Check: dependencies in R code
Result: NOTE
Namespace in Imports field not imported from: ‘tibble’
All declared Imports should be used.
Flavors: r-devel-linux-x86_64-fedora-clang, r-devel-linux-x86_64-fedora-gcc
Version: 1.2
Check: for GNU extensions in Makefiles
Result: NOTE
GNU make is a SystemRequirements.
Flavors: r-patched-linux-x86_64, r-release-linux-x86_64, r-release-macos-arm64, r-release-macos-x86_64, r-release-windows-x86_64, r-oldrel-macos-arm64, r-oldrel-macos-x86_64, r-oldrel-windows-x86_64
These binaries (installable software) and packages are in development.
They may not be fully stable and should be used with caution. We make no claims about them.
Health stats visible at Monitor.