Last updated on 2025-05-17 15:50:48 CEST.
Flavor | Version | Tinstall | Tcheck | Ttotal | Status | Flags |
---|---|---|---|---|---|---|
r-devel-linux-x86_64-debian-clang | 1.5.0 | 12.27 | 112.44 | 124.71 | NOTE | |
r-devel-linux-x86_64-debian-gcc | 1.5.0 | 8.65 | 78.54 | 87.19 | NOTE | |
r-devel-linux-x86_64-fedora-clang | 1.5.0 | 199.75 | OK | |||
r-devel-linux-x86_64-fedora-gcc | 1.5.0 | 216.58 | OK | |||
r-devel-windows-x86_64 | 1.5.0 | 15.00 | 119.00 | 134.00 | OK | |
r-patched-linux-x86_64 | 1.5.0 | 10.46 | 105.26 | 115.72 | OK | |
r-release-linux-x86_64 | 1.5.0 | 13.66 | 105.34 | 119.00 | OK | |
r-release-macos-arm64 | 1.5.0 | 64.00 | OK | |||
r-release-macos-x86_64 | 1.5.0 | 107.00 | OK | |||
r-release-windows-x86_64 | 1.5.0 | 14.00 | 119.00 | 133.00 | OK | |
r-oldrel-macos-arm64 | 1.5.0 | 59.00 | OK | |||
r-oldrel-macos-x86_64 | 1.5.0 | 93.00 | OK | |||
r-oldrel-windows-x86_64 | 1.5.0 | 19.00 | 152.00 | 171.00 | OK |
Version: 1.5.0
Check: CRAN incoming feasibility
Result: NOTE
Maintainer: ‘Sam Wilson <samwilson303@gmail.com>’
The Description field contains
model by Stekhoven and Buhlmann <arXiv:1105.0828> to impute missing
Please refer to arXiv e-prints via their arXiv DOI <doi:10.48550/arXiv.YYMM.NNNNN>.
Flavors: r-devel-linux-x86_64-debian-clang, r-devel-linux-x86_64-debian-gcc
These binaries (installable software) and packages are in development.
They may not be fully stable and should be used with caution. We make no claims about them.
Health stats visible at Monitor.