Last updated on 2024-05-02 11:51:27 CEST.
Flavor | Version | Tinstall | Tcheck | Ttotal | Status | Flags |
---|---|---|---|---|---|---|
r-devel-linux-x86_64-debian-clang | 3.16.0 | 67.33 | 322.77 | 390.10 | NOTE | |
r-devel-linux-x86_64-debian-gcc | 3.16.0 | 48.29 | 224.54 | 272.83 | NOTE | |
r-devel-linux-x86_64-fedora-clang | 3.16.0 | 481.08 | NOTE | |||
r-devel-linux-x86_64-fedora-gcc | 3.16.0 | 449.76 | NOTE | |||
r-devel-windows-x86_64 | 3.16.0 | 52.00 | 295.00 | 347.00 | NOTE | |
r-patched-linux-x86_64 | 3.16.0 | 58.41 | 293.42 | 351.83 | NOTE | |
r-release-linux-x86_64 | 3.16.0 | 51.91 | 301.90 | 353.81 | NOTE | |
r-release-macos-arm64 | 3.16.0 | 118.00 | NOTE | |||
r-release-windows-x86_64 | 3.16.0 | 52.00 | 290.00 | 342.00 | NOTE | |
r-oldrel-macos-arm64 | 3.16.0 | 90.00 | OK | |||
r-oldrel-macos-x86_64 | 3.16.0 | 164.00 | OK | |||
r-oldrel-windows-x86_64 | 3.16.0 | 69.00 | 383.00 | 452.00 | OK |
Version: 3.16.0
Check: Rd files
Result: NOTE
checkRd: (-1) ampute.Rd:143: Lost braces
143 | we refer to \doi{10.1177/0049124118799376}{Schouten and Vink, 2018}.
| ^
checkRd: (-1) ampute.Rd:188: Lost braces
188 | \doi{10.1080/00949655.2018.1491577}{Schouten, Lugtig and Vink, 2018}.
| ^
checkRd: (-1) ampute.Rd:223: Lost braces
223 | Schouten, R.M. and Vink, G. (2018){The Dance of the Mechanisms: How Observed Information Influences the Validity of Missingness Assumptions}.
| ^
checkRd: (-1) mice.Rd:348: Lost braces; missing escapes or markup?
348 | The \pkg{mice} software was published in the {Journal of Statistical Software} (Van Buuren and Groothuis-Oudshoorn, 2011). \doi{10.18637/jss.v045.i03}
| ^
checkRd: (-1) mice.impute.pmm.Rd:87: Lost braces; missing escapes or markup?
87 | \item{Construct \eqn{n_0} sets \eqn{Z_j}, each containing \eqn{d} candidate donors, from Y_{obs} such that \eqn{\sum_d\dot\eta(i,j)} is minimum for all \eqn{j=1,\dots,n_0}. Break ties randomly.}
| ^
Flavors: r-devel-linux-x86_64-debian-clang, r-devel-linux-x86_64-debian-gcc, r-devel-linux-x86_64-fedora-clang, r-devel-linux-x86_64-fedora-gcc, r-devel-windows-x86_64, r-patched-linux-x86_64, r-release-linux-x86_64, r-release-macos-arm64, r-release-windows-x86_64
These binaries (installable software) and packages are in development.
They may not be fully stable and should be used with caution. We make no claims about them.
Health stats visible at Monitor.