CRAN Package Check Results for Package micEconCES

Last updated on 2025-05-18 00:49:31 CEST.

Flavor Version Tinstall Tcheck Ttotal Status Flags
r-devel-linux-x86_64-debian-clang 1.0-2 14.31 102.98 117.29 NOTE
r-devel-linux-x86_64-debian-gcc 1.0-2 9.90 70.03 79.93 NOTE
r-devel-linux-x86_64-fedora-clang 1.0-2 179.74 OK
r-devel-linux-x86_64-fedora-gcc 1.0-2 179.55 OK
r-devel-windows-x86_64 1.0-2 16.00 107.00 123.00 OK --no-vignettes
r-patched-linux-x86_64 1.0-2 12.58 93.38 105.96 OK
r-release-linux-x86_64 1.0-2 13.11 94.85 107.96 OK
r-release-macos-arm64 1.0-2 49.00 OK
r-release-macos-x86_64 1.0-2 113.00 OK
r-release-windows-x86_64 1.0-2 16.00 132.00 148.00 OK --no-vignettes
r-oldrel-macos-arm64 1.0-2 49.00 OK
r-oldrel-macos-x86_64 1.0-2 69.00 OK
r-oldrel-windows-x86_64 1.0-2 19.00 131.00 150.00 OK --no-vignettes

Check Details

Version: 1.0-2
Check: CRAN incoming feasibility
Result: NOTE Maintainer: ‘Arne Henningsen <arne.henningsen@gmail.com>’ No Authors@R field in DESCRIPTION. Please add one, modifying Authors@R: c(person(given = "Arne", family = "Henningsen", role = c("aut", "cre"), email = "arne.henningsen@gmail.com"), person(given = "Geraldine", family = "Henningsen", role = "aut")) as necessary. Package CITATION file contains call(s) to old-style personList() or as.personList(). Please use c() on person objects instead. Package CITATION file contains call(s) to old-style citEntry(). Please use bibentry() instead. The BugReports field in DESCRIPTION has https://github.com/micEcon/micEconCES which should likely be https://github.com/micEcon/micEconCES/issues instead. Flavors: r-devel-linux-x86_64-debian-clang, r-devel-linux-x86_64-debian-gcc

These binaries (installable software) and packages are in development.
They may not be fully stable and should be used with caution. We make no claims about them.
Health stats visible at Monitor.