Last updated on 2025-10-09 23:51:18 CEST.
Flavor | Version | Tinstall | Tcheck | Ttotal | Status | Flags |
---|---|---|---|---|---|---|
r-devel-linux-x86_64-debian-clang | 1.3.4 | 12.59 | 115.22 | 127.81 | ERROR | |
r-devel-linux-x86_64-debian-gcc | 1.3.4 | 9.36 | 82.00 | 91.36 | ERROR | |
r-devel-linux-x86_64-fedora-clang | 1.3.4 | 202.91 | ERROR | |||
r-devel-linux-x86_64-fedora-gcc | 1.3.4 | 186.86 | ERROR | |||
r-devel-windows-x86_64 | 1.3.4 | 16.00 | 130.00 | 146.00 | ERROR | |
r-patched-linux-x86_64 | 1.3.4 | 13.31 | 109.77 | 123.08 | ERROR | |
r-release-linux-x86_64 | 1.3.4 | 10.89 | 110.71 | 121.60 | ERROR | |
r-release-macos-arm64 | 1.3.4 | 52.00 | OK | |||
r-release-macos-x86_64 | 1.3.4 | 96.00 | OK | |||
r-release-windows-x86_64 | 1.3.4 | 16.00 | 127.00 | 143.00 | ERROR | |
r-oldrel-macos-arm64 | 1.3.4 | 54.00 | OK | |||
r-oldrel-macos-x86_64 | 1.3.4 | 99.00 | OK | |||
r-oldrel-windows-x86_64 | 1.3.4 | 21.00 | 159.00 | 180.00 | ERROR |
Version: 1.3.4
Check: tests
Result: ERROR
Running ‘testthat.R’ [34s/41s]
Running the tests in ‘tests/testthat.R’ failed.
Complete output:
> library(testthat)
> library(miRetrieve)
>
> test_check("miRetrieve")
[ FAIL 6 | WARN 15 | SKIP 0 | PASS 204 ]
══ Failed tests ════════════════════════════════════════════════════════════════
── Failure ('test-fitlda.R:35:5'): Tests that 'plot_lda_term' returns a plot ───
`plot_lda` has type 'object', not 'list'.
── Failure ('test-jointargets.R:69:5'): Tests that targets can be plotted ──────
typeof(plot_target) not equal to "list".
1/1 mismatches
x[1]: "object"
y[1]: "list"
── Failure ('test-plotscore.R:41:5'): Tests plotting scores ────────────────────
typeof(plot_animal) not equal to "list".
1/1 mismatches
x[1]: "object"
y[1]: "list"
── Failure ('test-plotscore.R:42:5'): Tests plotting scores ────────────────────
typeof(plot_patients) not equal to "list".
1/1 mismatches
x[1]: "object"
y[1]: "list"
── Failure ('test-plotscore.R:43:5'): Tests plotting scores ────────────────────
typeof(plot_biomarker) not equal to "list".
1/1 mismatches
x[1]: "object"
y[1]: "list"
── Failure ('test-plotscore.R:44:5'): Tests plotting scores ────────────────────
typeof(plot_own) not equal to "list".
1/1 mismatches
x[1]: "object"
y[1]: "list"
[ FAIL 6 | WARN 15 | SKIP 0 | PASS 204 ]
Error: Test failures
Execution halted
Flavor: r-devel-linux-x86_64-debian-clang
Version: 1.3.4
Check: tests
Result: ERROR
Running ‘testthat.R’ [23s/27s]
Running the tests in ‘tests/testthat.R’ failed.
Complete output:
> library(testthat)
> library(miRetrieve)
>
> test_check("miRetrieve")
[ FAIL 6 | WARN 15 | SKIP 0 | PASS 204 ]
══ Failed tests ════════════════════════════════════════════════════════════════
── Failure ('test-fitlda.R:35:5'): Tests that 'plot_lda_term' returns a plot ───
`plot_lda` has type 'object', not 'list'.
── Failure ('test-jointargets.R:69:5'): Tests that targets can be plotted ──────
typeof(plot_target) not equal to "list".
1/1 mismatches
x[1]: "object"
y[1]: "list"
── Failure ('test-plotscore.R:41:5'): Tests plotting scores ────────────────────
typeof(plot_animal) not equal to "list".
1/1 mismatches
x[1]: "object"
y[1]: "list"
── Failure ('test-plotscore.R:42:5'): Tests plotting scores ────────────────────
typeof(plot_patients) not equal to "list".
1/1 mismatches
x[1]: "object"
y[1]: "list"
── Failure ('test-plotscore.R:43:5'): Tests plotting scores ────────────────────
typeof(plot_biomarker) not equal to "list".
1/1 mismatches
x[1]: "object"
y[1]: "list"
── Failure ('test-plotscore.R:44:5'): Tests plotting scores ────────────────────
typeof(plot_own) not equal to "list".
1/1 mismatches
x[1]: "object"
y[1]: "list"
[ FAIL 6 | WARN 15 | SKIP 0 | PASS 204 ]
Error: Test failures
Execution halted
Flavor: r-devel-linux-x86_64-debian-gcc
Version: 1.3.4
Check: tests
Result: ERROR
Running ‘testthat.R’ [59s/94s]
Running the tests in ‘tests/testthat.R’ failed.
Complete output:
> library(testthat)
> library(miRetrieve)
>
> test_check("miRetrieve")
[ FAIL 6 | WARN 15 | SKIP 0 | PASS 204 ]
══ Failed tests ════════════════════════════════════════════════════════════════
── Failure ('test-fitlda.R:35:5'): Tests that 'plot_lda_term' returns a plot ───
`plot_lda` has type 'object', not 'list'.
── Failure ('test-jointargets.R:69:5'): Tests that targets can be plotted ──────
typeof(plot_target) not equal to "list".
1/1 mismatches
x[1]: "object"
y[1]: "list"
── Failure ('test-plotscore.R:41:5'): Tests plotting scores ────────────────────
typeof(plot_animal) not equal to "list".
1/1 mismatches
x[1]: "object"
y[1]: "list"
── Failure ('test-plotscore.R:42:5'): Tests plotting scores ────────────────────
typeof(plot_patients) not equal to "list".
1/1 mismatches
x[1]: "object"
y[1]: "list"
── Failure ('test-plotscore.R:43:5'): Tests plotting scores ────────────────────
typeof(plot_biomarker) not equal to "list".
1/1 mismatches
x[1]: "object"
y[1]: "list"
── Failure ('test-plotscore.R:44:5'): Tests plotting scores ────────────────────
typeof(plot_own) not equal to "list".
1/1 mismatches
x[1]: "object"
y[1]: "list"
[ FAIL 6 | WARN 15 | SKIP 0 | PASS 204 ]
Error: Test failures
Execution halted
Flavor: r-devel-linux-x86_64-fedora-clang
Version: 1.3.4
Check: tests
Result: ERROR
Running ‘testthat.R’ [56s/73s]
Running the tests in ‘tests/testthat.R’ failed.
Complete output:
> library(testthat)
> library(miRetrieve)
>
> test_check("miRetrieve")
[ FAIL 6 | WARN 15 | SKIP 0 | PASS 204 ]
══ Failed tests ════════════════════════════════════════════════════════════════
── Failure ('test-fitlda.R:35:5'): Tests that 'plot_lda_term' returns a plot ───
`plot_lda` has type 'object', not 'list'.
── Failure ('test-jointargets.R:69:5'): Tests that targets can be plotted ──────
typeof(plot_target) not equal to "list".
1/1 mismatches
x[1]: "object"
y[1]: "list"
── Failure ('test-plotscore.R:41:5'): Tests plotting scores ────────────────────
typeof(plot_animal) not equal to "list".
1/1 mismatches
x[1]: "object"
y[1]: "list"
── Failure ('test-plotscore.R:42:5'): Tests plotting scores ────────────────────
typeof(plot_patients) not equal to "list".
1/1 mismatches
x[1]: "object"
y[1]: "list"
── Failure ('test-plotscore.R:43:5'): Tests plotting scores ────────────────────
typeof(plot_biomarker) not equal to "list".
1/1 mismatches
x[1]: "object"
y[1]: "list"
── Failure ('test-plotscore.R:44:5'): Tests plotting scores ────────────────────
typeof(plot_own) not equal to "list".
1/1 mismatches
x[1]: "object"
y[1]: "list"
[ FAIL 6 | WARN 15 | SKIP 0 | PASS 204 ]
Error: Test failures
Execution halted
Flavor: r-devel-linux-x86_64-fedora-gcc
Version: 1.3.4
Check: tests
Result: ERROR
Running 'testthat.R' [29s]
Running the tests in 'tests/testthat.R' failed.
Complete output:
> library(testthat)
> library(miRetrieve)
>
> test_check("miRetrieve")
[ FAIL 6 | WARN 15 | SKIP 0 | PASS 204 ]
══ Failed tests ════════════════════════════════════════════════════════════════
── Failure ('test-fitlda.R:35:5'): Tests that 'plot_lda_term' returns a plot ───
`plot_lda` has type 'object', not 'list'.
── Failure ('test-jointargets.R:69:5'): Tests that targets can be plotted ──────
typeof(plot_target) not equal to "list".
1/1 mismatches
x[1]: "object"
y[1]: "list"
── Failure ('test-plotscore.R:41:5'): Tests plotting scores ────────────────────
typeof(plot_animal) not equal to "list".
1/1 mismatches
x[1]: "object"
y[1]: "list"
── Failure ('test-plotscore.R:42:5'): Tests plotting scores ────────────────────
typeof(plot_patients) not equal to "list".
1/1 mismatches
x[1]: "object"
y[1]: "list"
── Failure ('test-plotscore.R:43:5'): Tests plotting scores ────────────────────
typeof(plot_biomarker) not equal to "list".
1/1 mismatches
x[1]: "object"
y[1]: "list"
── Failure ('test-plotscore.R:44:5'): Tests plotting scores ────────────────────
typeof(plot_own) not equal to "list".
1/1 mismatches
x[1]: "object"
y[1]: "list"
[ FAIL 6 | WARN 15 | SKIP 0 | PASS 204 ]
Error: Test failures
Execution halted
Flavor: r-devel-windows-x86_64
Version: 1.3.4
Check: tests
Result: ERROR
Running ‘testthat.R’ [34s/40s]
Running the tests in ‘tests/testthat.R’ failed.
Complete output:
> library(testthat)
> library(miRetrieve)
>
> test_check("miRetrieve")
[ FAIL 6 | WARN 15 | SKIP 0 | PASS 204 ]
══ Failed tests ════════════════════════════════════════════════════════════════
── Failure ('test-fitlda.R:35:5'): Tests that 'plot_lda_term' returns a plot ───
`plot_lda` has type 'object', not 'list'.
── Failure ('test-jointargets.R:69:5'): Tests that targets can be plotted ──────
typeof(plot_target) not equal to "list".
1/1 mismatches
x[1]: "object"
y[1]: "list"
── Failure ('test-plotscore.R:41:5'): Tests plotting scores ────────────────────
typeof(plot_animal) not equal to "list".
1/1 mismatches
x[1]: "object"
y[1]: "list"
── Failure ('test-plotscore.R:42:5'): Tests plotting scores ────────────────────
typeof(plot_patients) not equal to "list".
1/1 mismatches
x[1]: "object"
y[1]: "list"
── Failure ('test-plotscore.R:43:5'): Tests plotting scores ────────────────────
typeof(plot_biomarker) not equal to "list".
1/1 mismatches
x[1]: "object"
y[1]: "list"
── Failure ('test-plotscore.R:44:5'): Tests plotting scores ────────────────────
typeof(plot_own) not equal to "list".
1/1 mismatches
x[1]: "object"
y[1]: "list"
[ FAIL 6 | WARN 15 | SKIP 0 | PASS 204 ]
Error: Test failures
Execution halted
Flavor: r-patched-linux-x86_64
Version: 1.3.4
Check: tests
Result: ERROR
Running ‘testthat.R’ [34s/44s]
Running the tests in ‘tests/testthat.R’ failed.
Complete output:
> library(testthat)
> library(miRetrieve)
>
> test_check("miRetrieve")
[ FAIL 6 | WARN 15 | SKIP 0 | PASS 204 ]
══ Failed tests ════════════════════════════════════════════════════════════════
── Failure ('test-fitlda.R:35:5'): Tests that 'plot_lda_term' returns a plot ───
`plot_lda` has type 'object', not 'list'.
── Failure ('test-jointargets.R:69:5'): Tests that targets can be plotted ──────
typeof(plot_target) not equal to "list".
1/1 mismatches
x[1]: "object"
y[1]: "list"
── Failure ('test-plotscore.R:41:5'): Tests plotting scores ────────────────────
typeof(plot_animal) not equal to "list".
1/1 mismatches
x[1]: "object"
y[1]: "list"
── Failure ('test-plotscore.R:42:5'): Tests plotting scores ────────────────────
typeof(plot_patients) not equal to "list".
1/1 mismatches
x[1]: "object"
y[1]: "list"
── Failure ('test-plotscore.R:43:5'): Tests plotting scores ────────────────────
typeof(plot_biomarker) not equal to "list".
1/1 mismatches
x[1]: "object"
y[1]: "list"
── Failure ('test-plotscore.R:44:5'): Tests plotting scores ────────────────────
typeof(plot_own) not equal to "list".
1/1 mismatches
x[1]: "object"
y[1]: "list"
[ FAIL 6 | WARN 15 | SKIP 0 | PASS 204 ]
Error: Test failures
Execution halted
Flavor: r-release-linux-x86_64
Version: 1.3.4
Check: tests
Result: ERROR
Running 'testthat.R' [28s]
Running the tests in 'tests/testthat.R' failed.
Complete output:
> library(testthat)
> library(miRetrieve)
>
> test_check("miRetrieve")
[ FAIL 6 | WARN 15 | SKIP 0 | PASS 204 ]
══ Failed tests ════════════════════════════════════════════════════════════════
── Failure ('test-fitlda.R:35:5'): Tests that 'plot_lda_term' returns a plot ───
`plot_lda` has type 'object', not 'list'.
── Failure ('test-jointargets.R:69:5'): Tests that targets can be plotted ──────
typeof(plot_target) not equal to "list".
1/1 mismatches
x[1]: "object"
y[1]: "list"
── Failure ('test-plotscore.R:41:5'): Tests plotting scores ────────────────────
typeof(plot_animal) not equal to "list".
1/1 mismatches
x[1]: "object"
y[1]: "list"
── Failure ('test-plotscore.R:42:5'): Tests plotting scores ────────────────────
typeof(plot_patients) not equal to "list".
1/1 mismatches
x[1]: "object"
y[1]: "list"
── Failure ('test-plotscore.R:43:5'): Tests plotting scores ────────────────────
typeof(plot_biomarker) not equal to "list".
1/1 mismatches
x[1]: "object"
y[1]: "list"
── Failure ('test-plotscore.R:44:5'): Tests plotting scores ────────────────────
typeof(plot_own) not equal to "list".
1/1 mismatches
x[1]: "object"
y[1]: "list"
[ FAIL 6 | WARN 15 | SKIP 0 | PASS 204 ]
Error: Test failures
Execution halted
Flavor: r-release-windows-x86_64
Version: 1.3.4
Check: tests
Result: ERROR
Running 'testthat.R' [40s]
Running the tests in 'tests/testthat.R' failed.
Complete output:
> library(testthat)
> library(miRetrieve)
>
> test_check("miRetrieve")
[ FAIL 6 | WARN 15 | SKIP 0 | PASS 204 ]
══ Failed tests ════════════════════════════════════════════════════════════════
── Failure ('test-fitlda.R:35:5'): Tests that 'plot_lda_term' returns a plot ───
`plot_lda` has type 'object', not 'list'.
── Failure ('test-jointargets.R:69:5'): Tests that targets can be plotted ──────
typeof(plot_target) not equal to "list".
1/1 mismatches
x[1]: "object"
y[1]: "list"
── Failure ('test-plotscore.R:41:5'): Tests plotting scores ────────────────────
typeof(plot_animal) not equal to "list".
1/1 mismatches
x[1]: "object"
y[1]: "list"
── Failure ('test-plotscore.R:42:5'): Tests plotting scores ────────────────────
typeof(plot_patients) not equal to "list".
1/1 mismatches
x[1]: "object"
y[1]: "list"
── Failure ('test-plotscore.R:43:5'): Tests plotting scores ────────────────────
typeof(plot_biomarker) not equal to "list".
1/1 mismatches
x[1]: "object"
y[1]: "list"
── Failure ('test-plotscore.R:44:5'): Tests plotting scores ────────────────────
typeof(plot_own) not equal to "list".
1/1 mismatches
x[1]: "object"
y[1]: "list"
[ FAIL 6 | WARN 15 | SKIP 0 | PASS 204 ]
Error: Test failures
Execution halted
Flavor: r-oldrel-windows-x86_64
These binaries (installable software) and packages are in development.
They may not be fully stable and should be used with caution. We make no claims about them.
Health stats visible at Monitor.